{"id":450,"date":"2024-09-17T18:44:20","date_gmt":"2024-09-17T21:44:20","guid":{"rendered":"https:\/\/redeicm.org.br\/stellamaris\/?page_id=450"},"modified":"2025-08-25T10:06:54","modified_gmt":"2025-08-25T13:06:54","slug":"uniformes","status":"publish","type":"page","link":"https:\/\/redeicm.org.br\/stellamaris\/uniformes\/","title":{"rendered":"Uniformes"},"content":{"rendered":"\t\t<div data-elementor-type=\"wp-page\" data-elementor-id=\"450\" class=\"elementor elementor-450\" data-elementor-post-type=\"page\">\n\t\t\t\t<div class=\"elementor-element elementor-element-444aba7 e-flex e-con-boxed e-con e-parent\" data-id=\"444aba7\" data-element_type=\"container\" data-e-type=\"container\" data-settings=\"{&quot;background_background&quot;:&quot;classic&quot;}\">\n\t\t\t\t\t<div class=\"e-con-inner\">\n\t\t\t\t<div class=\"elementor-element elementor-element-6a67da3 elementor-widget elementor-widget-heading\" data-id=\"6a67da3\" data-element_type=\"widget\" data-e-type=\"widget\" data-widget_type=\"heading.default\">\n\t\t\t\t<div class=\"elementor-widget-container\">\n\t\t\t\t\t<h1 class=\"elementor-heading-title elementor-size-default\">UNIFORMES\n<\/h1>\t\t\t\t<\/div>\n\t\t\t\t<\/div>\n\t\t\t\t\t<\/div>\n\t\t\t\t<\/div>\n\t\t<div class=\"elementor-element elementor-element-939b167 e-con-full e-flex e-con e-parent\" data-id=\"939b167\" data-element_type=\"container\" data-e-type=\"container\">\n\t\t<div class=\"elementor-element elementor-element-3eae22d e-flex e-con-boxed e-con e-child\" data-id=\"3eae22d\" data-element_type=\"container\" data-e-type=\"container\">\n\t\t\t\t\t<div class=\"e-con-inner\">\n\t\t\t\t<div class=\"elementor-element elementor-element-0990ad4 elementor-invisible elementor-widget elementor-widget-text-editor\" data-id=\"0990ad4\" data-element_type=\"widget\" data-e-type=\"widget\" data-settings=\"{&quot;_animation&quot;:&quot;fadeInUp&quot;}\" data-widget_type=\"text-editor.default\">\n\t\t\t\t<div class=\"elementor-widget-container\">\n\t\t\t\t\t\t\t\t\t<h4><strong>Lojas Autorizadas:<\/strong><\/h4><div><strong data-ogsc=\"rgb(51, 51, 51)\" data-olk-copy-source=\"MessageBody\">CHIES UNIFORMES<\/strong><\/div><div><span data-ogsc=\"rgb(51, 51, 51)\">Endere\u00e7o<\/span><b data-ogsc=\"rgb(51, 51, 51)\">:\u00a0<\/b><span data-ogsc=\"rgb(51, 51, 51)\">Rua\u00a0\u00a0Dr. Luiz Bastos do Prado, 2165 \u2013 Centro, Gravata\u00ed \u2013 RS<\/span><\/div><div><span data-ogsc=\"rgb(51, 51, 51)\">Telefone:\u00a0<\/span><span data-ogsc=\"rgb(51, 51, 51)\">(51) 3042-3086<\/span><br \/><span data-ogsc=\"rgb(51, 51, 51)\">Hor\u00e1rio de atendimento:\u00a0<\/span>De segunda a quinta-feira, das 8h \u00e0s 18h e sexta-feira, das 8h \u00e0s 17h.<\/div><div><span data-ogsc=\"rgb(51, 51, 51)\">\u00a0<\/span><\/div><div><p data-ogsc=\"rgb(51, 51, 51)\"><strong data-ogsc=\"\">LEGADO<\/strong><br \/>Endere\u00e7o: R. Cresc\u00eancio de Andrade, 164 \u2013 Centro, Viam\u00e3o \u2013 RS.<br \/>Telefone: (51) 98634-7192<br \/>Hor\u00e1rio de atendimento: De segunda a sexta-feira, das 9h \u00e0s 18h30min.<\/p><\/div>\t\t\t\t\t\t\t\t<\/div>\n\t\t\t\t<\/div>\n\t\t\t\t\t<\/div>\n\t\t\t\t<\/div>\n\t\t\t\t<\/div>\n\t\t\t\t<\/div>\n\t\t","protected":false},"excerpt":{"rendered":"<p>UNIFORMES Lojas Autorizadas: CHIES UNIFORMESEndere\u00e7o:\u00a0Rua\u00a0\u00a0Dr. Luiz Bastos do Prado, 2165 \u2013 Centro, Gravata\u00ed \u2013 RSTelefone:\u00a0(51) 3042-3086Hor\u00e1rio de atendimento:\u00a0De segunda a quinta-feira, das 8h \u00e0s 18h e sexta-feira, das 8h \u00e0s 17h.\u00a0 LEGADOEndere\u00e7o: R. Cresc\u00eancio de Andrade, 164 \u2013 Centro, Viam\u00e3o \u2013 RS.Telefone: (51) 98634-7192Hor\u00e1rio de atendimento: De segunda a sexta-feira, das 9h \u00e0s 18h30min.<\/p>\n","protected":false},"author":1,"featured_media":0,"parent":0,"menu_order":0,"comment_status":"closed","ping_status":"closed","template":"","meta":{"_acf_changed":false,"footnotes":""},"class_list":["post-450","page","type-page","status-publish","hentry"],"acf":[],"yoast_head":"<!-- This site is optimized with the Yoast SEO plugin v26.3 - https:\/\/yoast.com\/wordpress\/plugins\/seo\/ -->\n<title>Uniformes - Col\u00e9gio Stella Maris | Rede ICM de educa\u00e7\u00e3o<\/title>\n<meta name=\"robots\" content=\"index, follow, max-snippet:-1, max-image-preview:large, max-video-preview:-1\" \/>\n<link rel=\"canonical\" href=\"https:\/\/redeicm.org.br\/stellamaris\/uniformes\/\" \/>\n<meta property=\"og:locale\" content=\"pt_BR\" \/>\n<meta property=\"og:type\" content=\"article\" \/>\n<meta property=\"og:title\" content=\"Uniformes - Col\u00e9gio Stella Maris | Rede ICM de educa\u00e7\u00e3o\" \/>\n<meta property=\"og:description\" content=\"UNIFORMES Lojas Autorizadas: CHIES UNIFORMESEndere\u00e7o:\u00a0Rua\u00a0\u00a0Dr. Luiz Bastos do Prado, 2165 \u2013 Centro, Gravata\u00ed \u2013 RSTelefone:\u00a0(51) 3042-3086Hor\u00e1rio de atendimento:\u00a0De segunda a quinta-feira, das 8h \u00e0s 18h e sexta-feira, das 8h \u00e0s 17h.\u00a0 LEGADOEndere\u00e7o: R. Cresc\u00eancio de Andrade, 164 \u2013 Centro, Viam\u00e3o \u2013 RS.Telefone: (51) 98634-7192Hor\u00e1rio de atendimento: De segunda a sexta-feira, das 9h \u00e0s 18h30min.\" \/>\n<meta property=\"og:url\" content=\"https:\/\/redeicm.org.br\/stellamaris\/uniformes\/\" \/>\n<meta property=\"og:site_name\" content=\"Col\u00e9gio Stella Maris | Rede ICM de educa\u00e7\u00e3o\" \/>\n<meta property=\"article:modified_time\" content=\"2025-08-25T13:06:54+00:00\" \/>\n<meta name=\"twitter:card\" content=\"summary_large_image\" \/>\n<meta name=\"twitter:label1\" content=\"Est. tempo de leitura\" \/>\n\t<meta name=\"twitter:data1\" content=\"1 minuto\" \/>\n<script type=\"application\/ld+json\" class=\"yoast-schema-graph\">{\"@context\":\"https:\/\/schema.org\",\"@graph\":[{\"@type\":\"WebPage\",\"@id\":\"https:\/\/redeicm.org.br\/stellamaris\/uniformes\/\",\"url\":\"https:\/\/redeicm.org.br\/stellamaris\/uniformes\/\",\"name\":\"Uniformes - Col\u00e9gio Stella Maris | Rede ICM de educa\u00e7\u00e3o\",\"isPartOf\":{\"@id\":\"https:\/\/redeicm.org.br\/stellamaris\/#website\"},\"datePublished\":\"2024-09-17T21:44:20+00:00\",\"dateModified\":\"2025-08-25T13:06:54+00:00\",\"breadcrumb\":{\"@id\":\"https:\/\/redeicm.org.br\/stellamaris\/uniformes\/#breadcrumb\"},\"inLanguage\":\"pt-BR\",\"potentialAction\":[{\"@type\":\"ReadAction\",\"target\":[\"https:\/\/redeicm.org.br\/stellamaris\/uniformes\/\"]}]},{\"@type\":\"BreadcrumbList\",\"@id\":\"https:\/\/redeicm.org.br\/stellamaris\/uniformes\/#breadcrumb\",\"itemListElement\":[{\"@type\":\"ListItem\",\"position\":1,\"name\":\"In\u00edcio\",\"item\":\"https:\/\/redeicm.org.br\/stellamaris\/\"},{\"@type\":\"ListItem\",\"position\":2,\"name\":\"Uniformes\"}]},{\"@type\":\"WebSite\",\"@id\":\"https:\/\/redeicm.org.br\/stellamaris\/#website\",\"url\":\"https:\/\/redeicm.org.br\/stellamaris\/\",\"name\":\"Col\u00e9gio Stella Maris | Rede ICM de educa\u00e7\u00e3o\",\"description\":\"\",\"publisher\":{\"@id\":\"https:\/\/redeicm.org.br\/stellamaris\/#organization\"},\"potentialAction\":[{\"@type\":\"SearchAction\",\"target\":{\"@type\":\"EntryPoint\",\"urlTemplate\":\"https:\/\/redeicm.org.br\/stellamaris\/?s={search_term_string}\"},\"query-input\":{\"@type\":\"PropertyValueSpecification\",\"valueRequired\":true,\"valueName\":\"search_term_string\"}}],\"inLanguage\":\"pt-BR\"},{\"@type\":\"Organization\",\"@id\":\"https:\/\/redeicm.org.br\/stellamaris\/#organization\",\"name\":\"Col\u00e9gio Stella Maris | Rede ICM de educa\u00e7\u00e3o\",\"url\":\"https:\/\/redeicm.org.br\/stellamaris\/\",\"logo\":{\"@type\":\"ImageObject\",\"inLanguage\":\"pt-BR\",\"@id\":\"https:\/\/redeicm.org.br\/stellamaris\/#\/schema\/logo\/image\/\",\"url\":\"https:\/\/redeicm.org.br\/stellamaris\/wp-content\/uploads\/sites\/23\/2024\/08\/logo-icm-educacao-stella-maris-preferencial-cores.webp\",\"contentUrl\":\"https:\/\/redeicm.org.br\/stellamaris\/wp-content\/uploads\/sites\/23\/2024\/08\/logo-icm-educacao-stella-maris-preferencial-cores.webp\",\"width\":493,\"height\":185,\"caption\":\"Col\u00e9gio Stella Maris | Rede ICM de educa\u00e7\u00e3o\"},\"image\":{\"@id\":\"https:\/\/redeicm.org.br\/stellamaris\/#\/schema\/logo\/image\/\"}}]}<\/script>\n<!-- \/ Yoast SEO plugin. -->","yoast_head_json":{"title":"Uniformes - Col\u00e9gio Stella Maris | Rede ICM de educa\u00e7\u00e3o","robots":{"index":"index","follow":"follow","max-snippet":"max-snippet:-1","max-image-preview":"max-image-preview:large","max-video-preview":"max-video-preview:-1"},"canonical":"https:\/\/redeicm.org.br\/stellamaris\/uniformes\/","og_locale":"pt_BR","og_type":"article","og_title":"Uniformes - Col\u00e9gio Stella Maris | Rede ICM de educa\u00e7\u00e3o","og_description":"UNIFORMES Lojas Autorizadas: CHIES UNIFORMESEndere\u00e7o:\u00a0Rua\u00a0\u00a0Dr. Luiz Bastos do Prado, 2165 \u2013 Centro, Gravata\u00ed \u2013 RSTelefone:\u00a0(51) 3042-3086Hor\u00e1rio de atendimento:\u00a0De segunda a quinta-feira, das 8h \u00e0s 18h e sexta-feira, das 8h \u00e0s 17h.\u00a0 LEGADOEndere\u00e7o: R. Cresc\u00eancio de Andrade, 164 \u2013 Centro, Viam\u00e3o \u2013 RS.Telefone: (51) 98634-7192Hor\u00e1rio de atendimento: De segunda a sexta-feira, das 9h \u00e0s 18h30min.","og_url":"https:\/\/redeicm.org.br\/stellamaris\/uniformes\/","og_site_name":"Col\u00e9gio Stella Maris | Rede ICM de educa\u00e7\u00e3o","article_modified_time":"2025-08-25T13:06:54+00:00","twitter_card":"summary_large_image","twitter_misc":{"Est. tempo de leitura":"1 minuto"},"schema":{"@context":"https:\/\/schema.org","@graph":[{"@type":"WebPage","@id":"https:\/\/redeicm.org.br\/stellamaris\/uniformes\/","url":"https:\/\/redeicm.org.br\/stellamaris\/uniformes\/","name":"Uniformes - Col\u00e9gio Stella Maris | Rede ICM de educa\u00e7\u00e3o","isPartOf":{"@id":"https:\/\/redeicm.org.br\/stellamaris\/#website"},"datePublished":"2024-09-17T21:44:20+00:00","dateModified":"2025-08-25T13:06:54+00:00","breadcrumb":{"@id":"https:\/\/redeicm.org.br\/stellamaris\/uniformes\/#breadcrumb"},"inLanguage":"pt-BR","potentialAction":[{"@type":"ReadAction","target":["https:\/\/redeicm.org.br\/stellamaris\/uniformes\/"]}]},{"@type":"BreadcrumbList","@id":"https:\/\/redeicm.org.br\/stellamaris\/uniformes\/#breadcrumb","itemListElement":[{"@type":"ListItem","position":1,"name":"In\u00edcio","item":"https:\/\/redeicm.org.br\/stellamaris\/"},{"@type":"ListItem","position":2,"name":"Uniformes"}]},{"@type":"WebSite","@id":"https:\/\/redeicm.org.br\/stellamaris\/#website","url":"https:\/\/redeicm.org.br\/stellamaris\/","name":"Col\u00e9gio Stella Maris | Rede ICM de educa\u00e7\u00e3o","description":"","publisher":{"@id":"https:\/\/redeicm.org.br\/stellamaris\/#organization"},"potentialAction":[{"@type":"SearchAction","target":{"@type":"EntryPoint","urlTemplate":"https:\/\/redeicm.org.br\/stellamaris\/?s={search_term_string}"},"query-input":{"@type":"PropertyValueSpecification","valueRequired":true,"valueName":"search_term_string"}}],"inLanguage":"pt-BR"},{"@type":"Organization","@id":"https:\/\/redeicm.org.br\/stellamaris\/#organization","name":"Col\u00e9gio Stella Maris | Rede ICM de educa\u00e7\u00e3o","url":"https:\/\/redeicm.org.br\/stellamaris\/","logo":{"@type":"ImageObject","inLanguage":"pt-BR","@id":"https:\/\/redeicm.org.br\/stellamaris\/#\/schema\/logo\/image\/","url":"https:\/\/redeicm.org.br\/stellamaris\/wp-content\/uploads\/sites\/23\/2024\/08\/logo-icm-educacao-stella-maris-preferencial-cores.webp","contentUrl":"https:\/\/redeicm.org.br\/stellamaris\/wp-content\/uploads\/sites\/23\/2024\/08\/logo-icm-educacao-stella-maris-preferencial-cores.webp","width":493,"height":185,"caption":"Col\u00e9gio Stella Maris | Rede ICM de educa\u00e7\u00e3o"},"image":{"@id":"https:\/\/redeicm.org.br\/stellamaris\/#\/schema\/logo\/image\/"}}]}},"_links":{"self":[{"href":"https:\/\/redeicm.org.br\/stellamaris\/wp-json\/wp\/v2\/pages\/450","targetHints":{"allow":["GET"]}}],"collection":[{"href":"https:\/\/redeicm.org.br\/stellamaris\/wp-json\/wp\/v2\/pages"}],"about":[{"href":"https:\/\/redeicm.org.br\/stellamaris\/wp-json\/wp\/v2\/types\/page"}],"author":[{"embeddable":true,"href":"https:\/\/redeicm.org.br\/stellamaris\/wp-json\/wp\/v2\/users\/1"}],"replies":[{"embeddable":true,"href":"https:\/\/redeicm.org.br\/stellamaris\/wp-json\/wp\/v2\/comments?post=450"}],"version-history":[{"count":10,"href":"https:\/\/redeicm.org.br\/stellamaris\/wp-json\/wp\/v2\/pages\/450\/revisions"}],"predecessor-version":[{"id":1312,"href":"https:\/\/redeicm.org.br\/stellamaris\/wp-json\/wp\/v2\/pages\/450\/revisions\/1312"}],"wp:attachment":[{"href":"https:\/\/redeicm.org.br\/stellamaris\/wp-json\/wp\/v2\/media?parent=450"}],"curies":[{"name":"wp","href":"https:\/\/api.w.org\/{rel}","templated":true}]}}