{"id":285,"date":"2024-09-09T15:46:08","date_gmt":"2024-09-09T18:46:08","guid":{"rendered":"https:\/\/redeicm.org.br\/saobenedito\/?page_id=285"},"modified":"2025-08-19T11:19:44","modified_gmt":"2025-08-19T14:19:44","slug":"rede-icm","status":"publish","type":"page","link":"https:\/\/redeicm.org.br\/saobenedito\/rede-icm\/","title":{"rendered":"Rede ICM"},"content":{"rendered":"\t\t<div data-elementor-type=\"wp-page\" data-elementor-id=\"285\" class=\"elementor elementor-285\" data-elementor-post-type=\"page\">\n\t\t\t\t<div class=\"elementor-element elementor-element-2f976fb e-flex e-con-boxed e-con e-parent\" data-id=\"2f976fb\" data-element_type=\"container\" data-e-type=\"container\" data-settings=\"{&quot;background_background&quot;:&quot;classic&quot;}\">\n\t\t\t\t\t<div class=\"e-con-inner\">\n\t\t\t\t<div class=\"elementor-element elementor-element-c850eb9 elementor-widget elementor-widget-heading\" data-id=\"c850eb9\" data-element_type=\"widget\" data-e-type=\"widget\" data-widget_type=\"heading.default\">\n\t\t\t\t<div class=\"elementor-widget-container\">\n\t\t\t\t\t<h1 class=\"elementor-heading-title elementor-size-default\">Rede ICM<\/h1>\t\t\t\t<\/div>\n\t\t\t\t<\/div>\n\t\t\t\t\t<\/div>\n\t\t\t\t<\/div>\n\t\t<div class=\"elementor-element elementor-element-cc192c5 e-con-full e-flex e-con e-parent\" data-id=\"cc192c5\" data-element_type=\"container\" data-e-type=\"container\">\n\t\t<div class=\"elementor-element elementor-element-05a615c e-flex e-con-boxed e-con e-child\" data-id=\"05a615c\" data-element_type=\"container\" data-e-type=\"container\">\n\t\t\t\t\t<div class=\"e-con-inner\">\n\t\t\t\t<div class=\"elementor-element elementor-element-b53d32f elementor-invisible elementor-widget elementor-widget-text-editor\" data-id=\"b53d32f\" data-element_type=\"widget\" data-e-type=\"widget\" data-settings=\"{&quot;_animation&quot;:&quot;fadeInUp&quot;}\" data-widget_type=\"text-editor.default\">\n\t\t\t\t<div class=\"elementor-widget-container\">\n\t\t\t\t\t\t\t\t\t<p>A ESCOLA DE ENSINO FUNDAMENTAL S\u00c3O BENEDITO, foi fundada no dia 01 de setembro de 1909, Intitulada \u201cORFANATO S\u00c3O BENEDITO\u201d por Luciana Lealdina de Ara\u00fajo, natural de Porto Alegre com a finalidade de amparar as crian\u00e7as desvalidas, especialmente da orfandade necessitada. Durante sua hist\u00f3ria o \u201cS\u00e3o Benedito\u201d sofreu v\u00e1rias mudan\u00e7as de finalidade. Foi Obra Social e Escola at\u00e9 o ano de 2009. A partir de 2010 encara novos desafios. Deixa de ser Obra social e passa ser Escola com turno integral, hoje extracurricular.<\/p><p>Ficou a Institui\u00e7\u00e3o diretamente ligada \u00e0 Par\u00f3quia de S\u00e3o Sebasti\u00e3o, sob a dire\u00e7\u00e3o do Vig\u00e1rio C\u00f4nego Constabile Hippolito, no que dizia respeito \u00e0 parte material do edif\u00edcio e seus pertences, e a fiscaliza\u00e7\u00e3o e dire\u00e7\u00e3o interna sob a vigil\u00e2ncia de sua fundadora. Por\u00e9m em 1913, o ent\u00e3o vig\u00e1rio, resolveu entregar a Dire\u00e7\u00e3o do Orfanato a uma associa\u00e7\u00e3o Religiosa, escreveu a\u00a0 Superiora Geral de nossa Congrega\u00e7\u00e3o pedindo algumas religiosas. A Madre Maria Margarida de S\u00e3o Jos\u00e9, Superiora Geral n\u00e3o atendeu esse pedido, prometendo faz\u00ea-lo em ocasi\u00e3o mais prop\u00edcia, pois n\u00e3o dispunha de pessoal necess\u00e1rio. Mais tarde com a elei\u00e7\u00e3o da nova Superiora Geral, Madre Maria Ines de S\u00e3o Luiz, continuaram as insist\u00eancias, n\u00e3o s\u00f3 do Vig\u00e1rio como tamb\u00e9m de Dom Francisco de Campos Barreto, Bispo de Pelotas, j\u00e1 que Bag\u00e9 pertencia a Comarca de Pelotas. A Madre Geral, em considera\u00e7\u00e3o a tais pedidos, de acordo com as madres conselheiras, concordou em mandar algumas irm\u00e3s, com o fim de tomarem conta deste Orfanato.<\/p><p>Em julho de 1919, foram nomeadas para assumir este Orfanato as seguintes Irm\u00e3s: Madre Maria Eufr\u00e1sia do Sant\u00edssimo Nome de Jesus, na qualidade de Superiora; Irm\u00e3 Maria Brigida de Nossa Senhora do Carmo, Irm\u00e3 Maria Augusta\u00a0 de Santo In\u00e1cio e Irm\u00e3 Maria Hermana de S\u00e3o Jos\u00e9. Em Porto Alegre se reuniram as 4 Irm\u00e3s, tomaram o vapor para Pelotas, da\u00ed partiram, a 26 de julho, com destino a esta cidade de Bag\u00e9. A chegada do trem, havia muitas pessoas amigas do orfanato, a espera das Irm\u00e3s, inclusive o vig\u00e1rio Constabile Hip\u00f3lito e o Diretor do Col\u00e9gio Auxiliadora Pe. Francisco Gayotto Salesiano.<\/p><p>O Orfanato passava por muitas dificuldades financeiras, as damas de caridade faziam\u00a0 doa\u00e7\u00f5es e se empenhavam para ajudar as Irm\u00e3s,\u00a0 tamb\u00e9m o Vig\u00e1rio fez doa\u00e7\u00e3o de uma cust\u00f3dia para as solenes exposi\u00e7\u00f5es do Sant\u00edssimo Sacramento bem como uma linda imagem do Sagrado Cora\u00e7\u00e3o de Jesus que ainda \u00e9 conservada na capela.\u00a0 S\u00e3o destacadas nesta \u00e9poca as duas grandes benfeitoras do Orfanato: Anna Doroth\u00e9ia Gaffr\u00e9e e a Sra. Francisca Torrescasana.\u00a0 A senhora D. Anna Doroth\u00e9a Gaffr\u00e9e fez um importante donativo para suas protegidas e para que o pr\u00e9dio fosse melhorado ou ampliado. Ouvido o parecer da Madre Diretora, foi adquirido por compra, os dois pr\u00e9dios e respectivos terrenos entre o orfanato e a rua Maurity. Ficou resolvido conforme a ilustre doadora, que o pr\u00e9dio mais novo funcionaria um externato para meninas.<\/p><p>No ano de 1920, a partir do segundo semestre o orfanato come\u00e7ou a ser subsidiado pelo Estado e pelo Munic\u00edpio. No ano de 1921 foi formada uma sociedade que se orientava conforme os estatutos do Orfanato, intitulada de \u201cSociedade Cooperadora do Orfanato S\u00e3o Benedito\u201d.<\/p><p>Em mar\u00e7o ano de 1943, foi recebida a primeira candidata a vida Religiosa a menina Diva Lisboa.<\/p><p>No ano de 1945, Dom Ant\u00f4nio Zattera, tencionava eliminar as meninas e internar somente os meninos e retirar as Irm\u00e3s do Imaculado Cora\u00e7\u00e3o de Maria e em substitui\u00e7\u00e3o viriam as Irm\u00e3s da Ordem S\u00e3o Carlos, tomar conta dos meninos, visto nossa Congrega\u00e7\u00e3o n\u00e3o abranger em rela\u00e7\u00e3o ao cuidado exclusivo de meninos. O povo de Bag\u00e9 por\u00e9m op\u00f4s-se protestando ser uma injusti\u00e7a sa\u00edrem as Irm\u00e3s do Cora\u00e7\u00e3o de Maria, depois de terem trabalhado tanto e que as meninas n\u00e3o poderiam ficar desamparadas. Passado alguns meses Dom Ant\u00f4nio Zattera, visita este Orfanato e comunica-lhe que resolveu deixar como antes e comprar as casas ao lado para reform\u00e1-las e instalar a sess\u00e3o dos meninos, ficando assim duas sess\u00f5es: a de meninos e de meninas, a exemplo de outras casas cong\u00eaneres em nossa Congrega\u00e7\u00e3o. Em novembro de 1947 foi extinta a sess\u00e3o dos meninos pelo Dom Ant\u00f4nio Zattera, Bispo Diocesano.<\/p><p>No ano de 1948, foi extinta a Diretoria, a demiss\u00e3o se deu em consequ\u00eancia de cont\u00ednuos desentendimentos, que se intensificaram sempre mais devido \u00e0 usurpa\u00e7\u00e3o dos limitados direitos que cabem somente ao regimento externo. Como as leis sup\u00f5em observ\u00e2ncia fiel e o cumprimento das mesmas n\u00e3o constitu\u00eda vantagens para a referida Diretoria, seus membros, espontaneamente, resolveram retirar-se. Entregaram-se ent\u00e3o, ao Pe. Frei Irineu de Guapor\u00e9, as cadernetas da Caixa Econ\u00f4mia e do Banco do Rio Grande do Sul, onde se achavam depositadas algumas economias pertencentes ao Orfanato. Neste mesmo ano Dom Ant\u00f4nio Zattera, Bispo de Pelotas, sugeriu a possibilidade da jun\u00e7\u00e3o das duas Entidades locais, \u201cOrfanato S\u00e3o Benedito e o Bidart\u201d, fazendo daquela, uma nova funda\u00e7\u00e3o que seria intitulada \u201cInstituto de Menores\u201d. Tal escolha viria em preju\u00edzo a Congrega\u00e7\u00e3o. Mais uma vez o povo de Bag\u00e9, especialmente os mais amigos, protestaram contra tal possibilidade.<\/p><p>No ano de 1949, houve um \u201cApelo a popula\u00e7\u00e3o\u201d, foi este o t\u00edtulo de uma publica\u00e7\u00e3o do \u201cCorreio do Sul\u201d, jornal Bageense que deu in\u00edcio a Campanha lan\u00e7ada para angariar assinaturas a novos s\u00f3cios contribuintes, possibilitando assim, a continuidade do Orfanato S\u00e3o Benedito\u201d, conseguindo elevar de 18 s\u00f3cios para 1350. Em vista da simpatia dos Bageenses,\u00a0 Madre Maria Imilda do\u00a0 Sant\u00edssimo Sacramento\u00a0 \u2013\u00a0 Diretora Geral, pediu para as irm\u00e3s\u00a0 tentaram a reconstru\u00e7\u00e3o do velho Orfanato.<\/p><p>At\u00e9 o ano de 1953, as matr\u00edculas anuais ficavam em m\u00e9dia 55 alunas.<\/p><p>A partir do ano de 1954, iniciou-se um externato com 30 alunos no jardim de inf\u00e2ncia e no curso Prim\u00e1rio foram matriculadas 108 alunos.<\/p><p>Neste mesmo ano teve in\u00edcio as Obras que serviria de Sede \u00e0 Assist\u00eancia Social Rural, no s\u00edtio pertencente a SOCIEDADE EDUCA\u00c7\u00c3O E CARIDADE, sendo que o pr\u00e9dio a ser constru\u00eddo compreenderia uma Escola Rural e um Centro Catequ\u00e9tico. Tamb\u00e9m uma capela, com o intuito de facilitar aos moradores daquela zona da Vila Ga\u00facha e arredores, e as missas dominicais. Foi dia 16 de julho o primeiro anivers\u00e1rio da funda\u00e7\u00e3o do Clube Agr\u00edcola Rodolfo Moglia.\u00a0 Com o tempo aquela \u00e1rea ficou abandonada.<\/p><p>No dia 1\u00ba de junho\u00a0 ano de 1955, foram passadas as Escrituras e a partir dessa data o Orfanato passou a pertencer a SOCIEDADE EDUCA\u00c7\u00c3O E CARIDADE.<\/p><p>No ano de 1956, j\u00e1 foram matriculadas 68 internas e 142 alunos externos.<\/p><p>No dia 08 de novembro ano de 1968, faleceu inesperadamente \u00a0a Madre Rosalba coordenadora do Semin\u00e1rio S\u00e3o Pio X de Bag\u00e9 e foi velada neste Educand\u00e1rio.<\/p><p>No ano de 1980, o Regime de internato foi substitu\u00eddo pelo Regime de Semi-internato.<\/p><p>No ano de 1982, foi realizada a pintura interna do pr\u00e9dio.<\/p><p>No dia 14 de maio de 1984, faleceu Ir. M\u00f4nica Tomazi com seus 89 anos de idade.<\/p><p>No ano de 1985, foi feita uma \u00e1rea coberta no p\u00e1tio de entrada com a finalidade de abrigar os alunos\u00a0 de modo especial em dias de chuva.<\/p><p>No dia 11 de junho 1987, a aluna da 3\u00aa s\u00e9rie e semi interna Andr\u00e9a Batista Borges, sentiu-se mal logo ap\u00f3s o recreio no per\u00edodo da manh\u00e3. Imediatamente foi comunicado a fam\u00edlia e levada para o hospital. A menor entrou em estado de coma vindo a falecer dia 28 de aneurisma. Neste mesmo ano foi feito a abertura do Pr\u00e9 \u201cB\u201d \u2013 6 anos, com duas turmas, manh\u00e3 e tarde.<\/p><p>No ano de 1997 houve a troca geral do telhado do pr\u00e9dio de telha de barro por telha de Brasilete devido as grandes goteiras que existiam no mesmo.<\/p><p>No ano de 2002 foi feita a troca de um telhado de Brasilete por uma estrutura met\u00e1lica com telha de zinco e alum\u00ednio na estrada principal da escola com o objetivo de melhor acolher os pais e alunos.<\/p><p>No ano de 2005, houve a troca geral de duas \u00e1reas coberta, com telhado de Brasilete que foi substituindo por estrutura met\u00e1lica com telha de zinco e alum\u00ednio.<\/p><p>No ano de 2006 foi iniciado a constru\u00e7\u00e3o de uma quadra de esporte e no ano de 2008, foi feito a cobertura da mesma, ampliando o espa\u00e7o para recrea\u00e7\u00e3o e esportes.<\/p><p>No ano de 2008, iniciou-se o Ensino Fundamental de 9 anos, n\u00e3o mais s\u00e9ries.<\/p><p>Em 2010 \u2013 O Regime de Semi-internato passou para o turno integral, hoje extracurricular.<\/p><p>Ao longo da hist\u00f3ria tamb\u00e9m era oferecido dan\u00e7a, teatro, coral, artesanato, xadrez, Taewkondo, atletismo, handebol, inform\u00e1tica, tric\u00f4, croch\u00ea, bordado, fia\u00e7\u00e3o e tecelagem, viol\u00e3o, flauta, trabalho em gesso.<\/p><p>No decorrer da hist\u00f3ria a Escola teve v\u00e1rios nomes. Registrado na Secretaria de Educa\u00e7\u00e3o e Cultura sob o n\u00famero 13 com a denomina\u00e7\u00e3o de \u201cOrfanato S\u00e3o Benedito\u201d, sendo reconhecido e 1974 pela Portaria\/SEC n\u00ba 003472 de 30 de janeiro de 1994, com a mudan\u00e7a de denomina\u00e7\u00e3o para \u201cEducand\u00e1rio S\u00e3o Benedito\u201d, oferecendo o ensino de 1\u00ba grau de 1\u00aa a 4\u00aa s\u00e9rie. Em conformidade com a Resolu\u00e7\u00e3o n\u00ba 122\/76 e Parecer 214\/76 do Conselho Estadual de Educa\u00e7\u00e3o, o Estabelecimento passou a denominar-se \u201cEducand\u00e1rio S\u00e3o Benedito \u2013 Escola de 1\u00ba grau Incompleto. O Conselho Estadual de Educa\u00e7\u00e3o sob o Cadastro n\u00ba 250015 de 18 de agosto de 1999, altera a designa\u00e7\u00e3o do Educand\u00e1rio S\u00e3o Benedito para \u201cEscola de Ensino Fundamental S\u00e3o Benedito.<\/p><p>\u00a0\u00a0\u00a0\u00a0\u00a0\u00a0\u00a0\u00a0\u00a0\u00a0\u00a0 No ano de 1997, devido as grande secas em Bag\u00e9, foi enviado a Alemanha via\u00a0 AMENCAR, um Projeto solicitando auxilio para a perfura\u00e7\u00e3o de um po\u00e7o artesiano. O projeto foi aprovado onde em seguida feito a perfura\u00e7\u00e3o do mesmo.<\/p><p>No ano de 1993, foi feito um Projeto para o AMENCAR, solicitando recursos para a constru\u00e7\u00e3o de duas salas para a Oficina de fia\u00e7\u00e3o e tecelagem. O Projeto foi aprovado em 1994 e iniciado a constru\u00e7\u00e3o. Para n\u00e3o tirar espa\u00e7o dos alunos, foi constru\u00eddo em cima de um dep\u00f3sito de meia \u00e1gua e uma parte embaixo ficou aberto, onde a Prov\u00edncia auxiliou para o fechamento da mesma. Ap\u00f3s rescindido o Conv\u00eanio com a Amencar, o espa\u00e7o superior foi transformado para a Biblioteca e as duas salas t\u00e9rreas ocupadas com oficinas de artesanato. No ano de 2014 com aumento da Educa\u00e7\u00e3o Infantil a Biblioteca passou para as salas t\u00e9rreas e as duas salas superiores est\u00e3o sendo ocupadas pelo Maternal \u2013 3 anos.<\/p><p>Cursos existentes: Em 1977 abriu-se a\u00a0 Pr\u00e9\u00a0 Escola, N\u00edvel \u201cB\u201d para crian\u00e7as de 06 anos, por\u00e9m sem autoriza\u00e7\u00e3o do Conselho Estadual de Educa\u00e7\u00e3o\u2026<\/p><p>A Lei Estadual de Educa\u00e7\u00e3o n\u00ba 9.672 \u2013 Parecer 800\/93 de 08 de junho de 1993 autoriza o funcionamento de classe de Jardim de Inf\u00e2ncia N\u00edvel \u201cA\u201d e \u201cB\u201d.<\/p><p>A Comiss\u00e3o Especial de Educa\u00e7\u00e3o Infantil e Comiss\u00e3o de Ensino Fundamental do Conselho Estadual de Educa\u00e7\u00e3o, sob o Parecer 851\/2012, em 07 de novembro de 2012 aprova e autoriza o funcionamento de Educa\u00e7\u00e3o Infantil na faixa de 03 anos para a Escola de Ensino Fundamental S\u00e3o Benedito.<\/p><p>A Comiss\u00e3o de Ensino Fundamental do Conselho Estadual de Educa\u00e7\u00e3o no Parecer n\u00ba 789\/2015, de 28 de outubro de 2015 autoriza o funcionamento de 6\u00ba, 7\u00ba, 8\u00ba e 9\u00ba ano para a Escola de Ensino Fundamental S\u00e3o Benedito.<\/p><p>Hoje a Escola oferece cursos livres como: Futsal, Bal\u00e9 e Invernada.<\/p><p>No decorrer destes anos, sempre foi dado uma \u00eanfase especial no cuidado com a parte espiritual das Irm\u00e3s, Educadores, funcion\u00e1rios e alunos. As Irm\u00e3s al\u00e9m da Miss\u00e3o na Escola tamb\u00e9m participavam e marcavam presen\u00e7a na Catequese, Liturgia da Par\u00f3quia, visitas a doentes domiciliares e hospitalares.<\/p><p>Quanto a Obra no que se a parte f\u00edsica, sempre houve o cuidado da manuten\u00e7\u00e3o, reformas, concertos. Enquanto Obra Social e Escola, a mesma era mantida por conv\u00eanios como FEBEM, FUNABEM, LBA, AMENCAR, SAL\u00c1RIO EDUCA\u00c7\u00c3O, CED\u00caNCIAS DE PROFESSORES PELO GOVERNO DO ESTADO E MUNIC\u00cdPIO.<\/p><p>\u00a0\u00a0\u00a0\u00a0\u00a0\u00a0\u00a0\u00a0\u00a0\u00a0\u00a0 A Comunidade hoje est\u00e1 constitu\u00edda das seguintes Irm\u00e3s:<\/p><ol><li>Elisabetha Theresinha Steffens<\/li><li>Ines Terezinha Sangalli<\/li><li>Irma Antonia de Souza<\/li><li>Maria Fontana<\/li><li>Oneide Henriqueta Bordignon<\/li><\/ol><p>\u00a0\u00a0\u00a0\u00a0\u00a0\u00a0\u00a0\u00a0\u00a0\u00a0\u00a0 No dia 04 de maio de 2016, a Comunidade das irm\u00e3s at\u00e9 ent\u00e3o chamada \u201cEducand\u00e1rio S\u00e3o Benedito\u201d, passou\u00a0 a chamar-se \u201cCOMUNIDADE S\u00c3O BENEDITO\u201d.<\/p><p>\u00a0\u00a0\u00a0\u00a0\u00a0\u00a0\u00a0\u00a0\u00a0\u00a0\u00a0 Em 2016, foi feito um projeto para a constru\u00e7\u00e3o dum espa\u00e7o reservado a educa\u00e7\u00e3o infantil devido ao aumento de alunos. E a partir de outubro deste mesmo ano iniciou-se a constru\u00e7\u00e3o de um pr\u00e9dio para 14 salas, entres as quais, uma para a biblioteca.<\/p>\t\t\t\t\t\t\t\t<\/div>\n\t\t\t\t<\/div>\n\t\t\t\t\t<\/div>\n\t\t\t\t<\/div>\n\t\t\t\t<\/div>\n\t\t\t\t<\/div>\n\t\t","protected":false},"excerpt":{"rendered":"<p>A ESCOLA DE ENSINO FUNDAMENTAL S\u00c3O BENEDITO, foi fundada no dia 01 de setembro de 1909, Intitulada \u201cORFANATO S\u00c3O BENEDITO\u201d por Luciana Lealdina de Ara\u00fajo, natural de Porto Alegre com a finalidade de amparar as crian\u00e7as desvalidas, especialmente da orfandade necessitada. Durante sua hist\u00f3ria o \u201cS\u00e3o Benedito\u201d sofreu v\u00e1rias mudan\u00e7as de finalidade. Foi Obra Social [&hellip;]<\/p>\n","protected":false},"author":1,"featured_media":0,"parent":0,"menu_order":0,"comment_status":"closed","ping_status":"closed","template":"","meta":{"_acf_changed":false,"footnotes":""},"class_list":["post-285","page","type-page","status-publish","hentry"],"acf":[],"yoast_head":"<!-- This site is optimized with the Yoast SEO plugin v26.3 - https:\/\/yoast.com\/wordpress\/plugins\/seo\/ -->\n<title>Rede ICM - Escola S\u00e3o Benedito | Rede ICM de educa\u00e7\u00e3o<\/title>\n<meta name=\"robots\" content=\"index, follow, max-snippet:-1, max-image-preview:large, max-video-preview:-1\" \/>\n<link rel=\"canonical\" href=\"https:\/\/redeicm.org.br\/saobenedito\/rede-icm\/\" \/>\n<meta property=\"og:locale\" content=\"pt_BR\" \/>\n<meta property=\"og:type\" content=\"article\" \/>\n<meta property=\"og:title\" content=\"Rede ICM - Escola S\u00e3o Benedito | Rede ICM de educa\u00e7\u00e3o\" \/>\n<meta property=\"og:description\" content=\"A ESCOLA DE ENSINO FUNDAMENTAL S\u00c3O BENEDITO, foi fundada no dia 01 de setembro de 1909, Intitulada \u201cORFANATO S\u00c3O BENEDITO\u201d por Luciana Lealdina de Ara\u00fajo, natural de Porto Alegre com a finalidade de amparar as crian\u00e7as desvalidas, especialmente da orfandade necessitada. Durante sua hist\u00f3ria o \u201cS\u00e3o Benedito\u201d sofreu v\u00e1rias mudan\u00e7as de finalidade. Foi Obra Social [&hellip;]\" \/>\n<meta property=\"og:url\" content=\"https:\/\/redeicm.org.br\/saobenedito\/rede-icm\/\" \/>\n<meta property=\"og:site_name\" content=\"Escola S\u00e3o Benedito | Rede ICM de educa\u00e7\u00e3o\" \/>\n<meta property=\"article:modified_time\" content=\"2025-08-19T14:19:44+00:00\" \/>\n<meta name=\"twitter:card\" content=\"summary_large_image\" \/>\n<meta name=\"twitter:label1\" content=\"Est. tempo de leitura\" \/>\n\t<meta name=\"twitter:data1\" content=\"12 minutos\" \/>\n<script type=\"application\/ld+json\" class=\"yoast-schema-graph\">{\"@context\":\"https:\/\/schema.org\",\"@graph\":[{\"@type\":\"WebPage\",\"@id\":\"https:\/\/redeicm.org.br\/saobenedito\/rede-icm\/\",\"url\":\"https:\/\/redeicm.org.br\/saobenedito\/rede-icm\/\",\"name\":\"Rede ICM - Escola S\u00e3o Benedito | Rede ICM de educa\u00e7\u00e3o\",\"isPartOf\":{\"@id\":\"https:\/\/redeicm.org.br\/saobenedito\/#website\"},\"datePublished\":\"2024-09-09T18:46:08+00:00\",\"dateModified\":\"2025-08-19T14:19:44+00:00\",\"breadcrumb\":{\"@id\":\"https:\/\/redeicm.org.br\/saobenedito\/rede-icm\/#breadcrumb\"},\"inLanguage\":\"pt-BR\",\"potentialAction\":[{\"@type\":\"ReadAction\",\"target\":[\"https:\/\/redeicm.org.br\/saobenedito\/rede-icm\/\"]}]},{\"@type\":\"BreadcrumbList\",\"@id\":\"https:\/\/redeicm.org.br\/saobenedito\/rede-icm\/#breadcrumb\",\"itemListElement\":[{\"@type\":\"ListItem\",\"position\":1,\"name\":\"In\u00edcio\",\"item\":\"https:\/\/redeicm.org.br\/saobenedito\/\"},{\"@type\":\"ListItem\",\"position\":2,\"name\":\"Rede ICM\"}]},{\"@type\":\"WebSite\",\"@id\":\"https:\/\/redeicm.org.br\/saobenedito\/#website\",\"url\":\"https:\/\/redeicm.org.br\/saobenedito\/\",\"name\":\"Escola S\u00e3o Benedito | Rede ICM de educa\u00e7\u00e3o\",\"description\":\"\",\"publisher\":{\"@id\":\"https:\/\/redeicm.org.br\/saobenedito\/#organization\"},\"potentialAction\":[{\"@type\":\"SearchAction\",\"target\":{\"@type\":\"EntryPoint\",\"urlTemplate\":\"https:\/\/redeicm.org.br\/saobenedito\/?s={search_term_string}\"},\"query-input\":{\"@type\":\"PropertyValueSpecification\",\"valueRequired\":true,\"valueName\":\"search_term_string\"}}],\"inLanguage\":\"pt-BR\"},{\"@type\":\"Organization\",\"@id\":\"https:\/\/redeicm.org.br\/saobenedito\/#organization\",\"name\":\"Escola S\u00e3o Benedito | Rede ICM de educa\u00e7\u00e3o\",\"url\":\"https:\/\/redeicm.org.br\/saobenedito\/\",\"logo\":{\"@type\":\"ImageObject\",\"inLanguage\":\"pt-BR\",\"@id\":\"https:\/\/redeicm.org.br\/saobenedito\/#\/schema\/logo\/image\/\",\"url\":\"https:\/\/redeicm.org.br\/saobenedito\/wp-content\/uploads\/sites\/21\/2024\/08\/logo-icm-sao-benedito.webp\",\"contentUrl\":\"https:\/\/redeicm.org.br\/saobenedito\/wp-content\/uploads\/sites\/21\/2024\/08\/logo-icm-sao-benedito.webp\",\"width\":1024,\"height\":369,\"caption\":\"Escola S\u00e3o Benedito | Rede ICM de educa\u00e7\u00e3o\"},\"image\":{\"@id\":\"https:\/\/redeicm.org.br\/saobenedito\/#\/schema\/logo\/image\/\"}}]}<\/script>\n<!-- \/ Yoast SEO plugin. -->","yoast_head_json":{"title":"Rede ICM - Escola S\u00e3o Benedito | Rede ICM de educa\u00e7\u00e3o","robots":{"index":"index","follow":"follow","max-snippet":"max-snippet:-1","max-image-preview":"max-image-preview:large","max-video-preview":"max-video-preview:-1"},"canonical":"https:\/\/redeicm.org.br\/saobenedito\/rede-icm\/","og_locale":"pt_BR","og_type":"article","og_title":"Rede ICM - Escola S\u00e3o Benedito | Rede ICM de educa\u00e7\u00e3o","og_description":"A ESCOLA DE ENSINO FUNDAMENTAL S\u00c3O BENEDITO, foi fundada no dia 01 de setembro de 1909, Intitulada \u201cORFANATO S\u00c3O BENEDITO\u201d por Luciana Lealdina de Ara\u00fajo, natural de Porto Alegre com a finalidade de amparar as crian\u00e7as desvalidas, especialmente da orfandade necessitada. Durante sua hist\u00f3ria o \u201cS\u00e3o Benedito\u201d sofreu v\u00e1rias mudan\u00e7as de finalidade. Foi Obra Social [&hellip;]","og_url":"https:\/\/redeicm.org.br\/saobenedito\/rede-icm\/","og_site_name":"Escola S\u00e3o Benedito | Rede ICM de educa\u00e7\u00e3o","article_modified_time":"2025-08-19T14:19:44+00:00","twitter_card":"summary_large_image","twitter_misc":{"Est. tempo de leitura":"12 minutos"},"schema":{"@context":"https:\/\/schema.org","@graph":[{"@type":"WebPage","@id":"https:\/\/redeicm.org.br\/saobenedito\/rede-icm\/","url":"https:\/\/redeicm.org.br\/saobenedito\/rede-icm\/","name":"Rede ICM - Escola S\u00e3o Benedito | Rede ICM de educa\u00e7\u00e3o","isPartOf":{"@id":"https:\/\/redeicm.org.br\/saobenedito\/#website"},"datePublished":"2024-09-09T18:46:08+00:00","dateModified":"2025-08-19T14:19:44+00:00","breadcrumb":{"@id":"https:\/\/redeicm.org.br\/saobenedito\/rede-icm\/#breadcrumb"},"inLanguage":"pt-BR","potentialAction":[{"@type":"ReadAction","target":["https:\/\/redeicm.org.br\/saobenedito\/rede-icm\/"]}]},{"@type":"BreadcrumbList","@id":"https:\/\/redeicm.org.br\/saobenedito\/rede-icm\/#breadcrumb","itemListElement":[{"@type":"ListItem","position":1,"name":"In\u00edcio","item":"https:\/\/redeicm.org.br\/saobenedito\/"},{"@type":"ListItem","position":2,"name":"Rede ICM"}]},{"@type":"WebSite","@id":"https:\/\/redeicm.org.br\/saobenedito\/#website","url":"https:\/\/redeicm.org.br\/saobenedito\/","name":"Escola S\u00e3o Benedito | Rede ICM de educa\u00e7\u00e3o","description":"","publisher":{"@id":"https:\/\/redeicm.org.br\/saobenedito\/#organization"},"potentialAction":[{"@type":"SearchAction","target":{"@type":"EntryPoint","urlTemplate":"https:\/\/redeicm.org.br\/saobenedito\/?s={search_term_string}"},"query-input":{"@type":"PropertyValueSpecification","valueRequired":true,"valueName":"search_term_string"}}],"inLanguage":"pt-BR"},{"@type":"Organization","@id":"https:\/\/redeicm.org.br\/saobenedito\/#organization","name":"Escola S\u00e3o Benedito | Rede ICM de educa\u00e7\u00e3o","url":"https:\/\/redeicm.org.br\/saobenedito\/","logo":{"@type":"ImageObject","inLanguage":"pt-BR","@id":"https:\/\/redeicm.org.br\/saobenedito\/#\/schema\/logo\/image\/","url":"https:\/\/redeicm.org.br\/saobenedito\/wp-content\/uploads\/sites\/21\/2024\/08\/logo-icm-sao-benedito.webp","contentUrl":"https:\/\/redeicm.org.br\/saobenedito\/wp-content\/uploads\/sites\/21\/2024\/08\/logo-icm-sao-benedito.webp","width":1024,"height":369,"caption":"Escola S\u00e3o Benedito | Rede ICM de educa\u00e7\u00e3o"},"image":{"@id":"https:\/\/redeicm.org.br\/saobenedito\/#\/schema\/logo\/image\/"}}]}},"_links":{"self":[{"href":"https:\/\/redeicm.org.br\/saobenedito\/wp-json\/wp\/v2\/pages\/285","targetHints":{"allow":["GET"]}}],"collection":[{"href":"https:\/\/redeicm.org.br\/saobenedito\/wp-json\/wp\/v2\/pages"}],"about":[{"href":"https:\/\/redeicm.org.br\/saobenedito\/wp-json\/wp\/v2\/types\/page"}],"author":[{"embeddable":true,"href":"https:\/\/redeicm.org.br\/saobenedito\/wp-json\/wp\/v2\/users\/1"}],"replies":[{"embeddable":true,"href":"https:\/\/redeicm.org.br\/saobenedito\/wp-json\/wp\/v2\/comments?post=285"}],"version-history":[{"count":10,"href":"https:\/\/redeicm.org.br\/saobenedito\/wp-json\/wp\/v2\/pages\/285\/revisions"}],"predecessor-version":[{"id":5042,"href":"https:\/\/redeicm.org.br\/saobenedito\/wp-json\/wp\/v2\/pages\/285\/revisions\/5042"}],"wp:attachment":[{"href":"https:\/\/redeicm.org.br\/saobenedito\/wp-json\/wp\/v2\/media?parent=285"}],"curies":[{"name":"wp","href":"https:\/\/api.w.org\/{rel}","templated":true}]}}