{"id":375,"date":"2024-08-21T20:56:10","date_gmt":"2024-08-21T23:56:10","guid":{"rendered":"https:\/\/redeicm.org.br\/purissimo\/?page_id=375"},"modified":"2025-06-27T15:56:00","modified_gmt":"2025-06-27T18:56:00","slug":"proposta-pedagogica-fundamental","status":"publish","type":"page","link":"https:\/\/redeicm.org.br\/purissimo\/proposta-pedagogica-fundamental\/","title":{"rendered":"Proposta Pedag\u00f3gica &#8211; Ensino Fundamental"},"content":{"rendered":"\t\t<div data-elementor-type=\"wp-page\" data-elementor-id=\"375\" class=\"elementor elementor-375\" data-elementor-post-type=\"page\">\n\t\t\t\t<div class=\"elementor-element elementor-element-4236796 e-flex e-con-boxed e-con e-parent\" data-id=\"4236796\" data-element_type=\"container\" data-e-type=\"container\" data-settings=\"{&quot;background_background&quot;:&quot;classic&quot;}\">\n\t\t\t\t\t<div class=\"e-con-inner\">\n\t\t\t\t<div class=\"elementor-element elementor-element-5fb4f9e4 elementor-widget elementor-widget-heading\" data-id=\"5fb4f9e4\" data-element_type=\"widget\" data-e-type=\"widget\" data-widget_type=\"heading.default\">\n\t\t\t\t<div class=\"elementor-widget-container\">\n\t\t\t\t\t<h1 class=\"elementor-heading-title elementor-size-default\">Proposta Pedag\u00f3gica &#8211; Ensino Fundamental<\/h1>\t\t\t\t<\/div>\n\t\t\t\t<\/div>\n\t\t\t\t\t<\/div>\n\t\t\t\t<\/div>\n\t\t<div class=\"elementor-element elementor-element-3452ec2 e-flex e-con-boxed e-con e-parent\" data-id=\"3452ec2\" data-element_type=\"container\" data-e-type=\"container\">\n\t\t\t\t\t<div class=\"e-con-inner\">\n\t\t\t\t<div class=\"elementor-element elementor-element-82dff9b elementor-invisible elementor-widget elementor-widget-text-editor\" data-id=\"82dff9b\" data-element_type=\"widget\" data-e-type=\"widget\" data-settings=\"{&quot;_animation&quot;:&quot;fadeInUp&quot;}\" data-widget_type=\"text-editor.default\">\n\t\t\t\t<div class=\"elementor-widget-container\">\n\t\t\t\t\t\t\t\t\t<p>O Ensino Fundamental do Col\u00e9gio Pur\u00edssimo est\u00e1 estruturado em nove anos. Desde cedo, os alunos recebem educa\u00e7\u00e3o integral que est\u00e1 estruturada na vis\u00e3o da promo\u00e7\u00e3o humana, na constru\u00e7\u00e3o de saberes e no desenvolvimento de compet\u00eancias e habilidades, mediante expectativas de aprendizagem que possibilitam aos envolvidos no processo educacional, m\u00faltiplas leituras de mundo e a transforma\u00e7\u00e3o da realidade.<\/p><p>\u00a0<\/p><h2><b>A Proposta Pedag\u00f3gica do Ensino Fundamental Anos Iniciais<\/b><\/h2><p>Preparar seus filhos para os desafios do amanh\u00e3 \u00e9 uma das maiores preocupa\u00e7\u00f5es de toda fam\u00edlia, por isso, aqui no\u00a0<b>Col\u00e9gio Pur\u00edssimo<\/b>, entendemos essa responsabilidade e oferecemos um\u00a0<b>Ensino Fundamental Anos Iniciais (EFAI)<\/b>\u00a0que vai muito al\u00e9m da sala de aula. Aqui, seu filho n\u00e3o apenas aprende, ele floresce como um indiv\u00edduo completo, construindo uma base s\u00f3lida para o sucesso acad\u00eamico e pessoal.<\/p><p>\u00a0<\/p><h2><b>Uma Forma\u00e7\u00e3o Integral para a Vida<\/b><\/h2><p>Nossa proposta estimula um\u00a0<b>processo formativo integral e inovador<\/b>. No Pur\u00edssimo, nutrimos o\u00a0<b>senso cr\u00edtico, a \u00e9tica, a solidariedade e a cidadania<\/b>. Capacitamos as crian\u00e7as \u00e0 analisar, compreender, posicionar-se e intervir na realidade, promovendo transforma\u00e7\u00f5es sociais e contribuindo para o bem-estar coletivo.<\/p><p>Em nossas unidades, cada dia \u00e9 uma oportunidade para a constru\u00e7\u00e3o do conhecimento e do desenvolvimento humano, cient\u00edfico, tecnol\u00f3gico e espiritual. Priorizamos uma\u00a0<b>aprendizagem ativa e significativa<\/b>, evidenciada por:<\/p><ul><li><b>Inicia\u00e7\u00e3o Cient\u00edfica e Olimp\u00edadas:<\/b>\u00a0despertamos a curiosidade e o esp\u00edrito explorador! Nossos alunos s\u00e3o incentivados a participar de\u00a0<b>Olimp\u00edadas Cient\u00edficas<\/b>, desenvolvendo o racioc\u00ednio l\u00f3gico e o pensamento investigativo desde cedo.<\/li><li><b>Matem\u00e1tica Avan\u00e7ada:<\/b>\u00a0para os alunos que demonstram aptid\u00e3o e interesse, oferecemos\u00a0<b>aulas de matem\u00e1tica avan\u00e7ada<\/b>, proporcionando desafios e aprofundando o conhecimento em um ambiente de est\u00edmulo cont\u00ednuo.<\/li><li><b>Educa\u00e7\u00e3o Socioemocional:<\/b>\u00a0priorizamos a\u00a0<b>intelig\u00eancia socioemocional<\/b>, estimulando as crian\u00e7as a reconhecer e gerenciar suas emo\u00e7\u00f5es, construir relacionamentos saud\u00e1veis e resolver conflitos de forma positiva. Isso as prepara para a vida com mais equil\u00edbrio e resili\u00eancia.<\/li><li><b>Pensamento Computacional, do Maker \u00e0 Programa\u00e7\u00e3o:<\/b>\u00a0um de nossos grandes diferenciais! Desenvolvemos habilidades essenciais para a resolu\u00e7\u00e3o de problemas de forma l\u00f3gica e criativa. Desde as atividades\u00a0<b>maker<\/b>, com a m\u00e3o na massa, at\u00e9 a\u00a0<b>programa\u00e7\u00e3o<\/b>, onde o racioc\u00ednio sequencial e a l\u00f3gica se tornam ferramentas poderosas, preparamos seus filhos para um mundo cada vez mais digital.<\/li><li><b>Ambientes Diferenciados:<\/b>\u00a0nossos espa\u00e7os s\u00e3o projetados para promover uma\u00a0<b>aprendizagem ativa<\/b>. Salas de aula, laborat\u00f3rios que convidam \u00e0 experimenta\u00e7\u00e3o e \u00e1reas l\u00fadicas que estimulam a criatividade e garantem que o aprendizado seja din\u00e2mico, divertido e envolvente.<\/li><li><b>Coopera\u00e7\u00e3o e Consci\u00eancia Coletiva:<\/b>\u00a0estimulamos o trabalho em equipe e a compreens\u00e3o do papel de cada um na comunidade.<\/li><li><b>Compet\u00eancia Comunicativa:<\/b>\u00a0desenvolvemos a capacidade de express\u00e3o, oral e escrita, para que seus filhos se comuniquem com clareza e confian\u00e7a.<\/li><li><b>Consci\u00eancia Ecol\u00f3gica e Educa\u00e7\u00e3o Financeira:<\/b>\u00a0cultivamos o respeito ao meio ambiente para um futuro sustent\u00e1vel e preparamos as crian\u00e7as para uma rela\u00e7\u00e3o saud\u00e1vel e consciente com o dinheiro.<\/li><\/ul><h2>\u00a0<\/h2><h2><b>Excel\u00eancia Pedag\u00f3gica e Programa Bil\u00edngue no turno regular<\/b><\/h2><p>Para garantir a excel\u00eancia, utilizamos o\u00a0<b>material Poliedro<\/b>, reconhecido por seu\u00a0<b>rico embasamento te\u00f3rico<\/b>\u00a0e\u00a0<b>metodologia din\u00e2mica<\/b>. Nossas professoras, com\u00a0<b>forma\u00e7\u00e3o e qualifica\u00e7\u00e3o diferenciada<\/b>, aplicam essa metodologia de forma inspiradora, tornando cada aula uma experi\u00eancia \u00fanica.<\/p><p>E tem mais! No Col\u00e9gio Pur\u00edssimo, a flu\u00eancia em um segundo idioma \u00e9 um passaporte para o futuro, por isso, oferecemos um\u00a0<b>Programa Bil\u00edngue integrado<\/b>, com\u00a0<b>5 aulas semanais de ingl\u00eas<\/b>\u00a0dentro do turno regular de estudos. O melhor de tudo:\u00a0<b>sem custos adicionais<\/b>\u00a0para a sua fam\u00edlia! Seus filhos vivenciar\u00e3o o ingl\u00eas de forma imersiva e natural, desenvolvendo habilidades de comunica\u00e7\u00e3o para um mundo globalizado.<\/p><p>J\u00e1 o Ensino Fundamental Anos Finais (6\u00ba ao 9\u00ba Ano) prioriza a forma\u00e7\u00e3o b\u00e1sica do aluno por meio do pleno dom\u00ednio da leitura, escrita e c\u00e1lculo, da compreens\u00e3o e responsabilidade cr\u00edtica sobre o ambiente natural, social, pol\u00edtico, tecnol\u00f3gico, art\u00edstico e \u00e9tico. Al\u00e9m disso, tem-se a aquisi\u00e7\u00e3o de conhecimentos e habilidades coerentes com atitudes e valores pertinentes \u00e0s caracter\u00edsticas da inf\u00e2ncia e da adolesc\u00eancia e as maravilhas que esta fase da vida proporciona.<\/p><p>O eixo metodol\u00f3gico do trabalho do Col\u00e9gio Pur\u00edssimo enfatiza o desenvolvimento de conte\u00fados conceituais, procedimentais e atitudinais, objetivando a constitui\u00e7\u00e3o de compet\u00eancias na Escola, diante do processo de forma\u00e7\u00e3o integral do ser humano para responder aos desafios que a vida apresenta. Sob o ponto de vista curricular, privilegia a partilha de experi\u00eancias, a curiosidade, a pesquisa, a investiga\u00e7\u00e3o, a problematiza\u00e7\u00e3o, a resolu\u00e7\u00e3o de problemas, a gest\u00e3o de conflitos, a resili\u00eancia, a viv\u00eancia, o empreendedorismo e o trabalho em equipe.<\/p>\t\t\t\t\t\t\t\t<\/div>\n\t\t\t\t<\/div>\n\t\t\t\t\t<\/div>\n\t\t\t\t<\/div>\n\t\t\t\t<\/div>\n\t\t","protected":false},"excerpt":{"rendered":"<p>O Ensino Fundamental do Col\u00e9gio Pur\u00edssimo est\u00e1 estruturado em nove anos. Desde cedo, os alunos recebem educa\u00e7\u00e3o integral que est\u00e1 estruturada na vis\u00e3o da promo\u00e7\u00e3o humana, na constru\u00e7\u00e3o de saberes e no desenvolvimento de compet\u00eancias e habilidades, mediante expectativas de aprendizagem que possibilitam aos envolvidos no processo educacional, m\u00faltiplas leituras de mundo e a transforma\u00e7\u00e3o [&hellip;]<\/p>\n","protected":false},"author":1,"featured_media":0,"parent":0,"menu_order":0,"comment_status":"closed","ping_status":"closed","template":"","meta":{"_acf_changed":false,"footnotes":""},"class_list":["post-375","page","type-page","status-publish","hentry"],"acf":[],"yoast_head":"<!-- This site is optimized with the Yoast SEO plugin v26.3 - https:\/\/yoast.com\/wordpress\/plugins\/seo\/ -->\n<title>Proposta Pedag\u00f3gica - Ensino Fundamental - Col\u00e9gio Pur\u00edssimo Cora\u00e7\u00e3o de Maria | Rede ICM de educa\u00e7\u00e3o<\/title>\n<meta name=\"robots\" content=\"index, follow, max-snippet:-1, max-image-preview:large, max-video-preview:-1\" \/>\n<link rel=\"canonical\" href=\"https:\/\/redeicm.org.br\/purissimo\/proposta-pedagogica-fundamental\/\" \/>\n<meta property=\"og:locale\" content=\"pt_BR\" \/>\n<meta property=\"og:type\" content=\"article\" \/>\n<meta property=\"og:title\" content=\"Proposta Pedag\u00f3gica - Ensino Fundamental - Col\u00e9gio Pur\u00edssimo Cora\u00e7\u00e3o de Maria | Rede ICM de educa\u00e7\u00e3o\" \/>\n<meta property=\"og:description\" content=\"O Ensino Fundamental do Col\u00e9gio Pur\u00edssimo est\u00e1 estruturado em nove anos. Desde cedo, os alunos recebem educa\u00e7\u00e3o integral que est\u00e1 estruturada na vis\u00e3o da promo\u00e7\u00e3o humana, na constru\u00e7\u00e3o de saberes e no desenvolvimento de compet\u00eancias e habilidades, mediante expectativas de aprendizagem que possibilitam aos envolvidos no processo educacional, m\u00faltiplas leituras de mundo e a transforma\u00e7\u00e3o [&hellip;]\" \/>\n<meta property=\"og:url\" content=\"https:\/\/redeicm.org.br\/purissimo\/proposta-pedagogica-fundamental\/\" \/>\n<meta property=\"og:site_name\" content=\"Col\u00e9gio Pur\u00edssimo Cora\u00e7\u00e3o de Maria | Rede ICM de educa\u00e7\u00e3o\" \/>\n<meta property=\"article:modified_time\" content=\"2025-06-27T18:56:00+00:00\" \/>\n<meta name=\"twitter:card\" content=\"summary_large_image\" \/>\n<meta name=\"twitter:label1\" content=\"Est. tempo de leitura\" \/>\n\t<meta name=\"twitter:data1\" content=\"4 minutos\" \/>\n<script type=\"application\/ld+json\" class=\"yoast-schema-graph\">{\"@context\":\"https:\/\/schema.org\",\"@graph\":[{\"@type\":\"WebPage\",\"@id\":\"https:\/\/redeicm.org.br\/purissimo\/proposta-pedagogica-fundamental\/\",\"url\":\"https:\/\/redeicm.org.br\/purissimo\/proposta-pedagogica-fundamental\/\",\"name\":\"Proposta Pedag\u00f3gica - Ensino Fundamental - Col\u00e9gio Pur\u00edssimo Cora\u00e7\u00e3o de Maria | Rede ICM de educa\u00e7\u00e3o\",\"isPartOf\":{\"@id\":\"https:\/\/redeicm.org.br\/purissimo\/#website\"},\"datePublished\":\"2024-08-21T23:56:10+00:00\",\"dateModified\":\"2025-06-27T18:56:00+00:00\",\"breadcrumb\":{\"@id\":\"https:\/\/redeicm.org.br\/purissimo\/proposta-pedagogica-fundamental\/#breadcrumb\"},\"inLanguage\":\"pt-BR\",\"potentialAction\":[{\"@type\":\"ReadAction\",\"target\":[\"https:\/\/redeicm.org.br\/purissimo\/proposta-pedagogica-fundamental\/\"]}]},{\"@type\":\"BreadcrumbList\",\"@id\":\"https:\/\/redeicm.org.br\/purissimo\/proposta-pedagogica-fundamental\/#breadcrumb\",\"itemListElement\":[{\"@type\":\"ListItem\",\"position\":1,\"name\":\"In\u00edcio\",\"item\":\"https:\/\/redeicm.org.br\/purissimo\/\"},{\"@type\":\"ListItem\",\"position\":2,\"name\":\"Proposta Pedag\u00f3gica &#8211; Ensino Fundamental\"}]},{\"@type\":\"WebSite\",\"@id\":\"https:\/\/redeicm.org.br\/purissimo\/#website\",\"url\":\"https:\/\/redeicm.org.br\/purissimo\/\",\"name\":\"Col\u00e9gio Pur\u00edssimo Cora\u00e7\u00e3o de Maria | Rede ICM de educa\u00e7\u00e3o\",\"description\":\"\",\"publisher\":{\"@id\":\"https:\/\/redeicm.org.br\/purissimo\/#organization\"},\"potentialAction\":[{\"@type\":\"SearchAction\",\"target\":{\"@type\":\"EntryPoint\",\"urlTemplate\":\"https:\/\/redeicm.org.br\/purissimo\/?s={search_term_string}\"},\"query-input\":{\"@type\":\"PropertyValueSpecification\",\"valueRequired\":true,\"valueName\":\"search_term_string\"}}],\"inLanguage\":\"pt-BR\"},{\"@type\":\"Organization\",\"@id\":\"https:\/\/redeicm.org.br\/purissimo\/#organization\",\"name\":\"Col\u00e9gio Pur\u00edssimo Cora\u00e7\u00e3o de Maria | Rede ICM de educa\u00e7\u00e3o\",\"url\":\"https:\/\/redeicm.org.br\/purissimo\/\",\"logo\":{\"@type\":\"ImageObject\",\"inLanguage\":\"pt-BR\",\"@id\":\"https:\/\/redeicm.org.br\/purissimo\/#\/schema\/logo\/image\/\",\"url\":\"https:\/\/redeicm.org.br\/purissimo\/wp-content\/uploads\/sites\/20\/2024\/08\/ICM_Educacao_Purissimo-12-1024x450-1.webp\",\"contentUrl\":\"https:\/\/redeicm.org.br\/purissimo\/wp-content\/uploads\/sites\/20\/2024\/08\/ICM_Educacao_Purissimo-12-1024x450-1.webp\",\"width\":1024,\"height\":450,\"caption\":\"Col\u00e9gio Pur\u00edssimo Cora\u00e7\u00e3o de Maria | Rede ICM de educa\u00e7\u00e3o\"},\"image\":{\"@id\":\"https:\/\/redeicm.org.br\/purissimo\/#\/schema\/logo\/image\/\"}}]}<\/script>\n<!-- \/ Yoast SEO plugin. -->","yoast_head_json":{"title":"Proposta Pedag\u00f3gica - Ensino Fundamental - Col\u00e9gio Pur\u00edssimo Cora\u00e7\u00e3o de Maria | Rede ICM de educa\u00e7\u00e3o","robots":{"index":"index","follow":"follow","max-snippet":"max-snippet:-1","max-image-preview":"max-image-preview:large","max-video-preview":"max-video-preview:-1"},"canonical":"https:\/\/redeicm.org.br\/purissimo\/proposta-pedagogica-fundamental\/","og_locale":"pt_BR","og_type":"article","og_title":"Proposta Pedag\u00f3gica - Ensino Fundamental - Col\u00e9gio Pur\u00edssimo Cora\u00e7\u00e3o de Maria | Rede ICM de educa\u00e7\u00e3o","og_description":"O Ensino Fundamental do Col\u00e9gio Pur\u00edssimo est\u00e1 estruturado em nove anos. Desde cedo, os alunos recebem educa\u00e7\u00e3o integral que est\u00e1 estruturada na vis\u00e3o da promo\u00e7\u00e3o humana, na constru\u00e7\u00e3o de saberes e no desenvolvimento de compet\u00eancias e habilidades, mediante expectativas de aprendizagem que possibilitam aos envolvidos no processo educacional, m\u00faltiplas leituras de mundo e a transforma\u00e7\u00e3o [&hellip;]","og_url":"https:\/\/redeicm.org.br\/purissimo\/proposta-pedagogica-fundamental\/","og_site_name":"Col\u00e9gio Pur\u00edssimo Cora\u00e7\u00e3o de Maria | Rede ICM de educa\u00e7\u00e3o","article_modified_time":"2025-06-27T18:56:00+00:00","twitter_card":"summary_large_image","twitter_misc":{"Est. tempo de leitura":"4 minutos"},"schema":{"@context":"https:\/\/schema.org","@graph":[{"@type":"WebPage","@id":"https:\/\/redeicm.org.br\/purissimo\/proposta-pedagogica-fundamental\/","url":"https:\/\/redeicm.org.br\/purissimo\/proposta-pedagogica-fundamental\/","name":"Proposta Pedag\u00f3gica - Ensino Fundamental - Col\u00e9gio Pur\u00edssimo Cora\u00e7\u00e3o de Maria | Rede ICM de educa\u00e7\u00e3o","isPartOf":{"@id":"https:\/\/redeicm.org.br\/purissimo\/#website"},"datePublished":"2024-08-21T23:56:10+00:00","dateModified":"2025-06-27T18:56:00+00:00","breadcrumb":{"@id":"https:\/\/redeicm.org.br\/purissimo\/proposta-pedagogica-fundamental\/#breadcrumb"},"inLanguage":"pt-BR","potentialAction":[{"@type":"ReadAction","target":["https:\/\/redeicm.org.br\/purissimo\/proposta-pedagogica-fundamental\/"]}]},{"@type":"BreadcrumbList","@id":"https:\/\/redeicm.org.br\/purissimo\/proposta-pedagogica-fundamental\/#breadcrumb","itemListElement":[{"@type":"ListItem","position":1,"name":"In\u00edcio","item":"https:\/\/redeicm.org.br\/purissimo\/"},{"@type":"ListItem","position":2,"name":"Proposta Pedag\u00f3gica &#8211; Ensino Fundamental"}]},{"@type":"WebSite","@id":"https:\/\/redeicm.org.br\/purissimo\/#website","url":"https:\/\/redeicm.org.br\/purissimo\/","name":"Col\u00e9gio Pur\u00edssimo Cora\u00e7\u00e3o de Maria | Rede ICM de educa\u00e7\u00e3o","description":"","publisher":{"@id":"https:\/\/redeicm.org.br\/purissimo\/#organization"},"potentialAction":[{"@type":"SearchAction","target":{"@type":"EntryPoint","urlTemplate":"https:\/\/redeicm.org.br\/purissimo\/?s={search_term_string}"},"query-input":{"@type":"PropertyValueSpecification","valueRequired":true,"valueName":"search_term_string"}}],"inLanguage":"pt-BR"},{"@type":"Organization","@id":"https:\/\/redeicm.org.br\/purissimo\/#organization","name":"Col\u00e9gio Pur\u00edssimo Cora\u00e7\u00e3o de Maria | Rede ICM de educa\u00e7\u00e3o","url":"https:\/\/redeicm.org.br\/purissimo\/","logo":{"@type":"ImageObject","inLanguage":"pt-BR","@id":"https:\/\/redeicm.org.br\/purissimo\/#\/schema\/logo\/image\/","url":"https:\/\/redeicm.org.br\/purissimo\/wp-content\/uploads\/sites\/20\/2024\/08\/ICM_Educacao_Purissimo-12-1024x450-1.webp","contentUrl":"https:\/\/redeicm.org.br\/purissimo\/wp-content\/uploads\/sites\/20\/2024\/08\/ICM_Educacao_Purissimo-12-1024x450-1.webp","width":1024,"height":450,"caption":"Col\u00e9gio Pur\u00edssimo Cora\u00e7\u00e3o de Maria | Rede ICM de educa\u00e7\u00e3o"},"image":{"@id":"https:\/\/redeicm.org.br\/purissimo\/#\/schema\/logo\/image\/"}}]}},"_links":{"self":[{"href":"https:\/\/redeicm.org.br\/purissimo\/wp-json\/wp\/v2\/pages\/375","targetHints":{"allow":["GET"]}}],"collection":[{"href":"https:\/\/redeicm.org.br\/purissimo\/wp-json\/wp\/v2\/pages"}],"about":[{"href":"https:\/\/redeicm.org.br\/purissimo\/wp-json\/wp\/v2\/types\/page"}],"author":[{"embeddable":true,"href":"https:\/\/redeicm.org.br\/purissimo\/wp-json\/wp\/v2\/users\/1"}],"replies":[{"embeddable":true,"href":"https:\/\/redeicm.org.br\/purissimo\/wp-json\/wp\/v2\/comments?post=375"}],"version-history":[{"count":23,"href":"https:\/\/redeicm.org.br\/purissimo\/wp-json\/wp\/v2\/pages\/375\/revisions"}],"predecessor-version":[{"id":1495,"href":"https:\/\/redeicm.org.br\/purissimo\/wp-json\/wp\/v2\/pages\/375\/revisions\/1495"}],"wp:attachment":[{"href":"https:\/\/redeicm.org.br\/purissimo\/wp-json\/wp\/v2\/media?parent=375"}],"curies":[{"name":"wp","href":"https:\/\/api.w.org\/{rel}","templated":true}]}}