{"id":354,"date":"2024-08-21T20:49:00","date_gmt":"2024-08-21T23:49:00","guid":{"rendered":"https:\/\/redeicm.org.br\/purissimo\/?page_id=354"},"modified":"2025-06-27T16:10:00","modified_gmt":"2025-06-27T19:10:00","slug":"avaliacoes-educacao-infantil","status":"publish","type":"page","link":"https:\/\/redeicm.org.br\/purissimo\/avaliacoes-educacao-infantil\/","title":{"rendered":"Avalia\u00e7\u00f5es &#8211; Educa\u00e7\u00e3o Infantil"},"content":{"rendered":"\t\t<div data-elementor-type=\"wp-page\" data-elementor-id=\"354\" class=\"elementor elementor-354\" data-elementor-post-type=\"page\">\n\t\t\t\t<div class=\"elementor-element elementor-element-46444d6b e-flex e-con-boxed e-con e-parent\" data-id=\"46444d6b\" data-element_type=\"container\" data-e-type=\"container\" data-settings=\"{&quot;background_background&quot;:&quot;classic&quot;}\">\n\t\t\t\t\t<div class=\"e-con-inner\">\n\t\t\t\t<div class=\"elementor-element elementor-element-18542458 elementor-widget elementor-widget-heading\" data-id=\"18542458\" data-element_type=\"widget\" data-e-type=\"widget\" data-widget_type=\"heading.default\">\n\t\t\t\t<div class=\"elementor-widget-container\">\n\t\t\t\t\t<h1 class=\"elementor-heading-title elementor-size-default\">Avalia\u00e7\u00f5es &#8211; Educa\u00e7\u00e3o Infantil<\/h1>\t\t\t\t<\/div>\n\t\t\t\t<\/div>\n\t\t\t\t\t<\/div>\n\t\t\t\t<\/div>\n\t\t<div class=\"elementor-element elementor-element-a08e14f e-flex e-con-boxed e-con e-parent\" data-id=\"a08e14f\" data-element_type=\"container\" data-e-type=\"container\">\n\t\t\t\t\t<div class=\"e-con-inner\">\n\t\t\t\t<div class=\"elementor-element elementor-element-a1c69f3 elementor-invisible elementor-widget elementor-widget-text-editor\" data-id=\"a1c69f3\" data-element_type=\"widget\" data-e-type=\"widget\" data-settings=\"{&quot;_animation&quot;:&quot;fadeInUp&quot;}\" data-widget_type=\"text-editor.default\">\n\t\t\t\t<div class=\"elementor-widget-container\">\n\t\t\t\t\t\t\t\t\t<h2><b>Avalia\u00e7\u00e3o na Educa\u00e7\u00e3o Infantil: Um Olhar Qualitativo e Processual<\/b><\/h2><p>Na Educa\u00e7\u00e3o Infantil, nossa\u00a0<b>avalia\u00e7\u00e3o \u00e9 um processo cont\u00ednuo e qualitativo<\/b>, que acompanha de perto o desenvolvimento de cada crian\u00e7a. Ela n\u00e3o se trata de notas, mas sim de um olhar atento ao percurso de aprendizado, permitindo-nos compreender como seu filho interage, aprende e se expressa.<\/p><h2><b>Como Avaliamos o Desenvolvimento do seu Filho<\/b><\/h2><p>Nossa metodologia avaliativa se alinha com a Base Nacional Comum Curricular (BNCC), focando nos\u00a0<b>Campos de Experi\u00eancias<\/b>\u00a0e nas\u00a0<b>habilidades<\/b>\u00a0essenciais para essa fase. Utilizamos um\u00a0<b>parecer descritivo<\/b>\u00a0trimestral para comunicar esse progresso, que reflete observa\u00e7\u00f5es di\u00e1rias e registros cuidadosos.<\/p><p>Esse processo \u00e9:<\/p><ul><li><b>Processual e Cont\u00ednuo:<\/b>\u00a0observamos o desenvolvimento do seu filho em todas as atividades, desde o brincar livre at\u00e9 as propostas pedag\u00f3gicas. \u00c9 um acompanhamento constante que nos permite identificar suas potencialidades e os pontos que podem ser ainda mais estimulados.<\/li><li><b>Qualitativo:<\/b>\u00a0valorizamos o \u201ccomo\u201d seu filho aprende e se relaciona, mais do que \u201co que\u201d ele memoriza. Isso inclui a sua\u00a0<b>identidade e autonomia<\/b>, a\u00a0<b>criatividade<\/b>, a capacidade de se expressar em\u00a0<b>diferentes linguagens<\/b>, e a forma como lida com o\u00a0<b>cuidado, a conviv\u00eancia e o afeto<\/b>.<\/li><li><b>Alinhado \u00e0 BNCC:<\/b>\u00a0nossas observa\u00e7\u00f5es s\u00e3o direcionadas pelos\u00a0<b>Campos de Experi\u00eancias<\/b>\u00a0da BNCC, garantindo que acompanhamos o desenvolvimento das habilidades sociais, emocionais, cognitivas e motoras necess\u00e1rias para essa etapa.<\/li><\/ul><h2><b>Instrumentos e Comunica\u00e7\u00e3o<\/b><\/h2><p>Para essa avalia\u00e7\u00e3o, utilizamos:<\/p><ul><li><b>Observa\u00e7\u00f5es di\u00e1rias:<\/b>\u00a0anota\u00e7\u00f5es sobre as intera\u00e7\u00f5es, descobertas e avan\u00e7os.<\/li><li><b>Registros e relat\u00f3rios:<\/b>\u00a0documenta\u00e7\u00e3o das atividades e do envolvimento de cada crian\u00e7a.<\/li><li><b>Pareceres descritivos:<\/b>\u00a0relat\u00f3rios detalhados que voc\u00ea receber\u00e1 trimestralmente, descrevendo o desenvolvimento do seu filho em cada Campo de Experi\u00eancia e nas habilidades trabalhadas.<\/li><\/ul><p>A promo\u00e7\u00e3o na Educa\u00e7\u00e3o Infantil \u00e9\u00a0<b>autom\u00e1tica<\/b>, conforme a legisla\u00e7\u00e3o, pois o foco est\u00e1 no desenvolvimento integral e cont\u00ednuo, sem a preocupa\u00e7\u00e3o com reprova\u00e7\u00f5es. Nosso objetivo \u00e9 sempre auxiliar cada crian\u00e7a em sua jornada de aprendizagem, oferecendo as melhores estrat\u00e9gias e um ambiente acolhedor. Se tiverem alguma d\u00favida sobre o desenvolvimento do seu filho, estamos \u00e0 disposi\u00e7\u00e3o para conversar!<\/p>\t\t\t\t\t\t\t\t<\/div>\n\t\t\t\t<\/div>\n\t\t\t\t\t<\/div>\n\t\t\t\t<\/div>\n\t\t\t\t<\/div>\n\t\t","protected":false},"excerpt":{"rendered":"<p>Avalia\u00e7\u00e3o na Educa\u00e7\u00e3o Infantil: Um Olhar Qualitativo e Processual Na Educa\u00e7\u00e3o Infantil, nossa\u00a0avalia\u00e7\u00e3o \u00e9 um processo cont\u00ednuo e qualitativo, que acompanha de perto o desenvolvimento de cada crian\u00e7a. Ela n\u00e3o se trata de notas, mas sim de um olhar atento ao percurso de aprendizado, permitindo-nos compreender como seu filho interage, aprende e se expressa. Como [&hellip;]<\/p>\n","protected":false},"author":1,"featured_media":0,"parent":0,"menu_order":0,"comment_status":"closed","ping_status":"closed","template":"","meta":{"_acf_changed":false,"footnotes":""},"class_list":["post-354","page","type-page","status-publish","hentry"],"acf":[],"yoast_head":"<!-- This site is optimized with the Yoast SEO plugin v26.3 - https:\/\/yoast.com\/wordpress\/plugins\/seo\/ -->\n<title>Avalia\u00e7\u00f5es - Educa\u00e7\u00e3o Infantil - Col\u00e9gio Pur\u00edssimo Cora\u00e7\u00e3o de Maria | Rede ICM de educa\u00e7\u00e3o<\/title>\n<meta name=\"robots\" content=\"index, follow, max-snippet:-1, max-image-preview:large, max-video-preview:-1\" \/>\n<link rel=\"canonical\" href=\"https:\/\/redeicm.org.br\/purissimo\/avaliacoes-educacao-infantil\/\" \/>\n<meta property=\"og:locale\" content=\"pt_BR\" \/>\n<meta property=\"og:type\" content=\"article\" \/>\n<meta property=\"og:title\" content=\"Avalia\u00e7\u00f5es - Educa\u00e7\u00e3o Infantil - Col\u00e9gio Pur\u00edssimo Cora\u00e7\u00e3o de Maria | Rede ICM de educa\u00e7\u00e3o\" \/>\n<meta property=\"og:description\" content=\"Avalia\u00e7\u00e3o na Educa\u00e7\u00e3o Infantil: Um Olhar Qualitativo e Processual Na Educa\u00e7\u00e3o Infantil, nossa\u00a0avalia\u00e7\u00e3o \u00e9 um processo cont\u00ednuo e qualitativo, que acompanha de perto o desenvolvimento de cada crian\u00e7a. Ela n\u00e3o se trata de notas, mas sim de um olhar atento ao percurso de aprendizado, permitindo-nos compreender como seu filho interage, aprende e se expressa. Como [&hellip;]\" \/>\n<meta property=\"og:url\" content=\"https:\/\/redeicm.org.br\/purissimo\/avaliacoes-educacao-infantil\/\" \/>\n<meta property=\"og:site_name\" content=\"Col\u00e9gio Pur\u00edssimo Cora\u00e7\u00e3o de Maria | Rede ICM de educa\u00e7\u00e3o\" \/>\n<meta property=\"article:modified_time\" content=\"2025-06-27T19:10:00+00:00\" \/>\n<meta name=\"twitter:card\" content=\"summary_large_image\" \/>\n<meta name=\"twitter:label1\" content=\"Est. tempo de leitura\" \/>\n\t<meta name=\"twitter:data1\" content=\"2 minutos\" \/>\n<script type=\"application\/ld+json\" class=\"yoast-schema-graph\">{\"@context\":\"https:\/\/schema.org\",\"@graph\":[{\"@type\":\"WebPage\",\"@id\":\"https:\/\/redeicm.org.br\/purissimo\/avaliacoes-educacao-infantil\/\",\"url\":\"https:\/\/redeicm.org.br\/purissimo\/avaliacoes-educacao-infantil\/\",\"name\":\"Avalia\u00e7\u00f5es - Educa\u00e7\u00e3o Infantil - Col\u00e9gio Pur\u00edssimo Cora\u00e7\u00e3o de Maria | Rede ICM de educa\u00e7\u00e3o\",\"isPartOf\":{\"@id\":\"https:\/\/redeicm.org.br\/purissimo\/#website\"},\"datePublished\":\"2024-08-21T23:49:00+00:00\",\"dateModified\":\"2025-06-27T19:10:00+00:00\",\"breadcrumb\":{\"@id\":\"https:\/\/redeicm.org.br\/purissimo\/avaliacoes-educacao-infantil\/#breadcrumb\"},\"inLanguage\":\"pt-BR\",\"potentialAction\":[{\"@type\":\"ReadAction\",\"target\":[\"https:\/\/redeicm.org.br\/purissimo\/avaliacoes-educacao-infantil\/\"]}]},{\"@type\":\"BreadcrumbList\",\"@id\":\"https:\/\/redeicm.org.br\/purissimo\/avaliacoes-educacao-infantil\/#breadcrumb\",\"itemListElement\":[{\"@type\":\"ListItem\",\"position\":1,\"name\":\"In\u00edcio\",\"item\":\"https:\/\/redeicm.org.br\/purissimo\/\"},{\"@type\":\"ListItem\",\"position\":2,\"name\":\"Avalia\u00e7\u00f5es &#8211; Educa\u00e7\u00e3o Infantil\"}]},{\"@type\":\"WebSite\",\"@id\":\"https:\/\/redeicm.org.br\/purissimo\/#website\",\"url\":\"https:\/\/redeicm.org.br\/purissimo\/\",\"name\":\"Col\u00e9gio Pur\u00edssimo Cora\u00e7\u00e3o de Maria | Rede ICM de educa\u00e7\u00e3o\",\"description\":\"\",\"publisher\":{\"@id\":\"https:\/\/redeicm.org.br\/purissimo\/#organization\"},\"potentialAction\":[{\"@type\":\"SearchAction\",\"target\":{\"@type\":\"EntryPoint\",\"urlTemplate\":\"https:\/\/redeicm.org.br\/purissimo\/?s={search_term_string}\"},\"query-input\":{\"@type\":\"PropertyValueSpecification\",\"valueRequired\":true,\"valueName\":\"search_term_string\"}}],\"inLanguage\":\"pt-BR\"},{\"@type\":\"Organization\",\"@id\":\"https:\/\/redeicm.org.br\/purissimo\/#organization\",\"name\":\"Col\u00e9gio Pur\u00edssimo Cora\u00e7\u00e3o de Maria | Rede ICM de educa\u00e7\u00e3o\",\"url\":\"https:\/\/redeicm.org.br\/purissimo\/\",\"logo\":{\"@type\":\"ImageObject\",\"inLanguage\":\"pt-BR\",\"@id\":\"https:\/\/redeicm.org.br\/purissimo\/#\/schema\/logo\/image\/\",\"url\":\"https:\/\/redeicm.org.br\/purissimo\/wp-content\/uploads\/sites\/20\/2024\/08\/ICM_Educacao_Purissimo-12-1024x450-1.webp\",\"contentUrl\":\"https:\/\/redeicm.org.br\/purissimo\/wp-content\/uploads\/sites\/20\/2024\/08\/ICM_Educacao_Purissimo-12-1024x450-1.webp\",\"width\":1024,\"height\":450,\"caption\":\"Col\u00e9gio Pur\u00edssimo Cora\u00e7\u00e3o de Maria | Rede ICM de educa\u00e7\u00e3o\"},\"image\":{\"@id\":\"https:\/\/redeicm.org.br\/purissimo\/#\/schema\/logo\/image\/\"}}]}<\/script>\n<!-- \/ Yoast SEO plugin. -->","yoast_head_json":{"title":"Avalia\u00e7\u00f5es - Educa\u00e7\u00e3o Infantil - Col\u00e9gio Pur\u00edssimo Cora\u00e7\u00e3o de Maria | Rede ICM de educa\u00e7\u00e3o","robots":{"index":"index","follow":"follow","max-snippet":"max-snippet:-1","max-image-preview":"max-image-preview:large","max-video-preview":"max-video-preview:-1"},"canonical":"https:\/\/redeicm.org.br\/purissimo\/avaliacoes-educacao-infantil\/","og_locale":"pt_BR","og_type":"article","og_title":"Avalia\u00e7\u00f5es - Educa\u00e7\u00e3o Infantil - Col\u00e9gio Pur\u00edssimo Cora\u00e7\u00e3o de Maria | Rede ICM de educa\u00e7\u00e3o","og_description":"Avalia\u00e7\u00e3o na Educa\u00e7\u00e3o Infantil: Um Olhar Qualitativo e Processual Na Educa\u00e7\u00e3o Infantil, nossa\u00a0avalia\u00e7\u00e3o \u00e9 um processo cont\u00ednuo e qualitativo, que acompanha de perto o desenvolvimento de cada crian\u00e7a. Ela n\u00e3o se trata de notas, mas sim de um olhar atento ao percurso de aprendizado, permitindo-nos compreender como seu filho interage, aprende e se expressa. Como [&hellip;]","og_url":"https:\/\/redeicm.org.br\/purissimo\/avaliacoes-educacao-infantil\/","og_site_name":"Col\u00e9gio Pur\u00edssimo Cora\u00e7\u00e3o de Maria | Rede ICM de educa\u00e7\u00e3o","article_modified_time":"2025-06-27T19:10:00+00:00","twitter_card":"summary_large_image","twitter_misc":{"Est. tempo de leitura":"2 minutos"},"schema":{"@context":"https:\/\/schema.org","@graph":[{"@type":"WebPage","@id":"https:\/\/redeicm.org.br\/purissimo\/avaliacoes-educacao-infantil\/","url":"https:\/\/redeicm.org.br\/purissimo\/avaliacoes-educacao-infantil\/","name":"Avalia\u00e7\u00f5es - Educa\u00e7\u00e3o Infantil - Col\u00e9gio Pur\u00edssimo Cora\u00e7\u00e3o de Maria | Rede ICM de educa\u00e7\u00e3o","isPartOf":{"@id":"https:\/\/redeicm.org.br\/purissimo\/#website"},"datePublished":"2024-08-21T23:49:00+00:00","dateModified":"2025-06-27T19:10:00+00:00","breadcrumb":{"@id":"https:\/\/redeicm.org.br\/purissimo\/avaliacoes-educacao-infantil\/#breadcrumb"},"inLanguage":"pt-BR","potentialAction":[{"@type":"ReadAction","target":["https:\/\/redeicm.org.br\/purissimo\/avaliacoes-educacao-infantil\/"]}]},{"@type":"BreadcrumbList","@id":"https:\/\/redeicm.org.br\/purissimo\/avaliacoes-educacao-infantil\/#breadcrumb","itemListElement":[{"@type":"ListItem","position":1,"name":"In\u00edcio","item":"https:\/\/redeicm.org.br\/purissimo\/"},{"@type":"ListItem","position":2,"name":"Avalia\u00e7\u00f5es &#8211; Educa\u00e7\u00e3o Infantil"}]},{"@type":"WebSite","@id":"https:\/\/redeicm.org.br\/purissimo\/#website","url":"https:\/\/redeicm.org.br\/purissimo\/","name":"Col\u00e9gio Pur\u00edssimo Cora\u00e7\u00e3o de Maria | Rede ICM de educa\u00e7\u00e3o","description":"","publisher":{"@id":"https:\/\/redeicm.org.br\/purissimo\/#organization"},"potentialAction":[{"@type":"SearchAction","target":{"@type":"EntryPoint","urlTemplate":"https:\/\/redeicm.org.br\/purissimo\/?s={search_term_string}"},"query-input":{"@type":"PropertyValueSpecification","valueRequired":true,"valueName":"search_term_string"}}],"inLanguage":"pt-BR"},{"@type":"Organization","@id":"https:\/\/redeicm.org.br\/purissimo\/#organization","name":"Col\u00e9gio Pur\u00edssimo Cora\u00e7\u00e3o de Maria | Rede ICM de educa\u00e7\u00e3o","url":"https:\/\/redeicm.org.br\/purissimo\/","logo":{"@type":"ImageObject","inLanguage":"pt-BR","@id":"https:\/\/redeicm.org.br\/purissimo\/#\/schema\/logo\/image\/","url":"https:\/\/redeicm.org.br\/purissimo\/wp-content\/uploads\/sites\/20\/2024\/08\/ICM_Educacao_Purissimo-12-1024x450-1.webp","contentUrl":"https:\/\/redeicm.org.br\/purissimo\/wp-content\/uploads\/sites\/20\/2024\/08\/ICM_Educacao_Purissimo-12-1024x450-1.webp","width":1024,"height":450,"caption":"Col\u00e9gio Pur\u00edssimo Cora\u00e7\u00e3o de Maria | Rede ICM de educa\u00e7\u00e3o"},"image":{"@id":"https:\/\/redeicm.org.br\/purissimo\/#\/schema\/logo\/image\/"}}]}},"_links":{"self":[{"href":"https:\/\/redeicm.org.br\/purissimo\/wp-json\/wp\/v2\/pages\/354","targetHints":{"allow":["GET"]}}],"collection":[{"href":"https:\/\/redeicm.org.br\/purissimo\/wp-json\/wp\/v2\/pages"}],"about":[{"href":"https:\/\/redeicm.org.br\/purissimo\/wp-json\/wp\/v2\/types\/page"}],"author":[{"embeddable":true,"href":"https:\/\/redeicm.org.br\/purissimo\/wp-json\/wp\/v2\/users\/1"}],"replies":[{"embeddable":true,"href":"https:\/\/redeicm.org.br\/purissimo\/wp-json\/wp\/v2\/comments?post=354"}],"version-history":[{"count":24,"href":"https:\/\/redeicm.org.br\/purissimo\/wp-json\/wp\/v2\/pages\/354\/revisions"}],"predecessor-version":[{"id":1513,"href":"https:\/\/redeicm.org.br\/purissimo\/wp-json\/wp\/v2\/pages\/354\/revisions\/1513"}],"wp:attachment":[{"href":"https:\/\/redeicm.org.br\/purissimo\/wp-json\/wp\/v2\/media?parent=354"}],"curies":[{"name":"wp","href":"https:\/\/api.w.org\/{rel}","templated":true}]}}