{"id":341,"date":"2024-08-21T20:44:28","date_gmt":"2024-08-21T23:44:28","guid":{"rendered":"https:\/\/redeicm.org.br\/purissimo\/?page_id=341"},"modified":"2025-06-27T16:06:47","modified_gmt":"2025-06-27T19:06:47","slug":"proposta-pedagogica","status":"publish","type":"page","link":"https:\/\/redeicm.org.br\/purissimo\/proposta-pedagogica\/","title":{"rendered":"Proposta Pedag\u00f3gica &#8211; Educa\u00e7\u00e3o Infantil"},"content":{"rendered":"\t\t<div data-elementor-type=\"wp-page\" data-elementor-id=\"341\" class=\"elementor elementor-341\" data-elementor-post-type=\"page\">\n\t\t\t\t<div class=\"elementor-element elementor-element-56c1a31c e-flex e-con-boxed e-con e-parent\" data-id=\"56c1a31c\" data-element_type=\"container\" data-e-type=\"container\" data-settings=\"{&quot;background_background&quot;:&quot;classic&quot;}\">\n\t\t\t\t\t<div class=\"e-con-inner\">\n\t\t\t\t<div class=\"elementor-element elementor-element-382d3b21 elementor-widget elementor-widget-heading\" data-id=\"382d3b21\" data-element_type=\"widget\" data-e-type=\"widget\" data-widget_type=\"heading.default\">\n\t\t\t\t<div class=\"elementor-widget-container\">\n\t\t\t\t\t<h1 class=\"elementor-heading-title elementor-size-default\">Proposta Pedag\u00f3gica &#8211; Educa\u00e7\u00e3o Infantil<\/h1>\t\t\t\t<\/div>\n\t\t\t\t<\/div>\n\t\t\t\t\t<\/div>\n\t\t\t\t<\/div>\n\t\t<div class=\"elementor-element elementor-element-6c5d3a0 e-flex e-con-boxed e-con e-parent\" data-id=\"6c5d3a0\" data-element_type=\"container\" data-e-type=\"container\">\n\t\t\t\t\t<div class=\"e-con-inner\">\n\t\t\t\t<div class=\"elementor-element elementor-element-c1e0296 elementor-invisible elementor-widget elementor-widget-text-editor\" data-id=\"c1e0296\" data-element_type=\"widget\" data-e-type=\"widget\" data-settings=\"{&quot;_animation&quot;:&quot;fadeInUp&quot;}\" data-widget_type=\"text-editor.default\">\n\t\t\t\t<div class=\"elementor-widget-container\">\n\t\t\t\t\t\t\t\t\t<h2><b>A Proposta Pedag\u00f3gica na Educa\u00e7\u00e3o Infantil\u00a0<\/b><\/h2><p>A Educa\u00e7\u00e3o Infantil \u00e9 a base da jornada educacional de uma crian\u00e7a e no Col\u00e9gio Pur\u00edssimo, essa fase \u00e9 tratada com a import\u00e2ncia que merece, com uma\u00a0<b>proposta pedag\u00f3gica<\/b>\u00a0que privilegia o\u00a0<b>brincar<\/b>\u00a0e o\u00a0<b>desenvolvimento de projetos<\/b>\u00a0como pilares para o crescimento integral. Essa abordagem reconhece que as crian\u00e7as aprendem de forma mais significativa quando s\u00e3o ativas na constru\u00e7\u00e3o do pr\u00f3prio conhecimento, explorando o mundo de maneira l\u00fadica e investigativa.<\/p><p>O brincar, nesse contexto, vai muito al\u00e9m de uma simples divers\u00e3o. Ele \u00e9 uma ferramenta poderosa que estimula a\u00a0<b>criatividade<\/b>, a\u00a0<b>imagina\u00e7\u00e3o<\/b>\u00a0e o\u00a0<b>desenvolvimento de diferentes habilidades<\/b>. Por meio de jogos, faz de conta e intera\u00e7\u00f5es espont\u00e2neas, as crian\u00e7as exploram pap\u00e9is, resolvem problemas, negociam e expressam emo\u00e7\u00f5es, desenvolvendo a\u00a0<b>identidade e autonomia<\/b>. \u00c9 nesse espa\u00e7o de liberdade que elas constroem no\u00e7\u00f5es sobre si mesmas e sobre o mundo ao redor.<\/p><p>Paralelamente, o\u00a0<b>desenvolvimento de projetos<\/b>\u00a0emerge como uma metodologia din\u00e2mica e engajadora. Projetos tem\u00e1ticos, que nascem dos interesses das pr\u00f3prias crian\u00e7as ou de situa\u00e7\u00f5es cotidianas, permitem uma\u00a0<b>aprendizagem nas diferentes linguagens<\/b>, seja ela verbal, corporal, art\u00edstica ou matem\u00e1tica. Ao se dedicarem a um projeto, as crian\u00e7as s\u00e3o incentivadas a pesquisar, planejar, executar e avaliar, desenvolvendo habilidades de colabora\u00e7\u00e3o, pensamento cr\u00edtico e resolu\u00e7\u00e3o de problemas. Essa abordagem integrada garante que o aprendizado seja significativo e contextualizado.<\/p><p>O Col\u00e9gio Pur\u00edssimo, pertencente \u00e0 Rede ICM de Educa\u00e7\u00e3o, ao valorizar aspectos como\u00a0<b>Espa\u00e7os L\u00fadicos e Criativos<\/b>,\u00a0<b>Cuidado, Conviv\u00eancia e Afeto<\/b>, e o trip\u00e9\u00a0<b>Educar, Cuidar e Brincar<\/b>, demonstra um entendimento profundo das necessidades da primeira inf\u00e2ncia. Compreende-se que um ambiente acolhedor e seguro, onde o afeto e a conviv\u00eancia saud\u00e1vel s\u00e3o incentivados, \u00e9 essencial para que a crian\u00e7a se sinta confiante em explorar, experimentar e aprender.<\/p><p>Em s\u00edntese, a proposta pedag\u00f3gica que se baseia no brincar e no desenvolvimento de projetos na Educa\u00e7\u00e3o Infantil \u00e9 um convite \u00e0 descoberta. Ela reconhece a crian\u00e7a como protagonista de seu aprendizado, promovendo um desenvolvimento harmonioso de todas as suas potencialidades, preparando-a n\u00e3o apenas para as etapas futuras da educa\u00e7\u00e3o formal, mas para a vida em sua plenitude.<\/p>\t\t\t\t\t\t\t\t<\/div>\n\t\t\t\t<\/div>\n\t\t\t\t\t<\/div>\n\t\t\t\t<\/div>\n\t\t\t\t<\/div>\n\t\t","protected":false},"excerpt":{"rendered":"<p>A Proposta Pedag\u00f3gica na Educa\u00e7\u00e3o Infantil\u00a0 A Educa\u00e7\u00e3o Infantil \u00e9 a base da jornada educacional de uma crian\u00e7a e no Col\u00e9gio Pur\u00edssimo, essa fase \u00e9 tratada com a import\u00e2ncia que merece, com uma\u00a0proposta pedag\u00f3gica\u00a0que privilegia o\u00a0brincar\u00a0e o\u00a0desenvolvimento de projetos\u00a0como pilares para o crescimento integral. Essa abordagem reconhece que as crian\u00e7as aprendem de forma mais significativa [&hellip;]<\/p>\n","protected":false},"author":1,"featured_media":0,"parent":0,"menu_order":0,"comment_status":"closed","ping_status":"closed","template":"","meta":{"_acf_changed":false,"footnotes":""},"class_list":["post-341","page","type-page","status-publish","hentry"],"acf":[],"yoast_head":"<!-- This site is optimized with the Yoast SEO plugin v26.3 - https:\/\/yoast.com\/wordpress\/plugins\/seo\/ -->\n<title>Proposta Pedag\u00f3gica - Educa\u00e7\u00e3o Infantil - Col\u00e9gio Pur\u00edssimo Cora\u00e7\u00e3o de Maria | Rede ICM de educa\u00e7\u00e3o<\/title>\n<meta name=\"robots\" content=\"index, follow, max-snippet:-1, max-image-preview:large, max-video-preview:-1\" \/>\n<link rel=\"canonical\" href=\"https:\/\/redeicm.org.br\/purissimo\/proposta-pedagogica\/\" \/>\n<meta property=\"og:locale\" content=\"pt_BR\" \/>\n<meta property=\"og:type\" content=\"article\" \/>\n<meta property=\"og:title\" content=\"Proposta Pedag\u00f3gica - Educa\u00e7\u00e3o Infantil - Col\u00e9gio Pur\u00edssimo Cora\u00e7\u00e3o de Maria | Rede ICM de educa\u00e7\u00e3o\" \/>\n<meta property=\"og:description\" content=\"A Proposta Pedag\u00f3gica na Educa\u00e7\u00e3o Infantil\u00a0 A Educa\u00e7\u00e3o Infantil \u00e9 a base da jornada educacional de uma crian\u00e7a e no Col\u00e9gio Pur\u00edssimo, essa fase \u00e9 tratada com a import\u00e2ncia que merece, com uma\u00a0proposta pedag\u00f3gica\u00a0que privilegia o\u00a0brincar\u00a0e o\u00a0desenvolvimento de projetos\u00a0como pilares para o crescimento integral. Essa abordagem reconhece que as crian\u00e7as aprendem de forma mais significativa [&hellip;]\" \/>\n<meta property=\"og:url\" content=\"https:\/\/redeicm.org.br\/purissimo\/proposta-pedagogica\/\" \/>\n<meta property=\"og:site_name\" content=\"Col\u00e9gio Pur\u00edssimo Cora\u00e7\u00e3o de Maria | Rede ICM de educa\u00e7\u00e3o\" \/>\n<meta property=\"article:modified_time\" content=\"2025-06-27T19:06:47+00:00\" \/>\n<meta name=\"twitter:card\" content=\"summary_large_image\" \/>\n<meta name=\"twitter:label1\" content=\"Est. tempo de leitura\" \/>\n\t<meta name=\"twitter:data1\" content=\"2 minutos\" \/>\n<script type=\"application\/ld+json\" class=\"yoast-schema-graph\">{\"@context\":\"https:\/\/schema.org\",\"@graph\":[{\"@type\":\"WebPage\",\"@id\":\"https:\/\/redeicm.org.br\/purissimo\/proposta-pedagogica\/\",\"url\":\"https:\/\/redeicm.org.br\/purissimo\/proposta-pedagogica\/\",\"name\":\"Proposta Pedag\u00f3gica - Educa\u00e7\u00e3o Infantil - Col\u00e9gio Pur\u00edssimo Cora\u00e7\u00e3o de Maria | Rede ICM de educa\u00e7\u00e3o\",\"isPartOf\":{\"@id\":\"https:\/\/redeicm.org.br\/purissimo\/#website\"},\"datePublished\":\"2024-08-21T23:44:28+00:00\",\"dateModified\":\"2025-06-27T19:06:47+00:00\",\"breadcrumb\":{\"@id\":\"https:\/\/redeicm.org.br\/purissimo\/proposta-pedagogica\/#breadcrumb\"},\"inLanguage\":\"pt-BR\",\"potentialAction\":[{\"@type\":\"ReadAction\",\"target\":[\"https:\/\/redeicm.org.br\/purissimo\/proposta-pedagogica\/\"]}]},{\"@type\":\"BreadcrumbList\",\"@id\":\"https:\/\/redeicm.org.br\/purissimo\/proposta-pedagogica\/#breadcrumb\",\"itemListElement\":[{\"@type\":\"ListItem\",\"position\":1,\"name\":\"In\u00edcio\",\"item\":\"https:\/\/redeicm.org.br\/purissimo\/\"},{\"@type\":\"ListItem\",\"position\":2,\"name\":\"Proposta Pedag\u00f3gica &#8211; Educa\u00e7\u00e3o Infantil\"}]},{\"@type\":\"WebSite\",\"@id\":\"https:\/\/redeicm.org.br\/purissimo\/#website\",\"url\":\"https:\/\/redeicm.org.br\/purissimo\/\",\"name\":\"Col\u00e9gio Pur\u00edssimo Cora\u00e7\u00e3o de Maria | Rede ICM de educa\u00e7\u00e3o\",\"description\":\"\",\"publisher\":{\"@id\":\"https:\/\/redeicm.org.br\/purissimo\/#organization\"},\"potentialAction\":[{\"@type\":\"SearchAction\",\"target\":{\"@type\":\"EntryPoint\",\"urlTemplate\":\"https:\/\/redeicm.org.br\/purissimo\/?s={search_term_string}\"},\"query-input\":{\"@type\":\"PropertyValueSpecification\",\"valueRequired\":true,\"valueName\":\"search_term_string\"}}],\"inLanguage\":\"pt-BR\"},{\"@type\":\"Organization\",\"@id\":\"https:\/\/redeicm.org.br\/purissimo\/#organization\",\"name\":\"Col\u00e9gio Pur\u00edssimo Cora\u00e7\u00e3o de Maria | Rede ICM de educa\u00e7\u00e3o\",\"url\":\"https:\/\/redeicm.org.br\/purissimo\/\",\"logo\":{\"@type\":\"ImageObject\",\"inLanguage\":\"pt-BR\",\"@id\":\"https:\/\/redeicm.org.br\/purissimo\/#\/schema\/logo\/image\/\",\"url\":\"https:\/\/redeicm.org.br\/purissimo\/wp-content\/uploads\/sites\/20\/2024\/08\/ICM_Educacao_Purissimo-12-1024x450-1.webp\",\"contentUrl\":\"https:\/\/redeicm.org.br\/purissimo\/wp-content\/uploads\/sites\/20\/2024\/08\/ICM_Educacao_Purissimo-12-1024x450-1.webp\",\"width\":1024,\"height\":450,\"caption\":\"Col\u00e9gio Pur\u00edssimo Cora\u00e7\u00e3o de Maria | Rede ICM de educa\u00e7\u00e3o\"},\"image\":{\"@id\":\"https:\/\/redeicm.org.br\/purissimo\/#\/schema\/logo\/image\/\"}}]}<\/script>\n<!-- \/ Yoast SEO plugin. -->","yoast_head_json":{"title":"Proposta Pedag\u00f3gica - Educa\u00e7\u00e3o Infantil - Col\u00e9gio Pur\u00edssimo Cora\u00e7\u00e3o de Maria | Rede ICM de educa\u00e7\u00e3o","robots":{"index":"index","follow":"follow","max-snippet":"max-snippet:-1","max-image-preview":"max-image-preview:large","max-video-preview":"max-video-preview:-1"},"canonical":"https:\/\/redeicm.org.br\/purissimo\/proposta-pedagogica\/","og_locale":"pt_BR","og_type":"article","og_title":"Proposta Pedag\u00f3gica - Educa\u00e7\u00e3o Infantil - Col\u00e9gio Pur\u00edssimo Cora\u00e7\u00e3o de Maria | Rede ICM de educa\u00e7\u00e3o","og_description":"A Proposta Pedag\u00f3gica na Educa\u00e7\u00e3o Infantil\u00a0 A Educa\u00e7\u00e3o Infantil \u00e9 a base da jornada educacional de uma crian\u00e7a e no Col\u00e9gio Pur\u00edssimo, essa fase \u00e9 tratada com a import\u00e2ncia que merece, com uma\u00a0proposta pedag\u00f3gica\u00a0que privilegia o\u00a0brincar\u00a0e o\u00a0desenvolvimento de projetos\u00a0como pilares para o crescimento integral. Essa abordagem reconhece que as crian\u00e7as aprendem de forma mais significativa [&hellip;]","og_url":"https:\/\/redeicm.org.br\/purissimo\/proposta-pedagogica\/","og_site_name":"Col\u00e9gio Pur\u00edssimo Cora\u00e7\u00e3o de Maria | Rede ICM de educa\u00e7\u00e3o","article_modified_time":"2025-06-27T19:06:47+00:00","twitter_card":"summary_large_image","twitter_misc":{"Est. tempo de leitura":"2 minutos"},"schema":{"@context":"https:\/\/schema.org","@graph":[{"@type":"WebPage","@id":"https:\/\/redeicm.org.br\/purissimo\/proposta-pedagogica\/","url":"https:\/\/redeicm.org.br\/purissimo\/proposta-pedagogica\/","name":"Proposta Pedag\u00f3gica - Educa\u00e7\u00e3o Infantil - Col\u00e9gio Pur\u00edssimo Cora\u00e7\u00e3o de Maria | Rede ICM de educa\u00e7\u00e3o","isPartOf":{"@id":"https:\/\/redeicm.org.br\/purissimo\/#website"},"datePublished":"2024-08-21T23:44:28+00:00","dateModified":"2025-06-27T19:06:47+00:00","breadcrumb":{"@id":"https:\/\/redeicm.org.br\/purissimo\/proposta-pedagogica\/#breadcrumb"},"inLanguage":"pt-BR","potentialAction":[{"@type":"ReadAction","target":["https:\/\/redeicm.org.br\/purissimo\/proposta-pedagogica\/"]}]},{"@type":"BreadcrumbList","@id":"https:\/\/redeicm.org.br\/purissimo\/proposta-pedagogica\/#breadcrumb","itemListElement":[{"@type":"ListItem","position":1,"name":"In\u00edcio","item":"https:\/\/redeicm.org.br\/purissimo\/"},{"@type":"ListItem","position":2,"name":"Proposta Pedag\u00f3gica &#8211; Educa\u00e7\u00e3o Infantil"}]},{"@type":"WebSite","@id":"https:\/\/redeicm.org.br\/purissimo\/#website","url":"https:\/\/redeicm.org.br\/purissimo\/","name":"Col\u00e9gio Pur\u00edssimo Cora\u00e7\u00e3o de Maria | Rede ICM de educa\u00e7\u00e3o","description":"","publisher":{"@id":"https:\/\/redeicm.org.br\/purissimo\/#organization"},"potentialAction":[{"@type":"SearchAction","target":{"@type":"EntryPoint","urlTemplate":"https:\/\/redeicm.org.br\/purissimo\/?s={search_term_string}"},"query-input":{"@type":"PropertyValueSpecification","valueRequired":true,"valueName":"search_term_string"}}],"inLanguage":"pt-BR"},{"@type":"Organization","@id":"https:\/\/redeicm.org.br\/purissimo\/#organization","name":"Col\u00e9gio Pur\u00edssimo Cora\u00e7\u00e3o de Maria | Rede ICM de educa\u00e7\u00e3o","url":"https:\/\/redeicm.org.br\/purissimo\/","logo":{"@type":"ImageObject","inLanguage":"pt-BR","@id":"https:\/\/redeicm.org.br\/purissimo\/#\/schema\/logo\/image\/","url":"https:\/\/redeicm.org.br\/purissimo\/wp-content\/uploads\/sites\/20\/2024\/08\/ICM_Educacao_Purissimo-12-1024x450-1.webp","contentUrl":"https:\/\/redeicm.org.br\/purissimo\/wp-content\/uploads\/sites\/20\/2024\/08\/ICM_Educacao_Purissimo-12-1024x450-1.webp","width":1024,"height":450,"caption":"Col\u00e9gio Pur\u00edssimo Cora\u00e7\u00e3o de Maria | Rede ICM de educa\u00e7\u00e3o"},"image":{"@id":"https:\/\/redeicm.org.br\/purissimo\/#\/schema\/logo\/image\/"}}]}},"_links":{"self":[{"href":"https:\/\/redeicm.org.br\/purissimo\/wp-json\/wp\/v2\/pages\/341","targetHints":{"allow":["GET"]}}],"collection":[{"href":"https:\/\/redeicm.org.br\/purissimo\/wp-json\/wp\/v2\/pages"}],"about":[{"href":"https:\/\/redeicm.org.br\/purissimo\/wp-json\/wp\/v2\/types\/page"}],"author":[{"embeddable":true,"href":"https:\/\/redeicm.org.br\/purissimo\/wp-json\/wp\/v2\/users\/1"}],"replies":[{"embeddable":true,"href":"https:\/\/redeicm.org.br\/purissimo\/wp-json\/wp\/v2\/comments?post=341"}],"version-history":[{"count":20,"href":"https:\/\/redeicm.org.br\/purissimo\/wp-json\/wp\/v2\/pages\/341\/revisions"}],"predecessor-version":[{"id":1504,"href":"https:\/\/redeicm.org.br\/purissimo\/wp-json\/wp\/v2\/pages\/341\/revisions\/1504"}],"wp:attachment":[{"href":"https:\/\/redeicm.org.br\/purissimo\/wp-json\/wp\/v2\/media?parent=341"}],"curies":[{"name":"wp","href":"https:\/\/api.w.org\/{rel}","templated":true}]}}