{"id":334,"date":"2024-08-21T20:40:44","date_gmt":"2024-08-21T23:40:44","guid":{"rendered":"https:\/\/redeicm.org.br\/purissimo\/?page_id=334"},"modified":"2025-07-02T11:41:05","modified_gmt":"2025-07-02T14:41:05","slug":"educacao-infantil-2","status":"publish","type":"page","link":"https:\/\/redeicm.org.br\/purissimo\/educacao-infantil-2\/","title":{"rendered":"Educa\u00e7\u00e3o Infantil"},"content":{"rendered":"\t\t<div data-elementor-type=\"wp-page\" data-elementor-id=\"334\" class=\"elementor elementor-334\" data-elementor-post-type=\"page\">\n\t\t\t\t<div class=\"elementor-element elementor-element-1a77e2e3 e-flex e-con-boxed e-con e-parent\" data-id=\"1a77e2e3\" data-element_type=\"container\" data-e-type=\"container\" data-settings=\"{&quot;background_background&quot;:&quot;classic&quot;}\">\n\t\t\t\t\t<div class=\"e-con-inner\">\n\t\t\t\t<div class=\"elementor-element elementor-element-57e51e69 elementor-widget elementor-widget-heading\" data-id=\"57e51e69\" data-element_type=\"widget\" data-e-type=\"widget\" data-widget_type=\"heading.default\">\n\t\t\t\t<div class=\"elementor-widget-container\">\n\t\t\t\t\t<h1 class=\"elementor-heading-title elementor-size-default\">Educa\u00e7\u00e3o Infantil<\/h1>\t\t\t\t<\/div>\n\t\t\t\t<\/div>\n\t\t\t\t\t<\/div>\n\t\t\t\t<\/div>\n\t\t<div class=\"elementor-element elementor-element-a49076b e-flex e-con-boxed e-con e-parent\" data-id=\"a49076b\" data-element_type=\"container\" data-e-type=\"container\">\n\t\t\t\t\t<div class=\"e-con-inner\">\n\t\t\t\t<div class=\"elementor-element elementor-element-acfdfba elementor-invisible elementor-widget elementor-widget-text-editor\" data-id=\"acfdfba\" data-element_type=\"widget\" data-e-type=\"widget\" data-settings=\"{&quot;_animation&quot;:&quot;fadeInUp&quot;}\" data-widget_type=\"text-editor.default\">\n\t\t\t\t<div class=\"elementor-widget-container\">\n\t\t\t\t\t\t\t\t\t<p><b>Educa\u00e7\u00e3o Infantil no Col\u00e9gio Pur\u00edssimo; um mundo de descobertas que encanta!<\/b><\/p><p>No Col\u00e9gio Pur\u00edssimo, acreditamos que cada crian\u00e7a \u00e9 \u00fanica. Nossa Educa\u00e7\u00e3o Infantil vai muito al\u00e9m do ensino tradicional: ela \u00e9 uma jornada de desenvolvimento integral para crian\u00e7as at\u00e9 os cinco anos, abrangendo seus aspectos f\u00edsico, psicol\u00f3gico, intelectual e social. Aqui, a parceria entre escola, fam\u00edlia e comunidade se fortalece, guiada pelos valores do Projeto Educativo do Imaculado Cora\u00e7\u00e3o de Maria (ICM).<\/p><p><b>Aqui temos um espa\u00e7o pensado para crescer e brincar<\/b><\/p><p>Voc\u00ea j\u00e1 entrou na Casa Azul (Pr\u00e9dio da Educa\u00e7\u00e3o Infantil)?<\/p><p>Caso n\u00e3o a conhe\u00e7a, fa\u00e7a uma visita para conferir o que temos al\u00e9m da hist\u00f3rica fachada: uma estrutura f\u00edsica acolhedora, projetada com carinho para atender e encantar as crian\u00e7as a partir de 1 ano.<\/p><p>Nossas turmas s\u00e3o cuidadosamente organizadas para atender \u00e0s diferentes fases do desenvolvimento:<\/p><p>* Ber\u00e7\u00e1rio \u2013 1 ano<\/p><p>* Maternal 1 (2 anos completos at\u00e9 30 de mar\u00e7o)<\/p><p>* Maternal 2\u00a0 (3 anos completos at\u00e9 30 de mar\u00e7o)<\/p><p>* Pr\u00e9 1 (4 anos completos at\u00e9 30 de mar\u00e7o)<\/p><p>* Pr\u00e9 2 (5 anos completos at\u00e9 30 de mar\u00e7o)<\/p><p><b>Aprendizado divertido e valores para a vida.<\/b><\/p><p>Imagine um lugar onde a aprendizagem se transforma em pura divers\u00e3o! Nosso projeto pedag\u00f3gico \u00e9 um convite \u00e0 criatividade, \u00e0 socializa\u00e7\u00e3o e \u00e0 viv\u00eancia de valores humanos e crist\u00e3os.<\/p><p>Por meio de atividades l\u00fadicas e diversificadas, as crian\u00e7as exploram sua identidade, aprendem a respeitar o pr\u00f3ximo e desenvolvem suas habilidades psicomotoras, construindo uma base s\u00f3lida para todo o processo de aprendizagem.<\/p><p>Sabemos que cada crian\u00e7a floresce em seu pr\u00f3prio ritmo,\u00a0 por isso, nossa equipe dedica-se a criar um ambiente que nutre e impulsiona o desenvolvimento integral de cada pequeno, respeitando suas individualidades e suas incr\u00edveis capacidades em cada faixa et\u00e1ria.<\/p><p>Nosso objetivo \u00e9 despertar e fortalecer habilidades f\u00edsicas, afetivas, cognitivas, \u00e9ticas, de relacionamento interpessoal e de inser\u00e7\u00e3o social, preparando-os para um futuro brilhante.<\/p><p>Venha descobrir o universo de possibilidades e a qualidade que o Col\u00e9gio Pur\u00edssimo oferece para o seu filho, desde o in\u00edcio at\u00e9 o fim do processo escolar.<\/p><p>Quer saber mais sobre como podemos encantar e educar seu pequeno? Venha nos conhecer!<\/p>\t\t\t\t\t\t\t\t<\/div>\n\t\t\t\t<\/div>\n\t\t\t\t\t<\/div>\n\t\t\t\t<\/div>\n\t\t\t\t<\/div>\n\t\t","protected":false},"excerpt":{"rendered":"<p>Educa\u00e7\u00e3o Infantil no Col\u00e9gio Pur\u00edssimo; um mundo de descobertas que encanta! No Col\u00e9gio Pur\u00edssimo, acreditamos que cada crian\u00e7a \u00e9 \u00fanica. Nossa Educa\u00e7\u00e3o Infantil vai muito al\u00e9m do ensino tradicional: ela \u00e9 uma jornada de desenvolvimento integral para crian\u00e7as at\u00e9 os cinco anos, abrangendo seus aspectos f\u00edsico, psicol\u00f3gico, intelectual e social. Aqui, a parceria entre escola, [&hellip;]<\/p>\n","protected":false},"author":1,"featured_media":0,"parent":0,"menu_order":0,"comment_status":"closed","ping_status":"closed","template":"","meta":{"_acf_changed":false,"footnotes":""},"class_list":["post-334","page","type-page","status-publish","hentry"],"acf":[],"yoast_head":"<!-- This site is optimized with the Yoast SEO plugin v26.3 - https:\/\/yoast.com\/wordpress\/plugins\/seo\/ -->\n<title>Educa\u00e7\u00e3o Infantil - Col\u00e9gio Pur\u00edssimo Cora\u00e7\u00e3o de Maria | Rede ICM de educa\u00e7\u00e3o<\/title>\n<meta name=\"robots\" content=\"index, follow, max-snippet:-1, max-image-preview:large, max-video-preview:-1\" \/>\n<link rel=\"canonical\" href=\"https:\/\/redeicm.org.br\/purissimo\/educacao-infantil-2\/\" \/>\n<meta property=\"og:locale\" content=\"pt_BR\" \/>\n<meta property=\"og:type\" content=\"article\" \/>\n<meta property=\"og:title\" content=\"Educa\u00e7\u00e3o Infantil - Col\u00e9gio Pur\u00edssimo Cora\u00e7\u00e3o de Maria | Rede ICM de educa\u00e7\u00e3o\" \/>\n<meta property=\"og:description\" content=\"Educa\u00e7\u00e3o Infantil no Col\u00e9gio Pur\u00edssimo; um mundo de descobertas que encanta! No Col\u00e9gio Pur\u00edssimo, acreditamos que cada crian\u00e7a \u00e9 \u00fanica. Nossa Educa\u00e7\u00e3o Infantil vai muito al\u00e9m do ensino tradicional: ela \u00e9 uma jornada de desenvolvimento integral para crian\u00e7as at\u00e9 os cinco anos, abrangendo seus aspectos f\u00edsico, psicol\u00f3gico, intelectual e social. Aqui, a parceria entre escola, [&hellip;]\" \/>\n<meta property=\"og:url\" content=\"https:\/\/redeicm.org.br\/purissimo\/educacao-infantil-2\/\" \/>\n<meta property=\"og:site_name\" content=\"Col\u00e9gio Pur\u00edssimo Cora\u00e7\u00e3o de Maria | Rede ICM de educa\u00e7\u00e3o\" \/>\n<meta property=\"article:modified_time\" content=\"2025-07-02T14:41:05+00:00\" \/>\n<meta name=\"twitter:card\" content=\"summary_large_image\" \/>\n<meta name=\"twitter:label1\" content=\"Est. tempo de leitura\" \/>\n\t<meta name=\"twitter:data1\" content=\"2 minutos\" \/>\n<script type=\"application\/ld+json\" class=\"yoast-schema-graph\">{\"@context\":\"https:\/\/schema.org\",\"@graph\":[{\"@type\":\"WebPage\",\"@id\":\"https:\/\/redeicm.org.br\/purissimo\/educacao-infantil-2\/\",\"url\":\"https:\/\/redeicm.org.br\/purissimo\/educacao-infantil-2\/\",\"name\":\"Educa\u00e7\u00e3o Infantil - Col\u00e9gio Pur\u00edssimo Cora\u00e7\u00e3o de Maria | Rede ICM de educa\u00e7\u00e3o\",\"isPartOf\":{\"@id\":\"https:\/\/redeicm.org.br\/purissimo\/#website\"},\"datePublished\":\"2024-08-21T23:40:44+00:00\",\"dateModified\":\"2025-07-02T14:41:05+00:00\",\"breadcrumb\":{\"@id\":\"https:\/\/redeicm.org.br\/purissimo\/educacao-infantil-2\/#breadcrumb\"},\"inLanguage\":\"pt-BR\",\"potentialAction\":[{\"@type\":\"ReadAction\",\"target\":[\"https:\/\/redeicm.org.br\/purissimo\/educacao-infantil-2\/\"]}]},{\"@type\":\"BreadcrumbList\",\"@id\":\"https:\/\/redeicm.org.br\/purissimo\/educacao-infantil-2\/#breadcrumb\",\"itemListElement\":[{\"@type\":\"ListItem\",\"position\":1,\"name\":\"In\u00edcio\",\"item\":\"https:\/\/redeicm.org.br\/purissimo\/\"},{\"@type\":\"ListItem\",\"position\":2,\"name\":\"Educa\u00e7\u00e3o Infantil\"}]},{\"@type\":\"WebSite\",\"@id\":\"https:\/\/redeicm.org.br\/purissimo\/#website\",\"url\":\"https:\/\/redeicm.org.br\/purissimo\/\",\"name\":\"Col\u00e9gio Pur\u00edssimo Cora\u00e7\u00e3o de Maria | Rede ICM de educa\u00e7\u00e3o\",\"description\":\"\",\"publisher\":{\"@id\":\"https:\/\/redeicm.org.br\/purissimo\/#organization\"},\"potentialAction\":[{\"@type\":\"SearchAction\",\"target\":{\"@type\":\"EntryPoint\",\"urlTemplate\":\"https:\/\/redeicm.org.br\/purissimo\/?s={search_term_string}\"},\"query-input\":{\"@type\":\"PropertyValueSpecification\",\"valueRequired\":true,\"valueName\":\"search_term_string\"}}],\"inLanguage\":\"pt-BR\"},{\"@type\":\"Organization\",\"@id\":\"https:\/\/redeicm.org.br\/purissimo\/#organization\",\"name\":\"Col\u00e9gio Pur\u00edssimo Cora\u00e7\u00e3o de Maria | Rede ICM de educa\u00e7\u00e3o\",\"url\":\"https:\/\/redeicm.org.br\/purissimo\/\",\"logo\":{\"@type\":\"ImageObject\",\"inLanguage\":\"pt-BR\",\"@id\":\"https:\/\/redeicm.org.br\/purissimo\/#\/schema\/logo\/image\/\",\"url\":\"https:\/\/redeicm.org.br\/purissimo\/wp-content\/uploads\/sites\/20\/2024\/08\/ICM_Educacao_Purissimo-12-1024x450-1.webp\",\"contentUrl\":\"https:\/\/redeicm.org.br\/purissimo\/wp-content\/uploads\/sites\/20\/2024\/08\/ICM_Educacao_Purissimo-12-1024x450-1.webp\",\"width\":1024,\"height\":450,\"caption\":\"Col\u00e9gio Pur\u00edssimo Cora\u00e7\u00e3o de Maria | Rede ICM de educa\u00e7\u00e3o\"},\"image\":{\"@id\":\"https:\/\/redeicm.org.br\/purissimo\/#\/schema\/logo\/image\/\"}}]}<\/script>\n<!-- \/ Yoast SEO plugin. -->","yoast_head_json":{"title":"Educa\u00e7\u00e3o Infantil - Col\u00e9gio Pur\u00edssimo Cora\u00e7\u00e3o de Maria | Rede ICM de educa\u00e7\u00e3o","robots":{"index":"index","follow":"follow","max-snippet":"max-snippet:-1","max-image-preview":"max-image-preview:large","max-video-preview":"max-video-preview:-1"},"canonical":"https:\/\/redeicm.org.br\/purissimo\/educacao-infantil-2\/","og_locale":"pt_BR","og_type":"article","og_title":"Educa\u00e7\u00e3o Infantil - Col\u00e9gio Pur\u00edssimo Cora\u00e7\u00e3o de Maria | Rede ICM de educa\u00e7\u00e3o","og_description":"Educa\u00e7\u00e3o Infantil no Col\u00e9gio Pur\u00edssimo; um mundo de descobertas que encanta! No Col\u00e9gio Pur\u00edssimo, acreditamos que cada crian\u00e7a \u00e9 \u00fanica. Nossa Educa\u00e7\u00e3o Infantil vai muito al\u00e9m do ensino tradicional: ela \u00e9 uma jornada de desenvolvimento integral para crian\u00e7as at\u00e9 os cinco anos, abrangendo seus aspectos f\u00edsico, psicol\u00f3gico, intelectual e social. Aqui, a parceria entre escola, [&hellip;]","og_url":"https:\/\/redeicm.org.br\/purissimo\/educacao-infantil-2\/","og_site_name":"Col\u00e9gio Pur\u00edssimo Cora\u00e7\u00e3o de Maria | Rede ICM de educa\u00e7\u00e3o","article_modified_time":"2025-07-02T14:41:05+00:00","twitter_card":"summary_large_image","twitter_misc":{"Est. tempo de leitura":"2 minutos"},"schema":{"@context":"https:\/\/schema.org","@graph":[{"@type":"WebPage","@id":"https:\/\/redeicm.org.br\/purissimo\/educacao-infantil-2\/","url":"https:\/\/redeicm.org.br\/purissimo\/educacao-infantil-2\/","name":"Educa\u00e7\u00e3o Infantil - Col\u00e9gio Pur\u00edssimo Cora\u00e7\u00e3o de Maria | Rede ICM de educa\u00e7\u00e3o","isPartOf":{"@id":"https:\/\/redeicm.org.br\/purissimo\/#website"},"datePublished":"2024-08-21T23:40:44+00:00","dateModified":"2025-07-02T14:41:05+00:00","breadcrumb":{"@id":"https:\/\/redeicm.org.br\/purissimo\/educacao-infantil-2\/#breadcrumb"},"inLanguage":"pt-BR","potentialAction":[{"@type":"ReadAction","target":["https:\/\/redeicm.org.br\/purissimo\/educacao-infantil-2\/"]}]},{"@type":"BreadcrumbList","@id":"https:\/\/redeicm.org.br\/purissimo\/educacao-infantil-2\/#breadcrumb","itemListElement":[{"@type":"ListItem","position":1,"name":"In\u00edcio","item":"https:\/\/redeicm.org.br\/purissimo\/"},{"@type":"ListItem","position":2,"name":"Educa\u00e7\u00e3o Infantil"}]},{"@type":"WebSite","@id":"https:\/\/redeicm.org.br\/purissimo\/#website","url":"https:\/\/redeicm.org.br\/purissimo\/","name":"Col\u00e9gio Pur\u00edssimo Cora\u00e7\u00e3o de Maria | Rede ICM de educa\u00e7\u00e3o","description":"","publisher":{"@id":"https:\/\/redeicm.org.br\/purissimo\/#organization"},"potentialAction":[{"@type":"SearchAction","target":{"@type":"EntryPoint","urlTemplate":"https:\/\/redeicm.org.br\/purissimo\/?s={search_term_string}"},"query-input":{"@type":"PropertyValueSpecification","valueRequired":true,"valueName":"search_term_string"}}],"inLanguage":"pt-BR"},{"@type":"Organization","@id":"https:\/\/redeicm.org.br\/purissimo\/#organization","name":"Col\u00e9gio Pur\u00edssimo Cora\u00e7\u00e3o de Maria | Rede ICM de educa\u00e7\u00e3o","url":"https:\/\/redeicm.org.br\/purissimo\/","logo":{"@type":"ImageObject","inLanguage":"pt-BR","@id":"https:\/\/redeicm.org.br\/purissimo\/#\/schema\/logo\/image\/","url":"https:\/\/redeicm.org.br\/purissimo\/wp-content\/uploads\/sites\/20\/2024\/08\/ICM_Educacao_Purissimo-12-1024x450-1.webp","contentUrl":"https:\/\/redeicm.org.br\/purissimo\/wp-content\/uploads\/sites\/20\/2024\/08\/ICM_Educacao_Purissimo-12-1024x450-1.webp","width":1024,"height":450,"caption":"Col\u00e9gio Pur\u00edssimo Cora\u00e7\u00e3o de Maria | Rede ICM de educa\u00e7\u00e3o"},"image":{"@id":"https:\/\/redeicm.org.br\/purissimo\/#\/schema\/logo\/image\/"}}]}},"_links":{"self":[{"href":"https:\/\/redeicm.org.br\/purissimo\/wp-json\/wp\/v2\/pages\/334","targetHints":{"allow":["GET"]}}],"collection":[{"href":"https:\/\/redeicm.org.br\/purissimo\/wp-json\/wp\/v2\/pages"}],"about":[{"href":"https:\/\/redeicm.org.br\/purissimo\/wp-json\/wp\/v2\/types\/page"}],"author":[{"embeddable":true,"href":"https:\/\/redeicm.org.br\/purissimo\/wp-json\/wp\/v2\/users\/1"}],"replies":[{"embeddable":true,"href":"https:\/\/redeicm.org.br\/purissimo\/wp-json\/wp\/v2\/comments?post=334"}],"version-history":[{"count":17,"href":"https:\/\/redeicm.org.br\/purissimo\/wp-json\/wp\/v2\/pages\/334\/revisions"}],"predecessor-version":[{"id":4981,"href":"https:\/\/redeicm.org.br\/purissimo\/wp-json\/wp\/v2\/pages\/334\/revisions\/4981"}],"wp:attachment":[{"href":"https:\/\/redeicm.org.br\/purissimo\/wp-json\/wp\/v2\/media?parent=334"}],"curies":[{"name":"wp","href":"https:\/\/api.w.org\/{rel}","templated":true}]}}