{"id":580,"date":"2024-08-19T17:52:03","date_gmt":"2024-08-19T20:52:03","guid":{"rendered":"https:\/\/redeicm.org.br\/maededeus\/?page_id=580"},"modified":"2025-05-16T12:31:56","modified_gmt":"2025-05-16T15:31:56","slug":"programa-bilingue","status":"publish","type":"page","link":"https:\/\/redeicm.org.br\/maededeus\/programa-bilingue\/","title":{"rendered":"Programa Bil\u00edngue"},"content":{"rendered":"\t\t<div data-elementor-type=\"wp-page\" data-elementor-id=\"580\" class=\"elementor elementor-580\" data-elementor-post-type=\"page\">\n\t\t\t\t<div class=\"elementor-element elementor-element-2934761 e-flex e-con-boxed e-con e-parent\" data-id=\"2934761\" data-element_type=\"container\" data-e-type=\"container\" data-settings=\"{&quot;background_background&quot;:&quot;classic&quot;}\">\n\t\t\t\t\t<div class=\"e-con-inner\">\n\t\t\t\t<div class=\"elementor-element elementor-element-6e7002d elementor-widget elementor-widget-heading\" data-id=\"6e7002d\" data-element_type=\"widget\" data-e-type=\"widget\" data-widget_type=\"heading.default\">\n\t\t\t\t<div class=\"elementor-widget-container\">\n\t\t\t\t\t<h1 class=\"elementor-heading-title elementor-size-default\">Programa Bil\u00edngue<\/h1>\t\t\t\t<\/div>\n\t\t\t\t<\/div>\n\t\t\t\t\t<\/div>\n\t\t\t\t<\/div>\n\t\t<div class=\"elementor-element elementor-element-168d967 e-con-full e-flex e-con e-parent\" data-id=\"168d967\" data-element_type=\"container\" data-e-type=\"container\">\n\t\t<div class=\"elementor-element elementor-element-5db7de1 e-flex e-con-boxed e-con e-child\" data-id=\"5db7de1\" data-element_type=\"container\" data-e-type=\"container\">\n\t\t\t\t\t<div class=\"e-con-inner\">\n\t\t\t\t<div class=\"elementor-element elementor-element-b7e6cdf elementor-invisible elementor-widget elementor-widget-text-editor\" data-id=\"b7e6cdf\" data-element_type=\"widget\" data-e-type=\"widget\" data-settings=\"{&quot;_animation&quot;:&quot;fadeInUp&quot;}\" data-widget_type=\"text-editor.default\">\n\t\t\t\t<div class=\"elementor-widget-container\">\n\t\t\t\t\t\t\t\t\t<p><strong>Desbloqueando novos horizontes: o programa bil\u00edngue em nossa escola<\/strong><\/p><p>No mundo globalizado de hoje, o conhecimento da l\u00edngua inglesa tornou-se um bem inestim\u00e1vel. Reconhecendo a import\u00e2ncia do bilinguismo, nossa escola implementou, em 2022, um programa bil\u00edngue inovador e imersivo que atualmente abrange desde o n\u00edvel Pre2 at\u00e9 o 5\u00ba ano do Ensino Fundamental. Com aulas di\u00e1rias de 50 minutos, nossos alunos embarcam em uma emocionante jornada de aquisi\u00e7\u00e3o da linguagem e desenvolvimento cognitivo.<\/p><p>O cora\u00e7\u00e3o do nosso programa bil\u00edngue reside em nossos professores dedicados e apaixonados que ensinam em ingl\u00eas, permitindo que os alunos desenvolvam suas habilidades lingu\u00edsticas enquanto exploram simultaneamente uma ampla gama de assuntos. Longe v\u00e3o os dias de aulas de idiomas isoladas; nosso programa integra o ensino de ingl\u00eas a diversas atividades e projetos do col\u00e9gio, conectando-o \u00e0s habilidades essenciais descritas pela BNCC e pela Unesco.<\/p><p>A filosofia por tr\u00e1s do nosso programa \u00e9 simples, mas profunda: a l\u00edngua \u00e9 vista como um meio e n\u00e3o como um fim em si mesma. Em vez de se concentrar apenas em regras gramaticais e listas de vocabul\u00e1rio, nossos professores utilizam o ingl\u00eas como um ve\u00edculo de aprendizado, promovendo o pensamento cr\u00edtico, a criatividade e a compreens\u00e3o intercultural. Ao imergir nossos alunos em um ambiente bil\u00edngue, criamos um contexto natural e aut\u00eantico para a aquisi\u00e7\u00e3o do idioma.<\/p><p>Todos os dias, nossos alunos participam de aulas din\u00e2micas e interativas que transcendem as barreiras lingu\u00edsticas tradicionais. Seja explorando conceitos acad\u00eamicos ou art\u00edsticos, mergulhando em eventos hist\u00f3ricos ou desvendando mist\u00e9rios matem\u00e1ticos, nossos professores entrela\u00e7am o ensino de ingl\u00eas com a experi\u00eancia no assunto. Ao fazer isso, capacitamos nossos alunos a absorver conhecimento e desenvolver habilidades lingu\u00edsticas simultaneamente, promovendo uma abordagem hol\u00edstica da educa\u00e7\u00e3o.<\/p><p>Al\u00e9m disso, nosso programa bil\u00edngue se alinha com as habilidades da BNCC, garantindo que nossos alunos n\u00e3o apenas se destaquem em ingl\u00eas, mas tamb\u00e9m desenvolvam um conjunto abrangente de habilidades necess\u00e1rias para seu crescimento pessoal e acad\u00eamico. Por meio de projetos colaborativos, an\u00e1lise cr\u00edtica e atividades de resolu\u00e7\u00e3o de problemas, os alunos aprimoram suas compet\u00eancias lingu\u00edsticas, cognitivas e socioemocionais.<\/p><p>\u00c0 medida que nossos alunos progridem em sua jornada educacional, eles ganham uma vantagem competitiva em um mundo cada vez mais interconectado. Eles se tornam participantes ativos na forma\u00e7\u00e3o de seus pr\u00f3prios futuros.<\/p><p>Nosso programa bil\u00edngue \u00e9 uma porta de entrada para novos horizontes. Ao integrar o ingl\u00eas perfeitamente em nosso curr\u00edculo, capacitamos nossos alunos a se tornarem cidad\u00e3os globais que possuem profici\u00eancia lingu\u00edstica, habilidades de pensamento cr\u00edtico e consci\u00eancia cultural necess\u00e1rias para o sucesso em um mundo interconectado. Por meio de nossa abordagem imersiva e envolvente, inspiramos o amor pelo aprendizado e estabelecemos as bases para um futuro repleto de possibilidades infinitas.<\/p>\t\t\t\t\t\t\t\t<\/div>\n\t\t\t\t<\/div>\n\t\t\t\t<div class=\"elementor-element elementor-element-cac4134 elementor-widget elementor-widget-gallery\" data-id=\"cac4134\" data-element_type=\"widget\" data-e-type=\"widget\" data-settings=\"{&quot;lazyload&quot;:&quot;yes&quot;,&quot;gallery_layout&quot;:&quot;grid&quot;,&quot;columns&quot;:4,&quot;columns_tablet&quot;:2,&quot;columns_mobile&quot;:1,&quot;gap&quot;:{&quot;unit&quot;:&quot;px&quot;,&quot;size&quot;:10,&quot;sizes&quot;:[]},&quot;gap_tablet&quot;:{&quot;unit&quot;:&quot;px&quot;,&quot;size&quot;:10,&quot;sizes&quot;:[]},&quot;gap_mobile&quot;:{&quot;unit&quot;:&quot;px&quot;,&quot;size&quot;:10,&quot;sizes&quot;:[]},&quot;link_to&quot;:&quot;file&quot;,&quot;aspect_ratio&quot;:&quot;3:2&quot;,&quot;overlay_background&quot;:&quot;yes&quot;,&quot;content_hover_animation&quot;:&quot;fade-in&quot;}\" data-widget_type=\"gallery.default\">\n\t\t\t\t<div class=\"elementor-widget-container\">\n\t\t\t\t\t\t\t<div class=\"elementor-gallery__container\">\n\t\t\t\t\t\t\t<a class=\"e-gallery-item elementor-gallery-item elementor-animated-content\" href=\"https:\/\/redeicm.org.br\/maededeus\/wp-content\/uploads\/sites\/8\/2024\/08\/IMG_2482.webp\" data-elementor-open-lightbox=\"yes\" data-elementor-lightbox-slideshow=\"cac4134\" data-elementor-lightbox-title=\"IMG_2482\" data-e-action-hash=\"#elementor-action%3Aaction%3Dlightbox%26settings%3DeyJpZCI6NTgzLCJ1cmwiOiJodHRwczpcL1wvcmVkZWljbS5vcmcuYnJcL21hZWRlZGV1c1wvd3AtY29udGVudFwvdXBsb2Fkc1wvc2l0ZXNcLzhcLzIwMjRcLzA4XC9JTUdfMjQ4Mi53ZWJwIiwic2xpZGVzaG93IjoiY2FjNDEzNCJ9\">\n\t\t\t\t\t<div class=\"e-gallery-image elementor-gallery-item__image\" data-thumbnail=\"https:\/\/redeicm.org.br\/maededeus\/wp-content\/uploads\/sites\/8\/2024\/08\/IMG_2482-300x221.webp\" data-width=\"300\" data-height=\"221\" aria-label=\"\" role=\"img\" ><\/div>\n\t\t\t\t\t\t\t\t\t\t\t<div class=\"elementor-gallery-item__overlay\"><\/div>\n\t\t\t\t\t\t\t\t\t\t\t\t\t\t<\/a>\n\t\t\t\t\t\t\t<a class=\"e-gallery-item elementor-gallery-item elementor-animated-content\" href=\"https:\/\/redeicm.org.br\/maededeus\/wp-content\/uploads\/sites\/8\/2024\/08\/IMG_2496.webp\" data-elementor-open-lightbox=\"yes\" data-elementor-lightbox-slideshow=\"cac4134\" data-elementor-lightbox-title=\"IMG_2496\" data-e-action-hash=\"#elementor-action%3Aaction%3Dlightbox%26settings%3DeyJpZCI6NTg0LCJ1cmwiOiJodHRwczpcL1wvcmVkZWljbS5vcmcuYnJcL21hZWRlZGV1c1wvd3AtY29udGVudFwvdXBsb2Fkc1wvc2l0ZXNcLzhcLzIwMjRcLzA4XC9JTUdfMjQ5Ni53ZWJwIiwic2xpZGVzaG93IjoiY2FjNDEzNCJ9\">\n\t\t\t\t\t<div class=\"e-gallery-image elementor-gallery-item__image\" data-thumbnail=\"https:\/\/redeicm.org.br\/maededeus\/wp-content\/uploads\/sites\/8\/2024\/08\/IMG_2496-300x200.webp\" data-width=\"300\" data-height=\"200\" aria-label=\"\" role=\"img\" ><\/div>\n\t\t\t\t\t\t\t\t\t\t\t<div class=\"elementor-gallery-item__overlay\"><\/div>\n\t\t\t\t\t\t\t\t\t\t\t\t\t\t<\/a>\n\t\t\t\t\t\t\t<a class=\"e-gallery-item elementor-gallery-item elementor-animated-content\" href=\"https:\/\/redeicm.org.br\/maededeus\/wp-content\/uploads\/sites\/8\/2024\/08\/IMG_2501.webp\" data-elementor-open-lightbox=\"yes\" data-elementor-lightbox-slideshow=\"cac4134\" data-elementor-lightbox-title=\"IMG_2501\" data-e-action-hash=\"#elementor-action%3Aaction%3Dlightbox%26settings%3DeyJpZCI6NTg1LCJ1cmwiOiJodHRwczpcL1wvcmVkZWljbS5vcmcuYnJcL21hZWRlZGV1c1wvd3AtY29udGVudFwvdXBsb2Fkc1wvc2l0ZXNcLzhcLzIwMjRcLzA4XC9JTUdfMjUwMS53ZWJwIiwic2xpZGVzaG93IjoiY2FjNDEzNCJ9\">\n\t\t\t\t\t<div class=\"e-gallery-image elementor-gallery-item__image\" data-thumbnail=\"https:\/\/redeicm.org.br\/maededeus\/wp-content\/uploads\/sites\/8\/2024\/08\/IMG_2501-300x200.webp\" data-width=\"300\" data-height=\"200\" aria-label=\"\" role=\"img\" ><\/div>\n\t\t\t\t\t\t\t\t\t\t\t<div class=\"elementor-gallery-item__overlay\"><\/div>\n\t\t\t\t\t\t\t\t\t\t\t\t\t\t<\/a>\n\t\t\t\t\t<\/div>\n\t\t\t\t\t<\/div>\n\t\t\t\t<\/div>\n\t\t\t\t\t<\/div>\n\t\t\t\t<\/div>\n\t\t\t\t<\/div>\n\t\t\t\t<\/div>\n\t\t","protected":false},"excerpt":{"rendered":"<p>Programa Bil\u00edngue Desbloqueando novos horizontes: o programa bil\u00edngue em nossa escola No mundo globalizado de hoje, o conhecimento da l\u00edngua inglesa tornou-se um bem inestim\u00e1vel. Reconhecendo a import\u00e2ncia do bilinguismo, nossa escola implementou, em 2022, um programa bil\u00edngue inovador e imersivo que atualmente abrange desde o n\u00edvel Pre2 at\u00e9 o 5\u00ba ano do Ensino Fundamental. [&hellip;]<\/p>\n","protected":false},"author":1,"featured_media":0,"parent":0,"menu_order":0,"comment_status":"closed","ping_status":"closed","template":"","meta":{"_acf_changed":false,"footnotes":""},"class_list":["post-580","page","type-page","status-publish","hentry"],"acf":[],"yoast_head":"<!-- This site is optimized with the Yoast SEO plugin v26.3 - https:\/\/yoast.com\/wordpress\/plugins\/seo\/ -->\n<title>Programa Bil\u00edngue - Col\u00e9gio M\u00e3e de Deus | Rede ICM de educa\u00e7\u00e3o<\/title>\n<meta name=\"robots\" content=\"index, follow, max-snippet:-1, max-image-preview:large, max-video-preview:-1\" \/>\n<link rel=\"canonical\" href=\"https:\/\/redeicm.org.br\/maededeus\/programa-bilingue\/\" \/>\n<meta property=\"og:locale\" content=\"pt_BR\" \/>\n<meta property=\"og:type\" content=\"article\" \/>\n<meta property=\"og:title\" content=\"Programa Bil\u00edngue - Col\u00e9gio M\u00e3e de Deus | Rede ICM de educa\u00e7\u00e3o\" \/>\n<meta property=\"og:description\" content=\"Programa Bil\u00edngue Desbloqueando novos horizontes: o programa bil\u00edngue em nossa escola No mundo globalizado de hoje, o conhecimento da l\u00edngua inglesa tornou-se um bem inestim\u00e1vel. Reconhecendo a import\u00e2ncia do bilinguismo, nossa escola implementou, em 2022, um programa bil\u00edngue inovador e imersivo que atualmente abrange desde o n\u00edvel Pre2 at\u00e9 o 5\u00ba ano do Ensino Fundamental. [&hellip;]\" \/>\n<meta property=\"og:url\" content=\"https:\/\/redeicm.org.br\/maededeus\/programa-bilingue\/\" \/>\n<meta property=\"og:site_name\" content=\"Col\u00e9gio M\u00e3e de Deus | Rede ICM de educa\u00e7\u00e3o\" \/>\n<meta property=\"article:modified_time\" content=\"2025-05-16T15:31:56+00:00\" \/>\n<meta name=\"twitter:card\" content=\"summary_large_image\" \/>\n<meta name=\"twitter:label1\" content=\"Est. tempo de leitura\" \/>\n\t<meta name=\"twitter:data1\" content=\"3 minutos\" \/>\n<script type=\"application\/ld+json\" class=\"yoast-schema-graph\">{\"@context\":\"https:\/\/schema.org\",\"@graph\":[{\"@type\":\"WebPage\",\"@id\":\"https:\/\/redeicm.org.br\/maededeus\/programa-bilingue\/\",\"url\":\"https:\/\/redeicm.org.br\/maededeus\/programa-bilingue\/\",\"name\":\"Programa Bil\u00edngue - Col\u00e9gio M\u00e3e de Deus | Rede ICM de educa\u00e7\u00e3o\",\"isPartOf\":{\"@id\":\"https:\/\/redeicm.org.br\/maededeus\/#website\"},\"datePublished\":\"2024-08-19T20:52:03+00:00\",\"dateModified\":\"2025-05-16T15:31:56+00:00\",\"breadcrumb\":{\"@id\":\"https:\/\/redeicm.org.br\/maededeus\/programa-bilingue\/#breadcrumb\"},\"inLanguage\":\"pt-BR\",\"potentialAction\":[{\"@type\":\"ReadAction\",\"target\":[\"https:\/\/redeicm.org.br\/maededeus\/programa-bilingue\/\"]}]},{\"@type\":\"BreadcrumbList\",\"@id\":\"https:\/\/redeicm.org.br\/maededeus\/programa-bilingue\/#breadcrumb\",\"itemListElement\":[{\"@type\":\"ListItem\",\"position\":1,\"name\":\"In\u00edcio\",\"item\":\"https:\/\/redeicm.org.br\/maededeus\/\"},{\"@type\":\"ListItem\",\"position\":2,\"name\":\"Programa Bil\u00edngue\"}]},{\"@type\":\"WebSite\",\"@id\":\"https:\/\/redeicm.org.br\/maededeus\/#website\",\"url\":\"https:\/\/redeicm.org.br\/maededeus\/\",\"name\":\"Col\u00e9gio M\u00e3e de Deus | Rede ICM de educa\u00e7\u00e3o\",\"description\":\"\",\"publisher\":{\"@id\":\"https:\/\/redeicm.org.br\/maededeus\/#organization\"},\"potentialAction\":[{\"@type\":\"SearchAction\",\"target\":{\"@type\":\"EntryPoint\",\"urlTemplate\":\"https:\/\/redeicm.org.br\/maededeus\/?s={search_term_string}\"},\"query-input\":{\"@type\":\"PropertyValueSpecification\",\"valueRequired\":true,\"valueName\":\"search_term_string\"}}],\"inLanguage\":\"pt-BR\"},{\"@type\":\"Organization\",\"@id\":\"https:\/\/redeicm.org.br\/maededeus\/#organization\",\"name\":\"Col\u00e9gio M\u00e3e de Deus | Rede ICM de educa\u00e7\u00e3o\",\"url\":\"https:\/\/redeicm.org.br\/maededeus\/\",\"logo\":{\"@type\":\"ImageObject\",\"inLanguage\":\"pt-BR\",\"@id\":\"https:\/\/redeicm.org.br\/maededeus\/#\/schema\/logo\/image\/\",\"url\":\"https:\/\/redeicm.org.br\/maededeus\/wp-content\/uploads\/sites\/8\/2024\/08\/icm_educacao_mae_de_deus_preferencial_coares.webp\",\"contentUrl\":\"https:\/\/redeicm.org.br\/maededeus\/wp-content\/uploads\/sites\/8\/2024\/08\/icm_educacao_mae_de_deus_preferencial_coares.webp\",\"width\":493,\"height\":185,\"caption\":\"Col\u00e9gio M\u00e3e de Deus | Rede ICM de educa\u00e7\u00e3o\"},\"image\":{\"@id\":\"https:\/\/redeicm.org.br\/maededeus\/#\/schema\/logo\/image\/\"}}]}<\/script>\n<!-- \/ Yoast SEO plugin. -->","yoast_head_json":{"title":"Programa Bil\u00edngue - Col\u00e9gio M\u00e3e de Deus | Rede ICM de educa\u00e7\u00e3o","robots":{"index":"index","follow":"follow","max-snippet":"max-snippet:-1","max-image-preview":"max-image-preview:large","max-video-preview":"max-video-preview:-1"},"canonical":"https:\/\/redeicm.org.br\/maededeus\/programa-bilingue\/","og_locale":"pt_BR","og_type":"article","og_title":"Programa Bil\u00edngue - Col\u00e9gio M\u00e3e de Deus | Rede ICM de educa\u00e7\u00e3o","og_description":"Programa Bil\u00edngue Desbloqueando novos horizontes: o programa bil\u00edngue em nossa escola No mundo globalizado de hoje, o conhecimento da l\u00edngua inglesa tornou-se um bem inestim\u00e1vel. Reconhecendo a import\u00e2ncia do bilinguismo, nossa escola implementou, em 2022, um programa bil\u00edngue inovador e imersivo que atualmente abrange desde o n\u00edvel Pre2 at\u00e9 o 5\u00ba ano do Ensino Fundamental. [&hellip;]","og_url":"https:\/\/redeicm.org.br\/maededeus\/programa-bilingue\/","og_site_name":"Col\u00e9gio M\u00e3e de Deus | Rede ICM de educa\u00e7\u00e3o","article_modified_time":"2025-05-16T15:31:56+00:00","twitter_card":"summary_large_image","twitter_misc":{"Est. tempo de leitura":"3 minutos"},"schema":{"@context":"https:\/\/schema.org","@graph":[{"@type":"WebPage","@id":"https:\/\/redeicm.org.br\/maededeus\/programa-bilingue\/","url":"https:\/\/redeicm.org.br\/maededeus\/programa-bilingue\/","name":"Programa Bil\u00edngue - Col\u00e9gio M\u00e3e de Deus | Rede ICM de educa\u00e7\u00e3o","isPartOf":{"@id":"https:\/\/redeicm.org.br\/maededeus\/#website"},"datePublished":"2024-08-19T20:52:03+00:00","dateModified":"2025-05-16T15:31:56+00:00","breadcrumb":{"@id":"https:\/\/redeicm.org.br\/maededeus\/programa-bilingue\/#breadcrumb"},"inLanguage":"pt-BR","potentialAction":[{"@type":"ReadAction","target":["https:\/\/redeicm.org.br\/maededeus\/programa-bilingue\/"]}]},{"@type":"BreadcrumbList","@id":"https:\/\/redeicm.org.br\/maededeus\/programa-bilingue\/#breadcrumb","itemListElement":[{"@type":"ListItem","position":1,"name":"In\u00edcio","item":"https:\/\/redeicm.org.br\/maededeus\/"},{"@type":"ListItem","position":2,"name":"Programa Bil\u00edngue"}]},{"@type":"WebSite","@id":"https:\/\/redeicm.org.br\/maededeus\/#website","url":"https:\/\/redeicm.org.br\/maededeus\/","name":"Col\u00e9gio M\u00e3e de Deus | Rede ICM de educa\u00e7\u00e3o","description":"","publisher":{"@id":"https:\/\/redeicm.org.br\/maededeus\/#organization"},"potentialAction":[{"@type":"SearchAction","target":{"@type":"EntryPoint","urlTemplate":"https:\/\/redeicm.org.br\/maededeus\/?s={search_term_string}"},"query-input":{"@type":"PropertyValueSpecification","valueRequired":true,"valueName":"search_term_string"}}],"inLanguage":"pt-BR"},{"@type":"Organization","@id":"https:\/\/redeicm.org.br\/maededeus\/#organization","name":"Col\u00e9gio M\u00e3e de Deus | Rede ICM de educa\u00e7\u00e3o","url":"https:\/\/redeicm.org.br\/maededeus\/","logo":{"@type":"ImageObject","inLanguage":"pt-BR","@id":"https:\/\/redeicm.org.br\/maededeus\/#\/schema\/logo\/image\/","url":"https:\/\/redeicm.org.br\/maededeus\/wp-content\/uploads\/sites\/8\/2024\/08\/icm_educacao_mae_de_deus_preferencial_coares.webp","contentUrl":"https:\/\/redeicm.org.br\/maededeus\/wp-content\/uploads\/sites\/8\/2024\/08\/icm_educacao_mae_de_deus_preferencial_coares.webp","width":493,"height":185,"caption":"Col\u00e9gio M\u00e3e de Deus | Rede ICM de educa\u00e7\u00e3o"},"image":{"@id":"https:\/\/redeicm.org.br\/maededeus\/#\/schema\/logo\/image\/"}}]}},"_links":{"self":[{"href":"https:\/\/redeicm.org.br\/maededeus\/wp-json\/wp\/v2\/pages\/580","targetHints":{"allow":["GET"]}}],"collection":[{"href":"https:\/\/redeicm.org.br\/maededeus\/wp-json\/wp\/v2\/pages"}],"about":[{"href":"https:\/\/redeicm.org.br\/maededeus\/wp-json\/wp\/v2\/types\/page"}],"author":[{"embeddable":true,"href":"https:\/\/redeicm.org.br\/maededeus\/wp-json\/wp\/v2\/users\/1"}],"replies":[{"embeddable":true,"href":"https:\/\/redeicm.org.br\/maededeus\/wp-json\/wp\/v2\/comments?post=580"}],"version-history":[{"count":3,"href":"https:\/\/redeicm.org.br\/maededeus\/wp-json\/wp\/v2\/pages\/580\/revisions"}],"predecessor-version":[{"id":770,"href":"https:\/\/redeicm.org.br\/maededeus\/wp-json\/wp\/v2\/pages\/580\/revisions\/770"}],"wp:attachment":[{"href":"https:\/\/redeicm.org.br\/maededeus\/wp-json\/wp\/v2\/media?parent=580"}],"curies":[{"name":"wp","href":"https:\/\/api.w.org\/{rel}","templated":true}]}}