{"id":277,"date":"2024-09-11T10:50:07","date_gmt":"2024-09-11T13:50:07","guid":{"rendered":"https:\/\/redeicm.org.br\/madreimilda\/?page_id=277"},"modified":"2025-06-12T15:47:15","modified_gmt":"2025-06-12T18:47:15","slug":"historico","status":"publish","type":"page","link":"https:\/\/redeicm.org.br\/madreimilda\/historico\/","title":{"rendered":"Hist\u00f3rico"},"content":{"rendered":"\t\t<div data-elementor-type=\"wp-page\" data-elementor-id=\"277\" class=\"elementor elementor-277\" data-elementor-post-type=\"page\">\n\t\t\t\t<div class=\"elementor-element elementor-element-e2ab643 e-flex e-con-boxed e-con e-parent\" data-id=\"e2ab643\" data-element_type=\"container\" data-e-type=\"container\" data-settings=\"{&quot;background_background&quot;:&quot;classic&quot;}\">\n\t\t\t\t\t<div class=\"e-con-inner\">\n\t\t\t\t<div class=\"elementor-element elementor-element-a539769 elementor-widget elementor-widget-heading\" data-id=\"a539769\" data-element_type=\"widget\" data-e-type=\"widget\" data-widget_type=\"heading.default\">\n\t\t\t\t<div class=\"elementor-widget-container\">\n\t\t\t\t\t<h1 class=\"elementor-heading-title elementor-size-default\">Hist\u00f3rico<\/h1>\t\t\t\t<\/div>\n\t\t\t\t<\/div>\n\t\t\t\t\t<\/div>\n\t\t\t\t<\/div>\n\t\t<div class=\"elementor-element elementor-element-cf15cf5 e-con-full e-flex e-con e-parent\" data-id=\"cf15cf5\" data-element_type=\"container\" data-e-type=\"container\">\n\t\t<div class=\"elementor-element elementor-element-f7cf11c e-flex e-con-boxed e-con e-child\" data-id=\"f7cf11c\" data-element_type=\"container\" data-e-type=\"container\">\n\t\t\t\t\t<div class=\"e-con-inner\">\n\t\t\t\t<div class=\"elementor-element elementor-element-355d9e1 elementor-invisible elementor-widget elementor-widget-text-editor\" data-id=\"355d9e1\" data-element_type=\"widget\" data-e-type=\"widget\" data-settings=\"{&quot;_animation&quot;:&quot;fadeInUp&quot;}\" data-widget_type=\"text-editor.default\">\n\t\t\t\t<div class=\"elementor-widget-container\">\n\t\t\t\t\t\t\t\t\t<p style=\"text-align: center;\"><strong>BREVE RELATO HIST\u00d3RICO<\/strong><\/p><p style=\"text-align: center;\"><strong>COL\u00c9GIO MADRE IMILDA \u2013 95 ANOS<\/strong><\/p><p style=\"text-align: center;\"><strong>1928 \u2013 2023<\/strong><\/p><p><em>\u00a0<\/em><\/p><p>Aos quinze dias do m\u00eas de mar\u00e7o de 1928, deu-se, oficialmente, a funda\u00e7\u00e3o do ORFANATO SANTA TERESINHA, a pedido da comunidade local e eclesial, na pessoa de Dom Jos\u00e9 Bar\u00e9a e C\u00f4nego Jo\u00e3o Meneguzzi.<\/p><p>Dona Angelina Michielon acolhia em sua resid\u00eancia v\u00e1rias \u00f3rf\u00e3s e as cuidava com carinho, custeando-as com os pr\u00f3prios recursos. Com o passar do tempo, decidiu entregar sua obra a uma Institui\u00e7\u00e3o, a fim de que algu\u00e9m desse continuidade. Doou a casa e o terreno e solicitou que em troca tivesse amparo e assist\u00eancia at\u00e9 o fim de sua vida.<\/p><p>As Irm\u00e3s fundadoras Madre Gertrudes do Cora\u00e7\u00e3o de Jesus, Irm\u00e3 Vit\u00f3ria do Sant\u00edssimo Nome de Jesus, Irm\u00e3 Em\u00edlia da Assun\u00e7\u00e3o e Irm\u00e3 Alexandrina chegaram em Caxias do Sul em 15 de mar\u00e7o de 1928. No dia 28 de maio deste ano chegou a Irm\u00e3 Maria dos Anjos (Irm\u00e3 Joana L\u00facia Pasa). As cinco Irm\u00e3s juntamente com 36 \u00f3rf\u00e3s iniciaram esta obra caritativa. As \u00f3rf\u00e3s recebiam uma forma\u00e7\u00e3o global: ensino prim\u00e1rio, aulas de religi\u00e3o, trabalhos de agulhas, bordados, artesanato, etc. Anualmente, eram feitos lindos festivais e teatros beneficientes, como tamb\u00e9m quermesses. A Diretoria do Orfanato conseguiu benfeitores, firmas, prefeituras para colaborar mensalmente na sustenta\u00e7\u00e3o das \u00f3rf\u00e3s, que crescia de ano para ano em n\u00famero e exig\u00eancias. Um grupo de bondosas senhoras e Irm\u00e3s faziam a coleta de g\u00eaneros aliment\u00edcios na cidade e na col\u00f4nia, percorrendo longas e p\u00e9ssimas estradas, bem como pediam esmolas nos locais de festas, est\u00e1dios de futebol\u2026 para sustentar as \u00f3rf\u00e3s e construir nova obra, pois era um casar\u00e3o velho de madeira, onde residiam. Ap\u00f3s alguns anos de excelente ajuda solid\u00e1ria \u00e0s \u00f3rf\u00e3s, em 1934 j\u00e1 n\u00e3o havia mais leigos para ajudar na coleta dos alimentos e dinheiro. Ficou tudo a cargo das Irm\u00e3s e foi muito dif\u00edcil.<\/p><p>O Orfanato Santa Teresinha abrigava 52 asiladas em 1931. As despesas premiam. Apelou-se ent\u00e3o, aos prefeitos de Bom Jesus e de Vacaria, a fim de que participassem significativamente na manuten\u00e7\u00e3o. Enquanto isso, uma comiss\u00e3o de senhoras percorria a cidade na coleta de meios. Todos os meses eram recolhidos alimentos. Os registros guardam os nomes de algumas dessas dedicadas crist\u00e3s: Paulina Moretto, Am\u00e1lia Vanzin, Joana Candiago, Ad\u00e9lia Roveda, Clorinda Antoniazzi, Deomira Stalivieri, Marieta Florian Picoli, Alice Bottini e sra. Marcucci. Conforme aprecia\u00e7\u00e3o de ata \u201cera uma comiss\u00e3o fina, educada, sens\u00edvel \u00e0s ocorr\u00eancias, prestativa.\u201d<\/p><p>Em 1938, devido a grandes dificuldades de manuten\u00e7\u00e3o, foi iniciado o INTERNATO com meninas bolsistas que colaboravam no sustento e educa\u00e7\u00e3o. Nesse per\u00edodo a Escola passou a chamar-se INSTITUTO SANTA TERESINHA, e abrigava mais de 200 internas. Junto deste Internato funcionava o Curso Prim\u00e1rio, para as internas e tamb\u00e9m para alunos externos.<\/p><p>Em 01 de junho de1947 foi colocada a Pedra Fundamental do pr\u00e9dio da Escola e no dia 24 de janeiro de 1954, a solene inaugura\u00e7\u00e3o do novo pr\u00e9dio.<\/p><p>Aos 18 de novembro de 1955, a Obra foi autorizada sob Portaria Ministerial N\u00ba 1282, para implantar o Curso Ginasial, iniciando, oficialmente em 1956. Denominava-se GIN\u00c1SIO IMACULADO CORA\u00c7\u00c3O DE MARIA.<\/p><p>Em 10 de mar\u00e7o de 1960, com o objetivo principal de proporcionar forma\u00e7\u00e3o de professores, foi institu\u00eddo, sob Portaria Ministerial n\u00ba 16.518 de 22\/09\/69, o CURSO NORMAL MADRE IMILDA, em homenagem \u00e0 Diretora Geral, Madre Maria Imilda, que ocupou este cargo por 18 anos.<\/p><p>Em 1963 \u00e9 criado o 1\u00ba Clube de M\u00e3es em Caxias do Sul, na Escola Madre Imilda, oportunizando \u00e0s m\u00e3es desenvolverem excelentes trabalhos manuais, sociais e culturais. Hoje, o Clube de M\u00e3es est\u00e1 voltado para os mais carentes: creches, asilos, Miss\u00f5es, etc. e para l\u00e1 envia seus trabalhos e donativos.<\/p><p>A Escola oportunizou a partir de 1963, o Curso de Arte Culin\u00e1ria, Corte e Costura e Datilografia. No mesmo ano foi constru\u00edda a Gruta da Escola.<\/p><p>Em 1964 foi instalada na Escola Madre Imilda a nova Sede Provincial de Caxias do Sul: Nossa Senhora de F\u00e1tima.<\/p><p>Aos 22 de outubro de 1966 foi inaugurado o Audit\u00f3rio da Escola, com a presen\u00e7a da Pr\u00e9-Escola, Gin\u00e1sio e Curso Normal.<\/p><p>Em 1967 foi criada a APM (Associa\u00e7\u00e3o de Pais e Mestres), ocasi\u00e3o em que a Dire\u00e7\u00e3o da Escola, os pais e professores foram convidados a participarem de uma Comiss\u00e3o (Cultural, Religiosa, Esportiva,\u2026), conforme sua escolha e tend\u00eancia. Em 08 de dezembro do mesmo ano foi constru\u00edda a Capela da Escola.<\/p><p>A extin\u00e7\u00e3o do Internato para \u00f3rf\u00e3s foi iniciada em 1969, ap\u00f3s um trabalho lento e gradativo de conscientiza\u00e7\u00e3o e de solu\u00e7\u00e3o, com assist\u00eancia social e educacional, ficando extinto em 1971.<\/p><p>Em 1970 foi criada a Banda Marcial Madre Imilda que chegou a ter 65 componentes, ao longo de suas atividades art\u00edstico-culturais na comunidade local, regional e nacional, conquistando in\u00fameros trof\u00e9us, medalhas, cart\u00f5es de prata e condecora\u00e7\u00f5es.<\/p><p>Em 1971, abriu o CURSO SUPLETIVO MADRE IMILDA \u2013 N\u00edvel 1; em 1972, o N\u00edvel 2, em 1973, o N\u00edvel 3 e em 1974, o N\u00edvel 4. No mesmo per\u00edodo, tamb\u00e9m funcionou, na Escola Madre Imilda, o CURSO DE 2\u00ba GRAU NOTURNO do Col\u00e9gio Santa Catarina de Caxias do Sul, sob a responsabilidade da 4\u00aa Delegacia de Educa\u00e7\u00e3o, para o funcionamento e hor\u00e1rio noturno, sendo solicitadas 24 salas de aula.<\/p><p>Em 1972, como cumprimento da Reforma do Ensino, Lei n\u00ba 5.692, de 11 de agosto de 1971, se impunha o funcionamento de, no m\u00ednimo, duas terminalidades, quando a Escola possu\u00eda as condi\u00e7\u00f5es necess\u00e1rias (equipamentos e espa\u00e7o f\u00edsico).<\/p><p>Ap\u00f3s a aprecia\u00e7\u00e3o, foi decidido a extin\u00e7\u00e3o gradual do Curso Normal 2\u00ba Grau a partir do ano letivo de 1972, com o encerramento previsto para dezembro de 1974 das disciplinas Curriculares do Curso e a Escola continuou com as estagi\u00e1rias at\u00e9 dezembro de 1995.<\/p><p>Em 1972, a Escola Madre Imilda toma nova caracter\u00edstica frente \u00e0 sociedade caxiense, quanto \u00e0 atualiza\u00e7\u00e3o dos professores, dentro de uma filosofia orientada pela Congrega\u00e7\u00e3o, estabelecendo os setores de Orienta\u00e7\u00e3o Pedag\u00f3gica, (SOP), Educacional (SOE) e Religiosa, (SER), bem como uma nova Metodologia Libertadora, visando um ensino de qualidade.<\/p><p>Com a extin\u00e7\u00e3o do Curso Normal de 2\u00ba Grau, a Escola Madre Imilda abriu as portas para a Comunidade Caxiense.<\/p><p>Atendendo a solicita\u00e7\u00f5es diversas, inclusive considerando o pedido do Sr. Delegado de Ensino, foi aproveitado o espa\u00e7o desocupado pelo Internato e fez-se a adapta\u00e7\u00e3o para PENSIONATO, pedido para jovens estudantes, ficou ativo de 1973 a 1988.<\/p><p>Em 1978 foi constru\u00edda uma enorme quadra de esportes, tendo dimens\u00f5es oficiais para duas quadras, sob um telhado, oportunizando qualidade \u00e0s aulas de Educa\u00e7\u00e3o F\u00edsica, esporte, lazer e cultura.<\/p><p>Aos 18 de agosto de 1979, sob Portaria Ministerial N\u00ba 16.618 foram unificados os diversos nomes: Instituto Santa Teresinha, Gin\u00e1sio Imaculado Cora\u00e7\u00e3o de Maria e Escola Normal Madre Imilda, sob a denomina\u00e7\u00e3o de ESCOLA MADRE IMILDA \u2013 1\u00ba GRAU, sendo publicado no Di\u00e1rio Oficial de 23 de agosto de 1979, p\u00e1gina 01.<\/p><p>Em 1988 ocorreu a extin\u00e7\u00e3o do Pensionato Madre Imilda e todos os aposentos foram transformados em salas de aula ou salas especiais, ministrando aulas para 2.255 alunos.<\/p><p>Em 1999 ocorreu a implanta\u00e7\u00e3o do Ensino M\u00e9dio no Col\u00e9gio Madre Imilda.<\/p><p>Em 2016, o Col\u00e9gio Madre Imilda passou a fazer parte da Rede ICM de Educa\u00e7\u00e3o, juntando-se \u00e0s outras 15 escolas das Irm\u00e3s do Imaculado Cora\u00e7\u00e3o de Maria.<\/p><p>Atualmente, atende aproximadamente 1500 alunos, da Educa\u00e7\u00e3o Infantil ao Ensino M\u00e9dio, oferecendo uma educa\u00e7\u00e3o integral e de excel\u00eancia \u00e0 comunidade caxiense.<\/p><p>DIRETORAS:\u2013 Madre Maria Gertrudes do Cora\u00e7\u00e3o de Jesus \u2013 1928 \u2013 1929<\/p><ul><li>Madre Maria Helena de Santa Cruz \u2013 1930 \u2013 1935<\/li><li>Madre Maria Herm\u00ednia do Sagrado Cora\u00e7\u00e3o de Jesus \u2013 1936 \u2013 1940<\/li><li>Madre Maria Domingas \u2013 1941 \u2013 1943<\/li><li>Madre Maria Jesu\u00edna de N\u00aa Sra. das Dores \u2013 1944 1949<\/li><li>Madre Maria Maximina \u2013 1950 \u2013 1955<\/li><li>Madre Maria Tereza do Menino Jesus \u2013 1956 \u2013 1961<\/li><li>Madre Maria Cec\u00edlia dos Santos Anjos \u2013 1962 \u2013 1967<\/li><li>Irm\u00e3 Irma Pretto \u2013 1968 \u2013 1970<\/li><li>Irm\u00e3 Rosina Thereza Colla \u2013 1971 \u2013 1979<\/li><li>Irm\u00e3 Onorina Mariana Pedron (Ir. Josete) \u2013 1979 \u2013 1983<\/li><li>Irm\u00e3 Amelia Thiele \u2013 1984 \u2013 2002<\/li><li>Irm\u00e3 Erena Bernardy \u2013 2003 \u2013 2008<\/li><li>Irm\u00e3 Helena Lottermann \u2013 2009 \u2013 2010<\/li><li>M\u00f4nica Bisol \u2013 2011 \u2013 2017<\/li><li>Irm\u00e3 Claire da Silva \u2013 2018 \u2013 2021<\/li><li>Vanessa Rodrigues \u2013 2022 \u2013 at\u00e9 o momento.<\/li><\/ul><p>\u00a0<\/p>\t\t\t\t\t\t\t\t<\/div>\n\t\t\t\t<\/div>\n\t\t\t\t\t<\/div>\n\t\t\t\t<\/div>\n\t\t\t\t<\/div>\n\t\t\t\t<\/div>\n\t\t","protected":false},"excerpt":{"rendered":"<p>BREVE RELATO HIST\u00d3RICO COL\u00c9GIO MADRE IMILDA \u2013 95 ANOS 1928 \u2013 2023 \u00a0 Aos quinze dias do m\u00eas de mar\u00e7o de 1928, deu-se, oficialmente, a funda\u00e7\u00e3o do ORFANATO SANTA TERESINHA, a pedido da comunidade local e eclesial, na pessoa de Dom Jos\u00e9 Bar\u00e9a e C\u00f4nego Jo\u00e3o Meneguzzi. Dona Angelina Michielon acolhia em sua resid\u00eancia v\u00e1rias [&hellip;]<\/p>\n","protected":false},"author":1,"featured_media":0,"parent":0,"menu_order":0,"comment_status":"closed","ping_status":"closed","template":"","meta":{"_acf_changed":false,"footnotes":""},"class_list":["post-277","page","type-page","status-publish","hentry"],"acf":[],"yoast_head":"<!-- This site is optimized with the Yoast SEO plugin v26.3 - https:\/\/yoast.com\/wordpress\/plugins\/seo\/ -->\n<title>Hist\u00f3rico - Col\u00e9gio Madre Imilda | Rede ICM de educa\u00e7\u00e3o<\/title>\n<meta name=\"robots\" content=\"index, follow, max-snippet:-1, max-image-preview:large, max-video-preview:-1\" \/>\n<link rel=\"canonical\" href=\"https:\/\/redeicm.org.br\/madreimilda\/historico\/\" \/>\n<meta property=\"og:locale\" content=\"pt_BR\" \/>\n<meta property=\"og:type\" content=\"article\" \/>\n<meta property=\"og:title\" content=\"Hist\u00f3rico - Col\u00e9gio Madre Imilda | Rede ICM de educa\u00e7\u00e3o\" \/>\n<meta property=\"og:description\" content=\"BREVE RELATO HIST\u00d3RICO COL\u00c9GIO MADRE IMILDA \u2013 95 ANOS 1928 \u2013 2023 \u00a0 Aos quinze dias do m\u00eas de mar\u00e7o de 1928, deu-se, oficialmente, a funda\u00e7\u00e3o do ORFANATO SANTA TERESINHA, a pedido da comunidade local e eclesial, na pessoa de Dom Jos\u00e9 Bar\u00e9a e C\u00f4nego Jo\u00e3o Meneguzzi. Dona Angelina Michielon acolhia em sua resid\u00eancia v\u00e1rias [&hellip;]\" \/>\n<meta property=\"og:url\" content=\"https:\/\/redeicm.org.br\/madreimilda\/historico\/\" \/>\n<meta property=\"og:site_name\" content=\"Col\u00e9gio Madre Imilda | Rede ICM de educa\u00e7\u00e3o\" \/>\n<meta property=\"article:modified_time\" content=\"2025-06-12T18:47:15+00:00\" \/>\n<meta name=\"twitter:card\" content=\"summary_large_image\" \/>\n<meta name=\"twitter:label1\" content=\"Est. tempo de leitura\" \/>\n\t<meta name=\"twitter:data1\" content=\"8 minutos\" \/>\n<script type=\"application\/ld+json\" class=\"yoast-schema-graph\">{\"@context\":\"https:\/\/schema.org\",\"@graph\":[{\"@type\":\"WebPage\",\"@id\":\"https:\/\/redeicm.org.br\/madreimilda\/historico\/\",\"url\":\"https:\/\/redeicm.org.br\/madreimilda\/historico\/\",\"name\":\"Hist\u00f3rico - Col\u00e9gio Madre Imilda | Rede ICM de educa\u00e7\u00e3o\",\"isPartOf\":{\"@id\":\"https:\/\/redeicm.org.br\/madreimilda\/#website\"},\"datePublished\":\"2024-09-11T13:50:07+00:00\",\"dateModified\":\"2025-06-12T18:47:15+00:00\",\"breadcrumb\":{\"@id\":\"https:\/\/redeicm.org.br\/madreimilda\/historico\/#breadcrumb\"},\"inLanguage\":\"pt-BR\",\"potentialAction\":[{\"@type\":\"ReadAction\",\"target\":[\"https:\/\/redeicm.org.br\/madreimilda\/historico\/\"]}]},{\"@type\":\"BreadcrumbList\",\"@id\":\"https:\/\/redeicm.org.br\/madreimilda\/historico\/#breadcrumb\",\"itemListElement\":[{\"@type\":\"ListItem\",\"position\":1,\"name\":\"In\u00edcio\",\"item\":\"https:\/\/redeicm.org.br\/madreimilda\/\"},{\"@type\":\"ListItem\",\"position\":2,\"name\":\"Hist\u00f3rico\"}]},{\"@type\":\"WebSite\",\"@id\":\"https:\/\/redeicm.org.br\/madreimilda\/#website\",\"url\":\"https:\/\/redeicm.org.br\/madreimilda\/\",\"name\":\"Col\u00e9gio Madre Imilda | Rede ICM de educa\u00e7\u00e3o\",\"description\":\"\",\"publisher\":{\"@id\":\"https:\/\/redeicm.org.br\/madreimilda\/#organization\"},\"potentialAction\":[{\"@type\":\"SearchAction\",\"target\":{\"@type\":\"EntryPoint\",\"urlTemplate\":\"https:\/\/redeicm.org.br\/madreimilda\/?s={search_term_string}\"},\"query-input\":{\"@type\":\"PropertyValueSpecification\",\"valueRequired\":true,\"valueName\":\"search_term_string\"}}],\"inLanguage\":\"pt-BR\"},{\"@type\":\"Organization\",\"@id\":\"https:\/\/redeicm.org.br\/madreimilda\/#organization\",\"name\":\"Col\u00e9gio Madre Imilda | Rede ICM de educa\u00e7\u00e3o\",\"url\":\"https:\/\/redeicm.org.br\/madreimilda\/\",\"logo\":{\"@type\":\"ImageObject\",\"inLanguage\":\"pt-BR\",\"@id\":\"https:\/\/redeicm.org.br\/madreimilda\/#\/schema\/logo\/image\/\",\"url\":\"https:\/\/redeicm.org.br\/madreimilda\/wp-content\/uploads\/sites\/18\/2024\/08\/logo-colegio-madre-imilda.png\",\"contentUrl\":\"https:\/\/redeicm.org.br\/madreimilda\/wp-content\/uploads\/sites\/18\/2024\/08\/logo-colegio-madre-imilda.png\",\"width\":299,\"height\":135,\"caption\":\"Col\u00e9gio Madre Imilda | Rede ICM de educa\u00e7\u00e3o\"},\"image\":{\"@id\":\"https:\/\/redeicm.org.br\/madreimilda\/#\/schema\/logo\/image\/\"}}]}<\/script>\n<!-- \/ Yoast SEO plugin. -->","yoast_head_json":{"title":"Hist\u00f3rico - Col\u00e9gio Madre Imilda | Rede ICM de educa\u00e7\u00e3o","robots":{"index":"index","follow":"follow","max-snippet":"max-snippet:-1","max-image-preview":"max-image-preview:large","max-video-preview":"max-video-preview:-1"},"canonical":"https:\/\/redeicm.org.br\/madreimilda\/historico\/","og_locale":"pt_BR","og_type":"article","og_title":"Hist\u00f3rico - Col\u00e9gio Madre Imilda | Rede ICM de educa\u00e7\u00e3o","og_description":"BREVE RELATO HIST\u00d3RICO COL\u00c9GIO MADRE IMILDA \u2013 95 ANOS 1928 \u2013 2023 \u00a0 Aos quinze dias do m\u00eas de mar\u00e7o de 1928, deu-se, oficialmente, a funda\u00e7\u00e3o do ORFANATO SANTA TERESINHA, a pedido da comunidade local e eclesial, na pessoa de Dom Jos\u00e9 Bar\u00e9a e C\u00f4nego Jo\u00e3o Meneguzzi. Dona Angelina Michielon acolhia em sua resid\u00eancia v\u00e1rias [&hellip;]","og_url":"https:\/\/redeicm.org.br\/madreimilda\/historico\/","og_site_name":"Col\u00e9gio Madre Imilda | Rede ICM de educa\u00e7\u00e3o","article_modified_time":"2025-06-12T18:47:15+00:00","twitter_card":"summary_large_image","twitter_misc":{"Est. tempo de leitura":"8 minutos"},"schema":{"@context":"https:\/\/schema.org","@graph":[{"@type":"WebPage","@id":"https:\/\/redeicm.org.br\/madreimilda\/historico\/","url":"https:\/\/redeicm.org.br\/madreimilda\/historico\/","name":"Hist\u00f3rico - Col\u00e9gio Madre Imilda | Rede ICM de educa\u00e7\u00e3o","isPartOf":{"@id":"https:\/\/redeicm.org.br\/madreimilda\/#website"},"datePublished":"2024-09-11T13:50:07+00:00","dateModified":"2025-06-12T18:47:15+00:00","breadcrumb":{"@id":"https:\/\/redeicm.org.br\/madreimilda\/historico\/#breadcrumb"},"inLanguage":"pt-BR","potentialAction":[{"@type":"ReadAction","target":["https:\/\/redeicm.org.br\/madreimilda\/historico\/"]}]},{"@type":"BreadcrumbList","@id":"https:\/\/redeicm.org.br\/madreimilda\/historico\/#breadcrumb","itemListElement":[{"@type":"ListItem","position":1,"name":"In\u00edcio","item":"https:\/\/redeicm.org.br\/madreimilda\/"},{"@type":"ListItem","position":2,"name":"Hist\u00f3rico"}]},{"@type":"WebSite","@id":"https:\/\/redeicm.org.br\/madreimilda\/#website","url":"https:\/\/redeicm.org.br\/madreimilda\/","name":"Col\u00e9gio Madre Imilda | Rede ICM de educa\u00e7\u00e3o","description":"","publisher":{"@id":"https:\/\/redeicm.org.br\/madreimilda\/#organization"},"potentialAction":[{"@type":"SearchAction","target":{"@type":"EntryPoint","urlTemplate":"https:\/\/redeicm.org.br\/madreimilda\/?s={search_term_string}"},"query-input":{"@type":"PropertyValueSpecification","valueRequired":true,"valueName":"search_term_string"}}],"inLanguage":"pt-BR"},{"@type":"Organization","@id":"https:\/\/redeicm.org.br\/madreimilda\/#organization","name":"Col\u00e9gio Madre Imilda | Rede ICM de educa\u00e7\u00e3o","url":"https:\/\/redeicm.org.br\/madreimilda\/","logo":{"@type":"ImageObject","inLanguage":"pt-BR","@id":"https:\/\/redeicm.org.br\/madreimilda\/#\/schema\/logo\/image\/","url":"https:\/\/redeicm.org.br\/madreimilda\/wp-content\/uploads\/sites\/18\/2024\/08\/logo-colegio-madre-imilda.png","contentUrl":"https:\/\/redeicm.org.br\/madreimilda\/wp-content\/uploads\/sites\/18\/2024\/08\/logo-colegio-madre-imilda.png","width":299,"height":135,"caption":"Col\u00e9gio Madre Imilda | Rede ICM de educa\u00e7\u00e3o"},"image":{"@id":"https:\/\/redeicm.org.br\/madreimilda\/#\/schema\/logo\/image\/"}}]}},"_links":{"self":[{"href":"https:\/\/redeicm.org.br\/madreimilda\/wp-json\/wp\/v2\/pages\/277","targetHints":{"allow":["GET"]}}],"collection":[{"href":"https:\/\/redeicm.org.br\/madreimilda\/wp-json\/wp\/v2\/pages"}],"about":[{"href":"https:\/\/redeicm.org.br\/madreimilda\/wp-json\/wp\/v2\/types\/page"}],"author":[{"embeddable":true,"href":"https:\/\/redeicm.org.br\/madreimilda\/wp-json\/wp\/v2\/users\/1"}],"replies":[{"embeddable":true,"href":"https:\/\/redeicm.org.br\/madreimilda\/wp-json\/wp\/v2\/comments?post=277"}],"version-history":[{"count":6,"href":"https:\/\/redeicm.org.br\/madreimilda\/wp-json\/wp\/v2\/pages\/277\/revisions"}],"predecessor-version":[{"id":6748,"href":"https:\/\/redeicm.org.br\/madreimilda\/wp-json\/wp\/v2\/pages\/277\/revisions\/6748"}],"wp:attachment":[{"href":"https:\/\/redeicm.org.br\/madreimilda\/wp-json\/wp\/v2\/media?parent=277"}],"curies":[{"name":"wp","href":"https:\/\/api.w.org\/{rel}","templated":true}]}}