{"id":114,"date":"2024-08-16T15:42:53","date_gmt":"2024-08-16T18:42:53","guid":{"rendered":"https:\/\/redeicm.org.br\/madreimilda\/ensino-fundamental-anos-iniciais\/"},"modified":"2025-06-12T18:03:29","modified_gmt":"2025-06-12T21:03:29","slug":"ensino-fundamental-anos-iniciais","status":"publish","type":"page","link":"https:\/\/redeicm.org.br\/madreimilda\/ensino-fundamental-anos-iniciais\/","title":{"rendered":"Ensino Fundamental"},"content":{"rendered":"\t\t<div data-elementor-type=\"wp-page\" data-elementor-id=\"114\" class=\"elementor elementor-114\" data-elementor-post-type=\"page\">\n\t\t\t\t<div class=\"elementor-element elementor-element-dab7717 e-flex e-con-boxed e-con e-parent\" data-id=\"dab7717\" data-element_type=\"container\" data-e-type=\"container\" data-settings=\"{&quot;background_background&quot;:&quot;classic&quot;}\">\n\t\t\t\t\t<div class=\"e-con-inner\">\n\t\t\t\t<div class=\"elementor-element elementor-element-36101fd elementor-widget elementor-widget-heading\" data-id=\"36101fd\" data-element_type=\"widget\" data-e-type=\"widget\" data-widget_type=\"heading.default\">\n\t\t\t\t<div class=\"elementor-widget-container\">\n\t\t\t\t\t<h1 class=\"elementor-heading-title elementor-size-default\">Ensino Fundamental<\/h1>\t\t\t\t<\/div>\n\t\t\t\t<\/div>\n\t\t\t\t\t<\/div>\n\t\t\t\t<\/div>\n\t\t<div class=\"elementor-element elementor-element-438da3b8 e-con-full e-flex e-con e-parent\" data-id=\"438da3b8\" data-element_type=\"container\" data-e-type=\"container\">\n\t\t<div class=\"elementor-element elementor-element-2f2db1da e-flex e-con-boxed e-con e-child\" data-id=\"2f2db1da\" data-element_type=\"container\" data-e-type=\"container\">\n\t\t\t\t\t<div class=\"e-con-inner\">\n\t\t\t\t<div class=\"elementor-element elementor-element-1f15dc65 elementor-invisible elementor-widget elementor-widget-text-editor\" data-id=\"1f15dc65\" data-element_type=\"widget\" data-e-type=\"widget\" data-settings=\"{&quot;_animation&quot;:&quot;fadeInUp&quot;}\" data-widget_type=\"text-editor.default\">\n\t\t\t\t<div class=\"elementor-widget-container\">\n\t\t\t\t\t\t\t\t\t<h5><span style=\"color: #003366;\"><strong>Rotinas e Hor\u00e1rios do Ensino Fundamental<\/strong><\/span><\/h5><p><strong>Anos Iniciais:<\/strong><\/p><p>1\u00ba ano: entrada at\u00e9 \u00e0s 13h15min. As crian\u00e7as dever\u00e3o ser acompanhadas por um adulto respons\u00e1vel at\u00e9 a sua sala de aula. Sa\u00edda a partir das 17h15min, acompanhada pelo adulto respons\u00e1vel autorizado.<\/p><p>2\u00ba ano: entrada at\u00e9 \u00e0s 13h15min pelo sagu\u00e3o do estacionamento. Sa\u00edda na pista (do microfone) no estacionamento a partir das 17h25min.<\/p><p>3\u00ba ao 5\u00ba ano: entrada at\u00e9 \u00e0s 13h15min pelo p\u00e1tio do chafariz. Sa\u00edda a partir de 17h25min pelo p\u00e1tio do chafariz ou 17h45min no estacionamento.<\/p><p><span style=\"color: #000000;\"><strong>Anos Finais:<\/strong><\/span><\/p><p>6\u00ba ao 8\u00ba ano: 7h15min \u00e0s 11h40min.<\/p><p>9\u00ba ano: 7h15min \u00e0s 12h30min.<\/p><p>Entradas e sa\u00eddas pelo sagu\u00e3o do estacionamento.<\/p><h5><span style=\"color: #003366;\"><strong>Anos Iniciais do Ensino Fundamental<\/strong><\/span><\/h5><p>Nos Anos Iniciais do Ensino Fundamental, na Rede ICM de Educa\u00e7\u00e3o, desenvolvemos um processo formativo integral, ampliando a socializa\u00e7\u00e3o e o conhecimento atrav\u00e9s de:<\/p><p>COOPERA\u00c7\u00c3O E CONSCIENCIA COLETIVA<\/p><p>Oportunizamos o desenvolvimento das compet\u00eancias socioemocionais que permitem o trabalho em equipe, de forma solid\u00e1ria e interativa, respeitando as diferen\u00e7as e exercitando a capacidade de estabelecer e manter rela\u00e7\u00f5es baseadas no di\u00e1logo, na \u00e9tica e na coopera\u00e7\u00e3o, com vistas ao protagonismo de vida de cada estudante.<\/p><p>INICIA\u00c7\u00c3O CIENTIFICA E APRENDIZAGEM INVESTIGATIVA<\/p><p>Proporcionamos aos estudantes a integra\u00e7\u00e3o, de forma qualificada, da ci\u00eancia e da tecnologia com vistas ao desenvolvimento das compet\u00eancias que lhes permitem agu\u00e7ar seu olhar investigativo, sua capacidade de estabelecer rela\u00e7\u00f5es e aprender a aprender ao longo da vida.<\/p><p>ESPA\u00c7OS LUDICOS E INOVADORES<\/p><p>Oferecemos espa\u00e7os de aprendizagem alegres, interativos e organizados que<\/p><p>Estimulam a criatividade, agregando a import\u00e2ncia do pensar e argumentar com a ludicidade, a intera\u00e7\u00e3o, a autonomia e a viv\u00eancia de valores.<\/p><p>COMPET\u00caNCIA COMUNICATIVA<\/p><p>Potencializamos a capacidade comunicativa, possibilitando ao estudante o desenvolvimento da autoria e da criticidade, atrav\u00e9s da compreens\u00e3o leitora, da infer\u00eancia e da intera\u00e7\u00e3o com a diversidade cultural e com as diferentes linguagens.<\/p><p>CONSCI\u00caNCIA ECOL\u00d3GICA<\/p><p>Estimulamos a pratica de uma vida saud\u00e1vel e sustent\u00e1vel, visando o cuidado consigo, com o outro e com o ambiente, de modo a contribuir com o equil\u00edbrio ecol\u00f3gico e com a melhoria da qualidade de vida no Planeta.<\/p><p>EDUCA\u00c7\u00c3O FINANCEIRA<\/p><p>Desenvolvemos o senso de organiza\u00e7\u00e3o e de sustentabilidade para a compreens\u00e3o financeira de que as coisas t\u00eam pre\u00e7o e t\u00eam valor. Incentivamos a administra\u00e7\u00e3o de recursos e o consumo consciente numa vis\u00e3o coletiva e humanit\u00e1ria.<\/p><h5><span style=\"color: #003366;\"><strong>Anos Finais do Ensino Fundamental<\/strong><\/span><\/h5><p>Nos Anos Finais do Ensino Fundamental da Rede ICM de Educa\u00e7\u00e3o, consolidamos os conhecimentos adquiridos, impulsionando o desenvolvimento intelectual do aluno ampliando suas experi\u00eancias e pr\u00e1ticas socioculturais, considerando:<\/p><p>PROTAGONISMO E LIDERAN\u00c7A<\/p><p>Promovemos o crescimento pessoal e coletivo, desenvolvimento da autonomia, a iniciativa, a colabora\u00e7\u00e3o, a participa\u00e7\u00e3o, a amplia\u00e7\u00e3o de saberes e a competitividade saud\u00e1vel com \u00e9tica e responsabilidade.<\/p><p>CIENTIFICIDADE E LETRAMENTO TECNOL\u00d3GICO<\/p><p>Desafiamos o estudante a desenvolver o letramento tecnol\u00f3gico e a pesquisa cient\u00edfica, com foco na interven\u00e7\u00e3o social, possibilitando a an\u00e1lise das informa\u00e7\u00f5es e a forma\u00e7\u00e3o de uma base s\u00f3lida que leva \u00e0 intera\u00e7\u00e3o com conhecimentos, na cria\u00e7\u00e3o de projetos inovadores que envolvam metodologias \u201cfa\u00e7a voc\u00ea mesmo\u201d para conectar saberes e trabalhar o protagonismo e o empreendedorismo.<\/p><p>ESPA\u00c7OS COLABORATIVOS E CONECTADOS<\/p><p>Realizamos atividades e projetos em espa\u00e7os h\u00edbridos, multimodais e inovadores que ressignificam a aprendizagem, com o apoio de metodologias ativas e das tecnologias digitais, desenvolvendo habilidades e compet\u00eancias e criando conex\u00f5es entre os diversos saberes por meio de projetos de aprendizagem, numa perspectiva integradora.<\/p><p>APRENDER A APRENDER<\/p><p>Desenvolvemos compet\u00eancias e habilidades, com apoio de metodologias ativas, permitindo ao estudante continuar aprendendo ao longo de sua vida, a partir de uma base conceitual s\u00f3lida, da amplia\u00e7\u00e3o das potencialidades cognitivas e do protagonismo no seu processo de aprendizagem.<\/p><p>SUSTENTABILIDADE E CUIDADO COM O MUNDO<\/p><p>Enfatizamos e desenvolvemos o sentido de pertencimento, a justi\u00e7a social e o compromisso cidad\u00e3o, atrav\u00e9s do fortalecimento da criticidade e da solidariedade, preparando o estudante para interagir com o mundo em que vive, respeitando as diferentes culturas.<\/p><p>AUTOGEST\u00c3O FINANCEIRA<\/p><p>Desenvolvemos no estudante o pensar estrat\u00e9gico em rela\u00e7\u00e3o ao gerenciamento de seus recursos, do tempo e da sua a\u00e7\u00e3o, construindo o senso \u00e9tico e sustent\u00e1vel para a tomada de decis\u00f5es, com foco na organiza\u00e7\u00e3o das finan\u00e7as e no planejamento para uma vida melhor.<\/p>\t\t\t\t\t\t\t\t<\/div>\n\t\t\t\t<\/div>\n\t\t\t\t\t<\/div>\n\t\t\t\t<\/div>\n\t\t\t\t<\/div>\n\t\t\t\t<\/div>\n\t\t","protected":false},"excerpt":{"rendered":"<p>Rotinas e Hor\u00e1rios do Ensino Fundamental Anos Iniciais: 1\u00ba ano: entrada at\u00e9 \u00e0s 13h15min. As crian\u00e7as dever\u00e3o ser acompanhadas por um adulto respons\u00e1vel at\u00e9 a sua sala de aula. Sa\u00edda a partir das 17h15min, acompanhada pelo adulto respons\u00e1vel autorizado. 2\u00ba ano: entrada at\u00e9 \u00e0s 13h15min pelo sagu\u00e3o do estacionamento. Sa\u00edda na pista (do microfone) no [&hellip;]<\/p>\n","protected":false},"author":1,"featured_media":117,"parent":0,"menu_order":0,"comment_status":"closed","ping_status":"closed","template":"","meta":{"_acf_changed":false,"footnotes":""},"class_list":["post-114","page","type-page","status-publish","has-post-thumbnail","hentry"],"acf":[],"yoast_head":"<!-- This site is optimized with the Yoast SEO plugin v26.3 - https:\/\/yoast.com\/wordpress\/plugins\/seo\/ -->\n<title>Ensino Fundamental - Col\u00e9gio Madre Imilda | Rede ICM de educa\u00e7\u00e3o<\/title>\n<meta name=\"robots\" content=\"index, follow, max-snippet:-1, max-image-preview:large, max-video-preview:-1\" \/>\n<link rel=\"canonical\" href=\"https:\/\/redeicm.org.br\/madreimilda\/ensino-fundamental-anos-iniciais\/\" \/>\n<meta property=\"og:locale\" content=\"pt_BR\" \/>\n<meta property=\"og:type\" content=\"article\" \/>\n<meta property=\"og:title\" content=\"Ensino Fundamental - Col\u00e9gio Madre Imilda | Rede ICM de educa\u00e7\u00e3o\" \/>\n<meta property=\"og:description\" content=\"Rotinas e Hor\u00e1rios do Ensino Fundamental Anos Iniciais: 1\u00ba ano: entrada at\u00e9 \u00e0s 13h15min. As crian\u00e7as dever\u00e3o ser acompanhadas por um adulto respons\u00e1vel at\u00e9 a sua sala de aula. Sa\u00edda a partir das 17h15min, acompanhada pelo adulto respons\u00e1vel autorizado. 2\u00ba ano: entrada at\u00e9 \u00e0s 13h15min pelo sagu\u00e3o do estacionamento. Sa\u00edda na pista (do microfone) no [&hellip;]\" \/>\n<meta property=\"og:url\" content=\"https:\/\/redeicm.org.br\/madreimilda\/ensino-fundamental-anos-iniciais\/\" \/>\n<meta property=\"og:site_name\" content=\"Col\u00e9gio Madre Imilda | Rede ICM de educa\u00e7\u00e3o\" \/>\n<meta property=\"article:modified_time\" content=\"2025-06-12T21:03:29+00:00\" \/>\n<meta property=\"og:image\" content=\"https:\/\/redeicm.org.br\/madreimilda\/wp-content\/uploads\/sites\/18\/2024\/08\/banner-ensino-fundamental-iniciais.jpg\" \/>\n\t<meta property=\"og:image:width\" content=\"1440\" \/>\n\t<meta property=\"og:image:height\" content=\"400\" \/>\n\t<meta property=\"og:image:type\" content=\"image\/jpeg\" \/>\n<meta name=\"twitter:card\" content=\"summary_large_image\" \/>\n<meta name=\"twitter:label1\" content=\"Est. tempo de leitura\" \/>\n\t<meta name=\"twitter:data1\" content=\"4 minutos\" \/>\n<script type=\"application\/ld+json\" class=\"yoast-schema-graph\">{\"@context\":\"https:\/\/schema.org\",\"@graph\":[{\"@type\":\"WebPage\",\"@id\":\"https:\/\/redeicm.org.br\/madreimilda\/ensino-fundamental-anos-iniciais\/\",\"url\":\"https:\/\/redeicm.org.br\/madreimilda\/ensino-fundamental-anos-iniciais\/\",\"name\":\"Ensino Fundamental - Col\u00e9gio Madre Imilda | Rede ICM de educa\u00e7\u00e3o\",\"isPartOf\":{\"@id\":\"https:\/\/redeicm.org.br\/madreimilda\/#website\"},\"primaryImageOfPage\":{\"@id\":\"https:\/\/redeicm.org.br\/madreimilda\/ensino-fundamental-anos-iniciais\/#primaryimage\"},\"image\":{\"@id\":\"https:\/\/redeicm.org.br\/madreimilda\/ensino-fundamental-anos-iniciais\/#primaryimage\"},\"thumbnailUrl\":\"https:\/\/redeicm.org.br\/madreimilda\/wp-content\/uploads\/sites\/18\/2024\/08\/banner-ensino-fundamental-iniciais.jpg\",\"datePublished\":\"2024-08-16T18:42:53+00:00\",\"dateModified\":\"2025-06-12T21:03:29+00:00\",\"breadcrumb\":{\"@id\":\"https:\/\/redeicm.org.br\/madreimilda\/ensino-fundamental-anos-iniciais\/#breadcrumb\"},\"inLanguage\":\"pt-BR\",\"potentialAction\":[{\"@type\":\"ReadAction\",\"target\":[\"https:\/\/redeicm.org.br\/madreimilda\/ensino-fundamental-anos-iniciais\/\"]}]},{\"@type\":\"ImageObject\",\"inLanguage\":\"pt-BR\",\"@id\":\"https:\/\/redeicm.org.br\/madreimilda\/ensino-fundamental-anos-iniciais\/#primaryimage\",\"url\":\"https:\/\/redeicm.org.br\/madreimilda\/wp-content\/uploads\/sites\/18\/2024\/08\/banner-ensino-fundamental-iniciais.jpg\",\"contentUrl\":\"https:\/\/redeicm.org.br\/madreimilda\/wp-content\/uploads\/sites\/18\/2024\/08\/banner-ensino-fundamental-iniciais.jpg\",\"width\":1440,\"height\":400},{\"@type\":\"BreadcrumbList\",\"@id\":\"https:\/\/redeicm.org.br\/madreimilda\/ensino-fundamental-anos-iniciais\/#breadcrumb\",\"itemListElement\":[{\"@type\":\"ListItem\",\"position\":1,\"name\":\"In\u00edcio\",\"item\":\"https:\/\/redeicm.org.br\/madreimilda\/\"},{\"@type\":\"ListItem\",\"position\":2,\"name\":\"Ensino Fundamental\"}]},{\"@type\":\"WebSite\",\"@id\":\"https:\/\/redeicm.org.br\/madreimilda\/#website\",\"url\":\"https:\/\/redeicm.org.br\/madreimilda\/\",\"name\":\"Col\u00e9gio Madre Imilda | Rede ICM de educa\u00e7\u00e3o\",\"description\":\"\",\"publisher\":{\"@id\":\"https:\/\/redeicm.org.br\/madreimilda\/#organization\"},\"potentialAction\":[{\"@type\":\"SearchAction\",\"target\":{\"@type\":\"EntryPoint\",\"urlTemplate\":\"https:\/\/redeicm.org.br\/madreimilda\/?s={search_term_string}\"},\"query-input\":{\"@type\":\"PropertyValueSpecification\",\"valueRequired\":true,\"valueName\":\"search_term_string\"}}],\"inLanguage\":\"pt-BR\"},{\"@type\":\"Organization\",\"@id\":\"https:\/\/redeicm.org.br\/madreimilda\/#organization\",\"name\":\"Col\u00e9gio Madre Imilda | Rede ICM de educa\u00e7\u00e3o\",\"url\":\"https:\/\/redeicm.org.br\/madreimilda\/\",\"logo\":{\"@type\":\"ImageObject\",\"inLanguage\":\"pt-BR\",\"@id\":\"https:\/\/redeicm.org.br\/madreimilda\/#\/schema\/logo\/image\/\",\"url\":\"https:\/\/redeicm.org.br\/madreimilda\/wp-content\/uploads\/sites\/18\/2024\/08\/logo-colegio-madre-imilda.png\",\"contentUrl\":\"https:\/\/redeicm.org.br\/madreimilda\/wp-content\/uploads\/sites\/18\/2024\/08\/logo-colegio-madre-imilda.png\",\"width\":299,\"height\":135,\"caption\":\"Col\u00e9gio Madre Imilda | Rede ICM de educa\u00e7\u00e3o\"},\"image\":{\"@id\":\"https:\/\/redeicm.org.br\/madreimilda\/#\/schema\/logo\/image\/\"}}]}<\/script>\n<!-- \/ Yoast SEO plugin. -->","yoast_head_json":{"title":"Ensino Fundamental - Col\u00e9gio Madre Imilda | Rede ICM de educa\u00e7\u00e3o","robots":{"index":"index","follow":"follow","max-snippet":"max-snippet:-1","max-image-preview":"max-image-preview:large","max-video-preview":"max-video-preview:-1"},"canonical":"https:\/\/redeicm.org.br\/madreimilda\/ensino-fundamental-anos-iniciais\/","og_locale":"pt_BR","og_type":"article","og_title":"Ensino Fundamental - Col\u00e9gio Madre Imilda | Rede ICM de educa\u00e7\u00e3o","og_description":"Rotinas e Hor\u00e1rios do Ensino Fundamental Anos Iniciais: 1\u00ba ano: entrada at\u00e9 \u00e0s 13h15min. As crian\u00e7as dever\u00e3o ser acompanhadas por um adulto respons\u00e1vel at\u00e9 a sua sala de aula. Sa\u00edda a partir das 17h15min, acompanhada pelo adulto respons\u00e1vel autorizado. 2\u00ba ano: entrada at\u00e9 \u00e0s 13h15min pelo sagu\u00e3o do estacionamento. Sa\u00edda na pista (do microfone) no [&hellip;]","og_url":"https:\/\/redeicm.org.br\/madreimilda\/ensino-fundamental-anos-iniciais\/","og_site_name":"Col\u00e9gio Madre Imilda | Rede ICM de educa\u00e7\u00e3o","article_modified_time":"2025-06-12T21:03:29+00:00","og_image":[{"width":1440,"height":400,"url":"https:\/\/redeicm.org.br\/madreimilda\/wp-content\/uploads\/sites\/18\/2024\/08\/banner-ensino-fundamental-iniciais.jpg","type":"image\/jpeg"}],"twitter_card":"summary_large_image","twitter_misc":{"Est. tempo de leitura":"4 minutos"},"schema":{"@context":"https:\/\/schema.org","@graph":[{"@type":"WebPage","@id":"https:\/\/redeicm.org.br\/madreimilda\/ensino-fundamental-anos-iniciais\/","url":"https:\/\/redeicm.org.br\/madreimilda\/ensino-fundamental-anos-iniciais\/","name":"Ensino Fundamental - Col\u00e9gio Madre Imilda | Rede ICM de educa\u00e7\u00e3o","isPartOf":{"@id":"https:\/\/redeicm.org.br\/madreimilda\/#website"},"primaryImageOfPage":{"@id":"https:\/\/redeicm.org.br\/madreimilda\/ensino-fundamental-anos-iniciais\/#primaryimage"},"image":{"@id":"https:\/\/redeicm.org.br\/madreimilda\/ensino-fundamental-anos-iniciais\/#primaryimage"},"thumbnailUrl":"https:\/\/redeicm.org.br\/madreimilda\/wp-content\/uploads\/sites\/18\/2024\/08\/banner-ensino-fundamental-iniciais.jpg","datePublished":"2024-08-16T18:42:53+00:00","dateModified":"2025-06-12T21:03:29+00:00","breadcrumb":{"@id":"https:\/\/redeicm.org.br\/madreimilda\/ensino-fundamental-anos-iniciais\/#breadcrumb"},"inLanguage":"pt-BR","potentialAction":[{"@type":"ReadAction","target":["https:\/\/redeicm.org.br\/madreimilda\/ensino-fundamental-anos-iniciais\/"]}]},{"@type":"ImageObject","inLanguage":"pt-BR","@id":"https:\/\/redeicm.org.br\/madreimilda\/ensino-fundamental-anos-iniciais\/#primaryimage","url":"https:\/\/redeicm.org.br\/madreimilda\/wp-content\/uploads\/sites\/18\/2024\/08\/banner-ensino-fundamental-iniciais.jpg","contentUrl":"https:\/\/redeicm.org.br\/madreimilda\/wp-content\/uploads\/sites\/18\/2024\/08\/banner-ensino-fundamental-iniciais.jpg","width":1440,"height":400},{"@type":"BreadcrumbList","@id":"https:\/\/redeicm.org.br\/madreimilda\/ensino-fundamental-anos-iniciais\/#breadcrumb","itemListElement":[{"@type":"ListItem","position":1,"name":"In\u00edcio","item":"https:\/\/redeicm.org.br\/madreimilda\/"},{"@type":"ListItem","position":2,"name":"Ensino Fundamental"}]},{"@type":"WebSite","@id":"https:\/\/redeicm.org.br\/madreimilda\/#website","url":"https:\/\/redeicm.org.br\/madreimilda\/","name":"Col\u00e9gio Madre Imilda | Rede ICM de educa\u00e7\u00e3o","description":"","publisher":{"@id":"https:\/\/redeicm.org.br\/madreimilda\/#organization"},"potentialAction":[{"@type":"SearchAction","target":{"@type":"EntryPoint","urlTemplate":"https:\/\/redeicm.org.br\/madreimilda\/?s={search_term_string}"},"query-input":{"@type":"PropertyValueSpecification","valueRequired":true,"valueName":"search_term_string"}}],"inLanguage":"pt-BR"},{"@type":"Organization","@id":"https:\/\/redeicm.org.br\/madreimilda\/#organization","name":"Col\u00e9gio Madre Imilda | Rede ICM de educa\u00e7\u00e3o","url":"https:\/\/redeicm.org.br\/madreimilda\/","logo":{"@type":"ImageObject","inLanguage":"pt-BR","@id":"https:\/\/redeicm.org.br\/madreimilda\/#\/schema\/logo\/image\/","url":"https:\/\/redeicm.org.br\/madreimilda\/wp-content\/uploads\/sites\/18\/2024\/08\/logo-colegio-madre-imilda.png","contentUrl":"https:\/\/redeicm.org.br\/madreimilda\/wp-content\/uploads\/sites\/18\/2024\/08\/logo-colegio-madre-imilda.png","width":299,"height":135,"caption":"Col\u00e9gio Madre Imilda | Rede ICM de educa\u00e7\u00e3o"},"image":{"@id":"https:\/\/redeicm.org.br\/madreimilda\/#\/schema\/logo\/image\/"}}]}},"_links":{"self":[{"href":"https:\/\/redeicm.org.br\/madreimilda\/wp-json\/wp\/v2\/pages\/114","targetHints":{"allow":["GET"]}}],"collection":[{"href":"https:\/\/redeicm.org.br\/madreimilda\/wp-json\/wp\/v2\/pages"}],"about":[{"href":"https:\/\/redeicm.org.br\/madreimilda\/wp-json\/wp\/v2\/types\/page"}],"author":[{"embeddable":true,"href":"https:\/\/redeicm.org.br\/madreimilda\/wp-json\/wp\/v2\/users\/1"}],"replies":[{"embeddable":true,"href":"https:\/\/redeicm.org.br\/madreimilda\/wp-json\/wp\/v2\/comments?post=114"}],"version-history":[{"count":10,"href":"https:\/\/redeicm.org.br\/madreimilda\/wp-json\/wp\/v2\/pages\/114\/revisions"}],"predecessor-version":[{"id":6806,"href":"https:\/\/redeicm.org.br\/madreimilda\/wp-json\/wp\/v2\/pages\/114\/revisions\/6806"}],"wp:featuredmedia":[{"embeddable":true,"href":"https:\/\/redeicm.org.br\/madreimilda\/wp-json\/wp\/v2\/media\/117"}],"wp:attachment":[{"href":"https:\/\/redeicm.org.br\/madreimilda\/wp-json\/wp\/v2\/media?parent=114"}],"curies":[{"name":"wp","href":"https:\/\/api.w.org\/{rel}","templated":true}]}}