{"id":550,"date":"2025-05-29T22:10:01","date_gmt":"2025-05-30T01:10:01","guid":{"rendered":"https:\/\/redeicm.org.br\/madrebarbara\/?page_id=550"},"modified":"2025-05-29T22:14:32","modified_gmt":"2025-05-30T01:14:32","slug":"apm","status":"publish","type":"page","link":"https:\/\/redeicm.org.br\/madrebarbara\/apm\/","title":{"rendered":"A Associa\u00e7\u00e3o de Pais e Mestres (APM)"},"content":{"rendered":"\t\t<div data-elementor-type=\"wp-page\" data-elementor-id=\"550\" class=\"elementor elementor-550\" data-elementor-post-type=\"page\">\n\t\t\t\t<div class=\"elementor-element elementor-element-7f53c1a9 e-flex e-con-boxed e-con e-parent\" data-id=\"7f53c1a9\" data-element_type=\"container\" data-e-type=\"container\" data-settings=\"{&quot;background_background&quot;:&quot;classic&quot;}\">\n\t\t\t\t\t<div class=\"e-con-inner\">\n\t\t\t\t<div class=\"elementor-element elementor-element-48242c18 elementor-widget elementor-widget-heading\" data-id=\"48242c18\" data-element_type=\"widget\" data-e-type=\"widget\" data-widget_type=\"heading.default\">\n\t\t\t\t<div class=\"elementor-widget-container\">\n\t\t\t\t\t<h1 class=\"elementor-heading-title elementor-size-default\">A Associa\u00e7\u00e3o de Pais e Mestres (APM)<\/h1>\t\t\t\t<\/div>\n\t\t\t\t<\/div>\n\t\t\t\t\t<\/div>\n\t\t\t\t<\/div>\n\t\t<div class=\"elementor-element elementor-element-7c246d29 e-con-full e-flex e-con e-parent\" data-id=\"7c246d29\" data-element_type=\"container\" data-e-type=\"container\" id=\"secretaria\" data-settings=\"{&quot;background_background&quot;:&quot;classic&quot;}\">\n\t\t<div class=\"elementor-element elementor-element-7be4f3a e-flex e-con-boxed e-con e-child\" data-id=\"7be4f3a\" data-element_type=\"container\" data-e-type=\"container\">\n\t\t\t\t\t<div class=\"e-con-inner\">\n\t\t<div class=\"elementor-element elementor-element-47b0b625 e-flex e-con-boxed elementor-invisible e-con e-child\" data-id=\"47b0b625\" data-element_type=\"container\" data-e-type=\"container\" data-settings=\"{&quot;animation&quot;:&quot;fadeInUp&quot;}\">\n\t\t\t\t\t<div class=\"e-con-inner\">\n\t\t\t\t<div class=\"elementor-element elementor-element-13f29591 elementor-widget elementor-widget-text-editor\" data-id=\"13f29591\" data-element_type=\"widget\" data-e-type=\"widget\" data-widget_type=\"text-editor.default\">\n\t\t\t\t<div class=\"elementor-widget-container\">\n\t\t\t\t\t\t\t\t\t<div id=\"m_-2484720061796245722yui_3_16_0_1_1490698605144_6140\" dir=\"ltr\"><p>A Associa\u00e7\u00e3o de Pais e Mestres (APM) do Col\u00e9gio Madre B\u00e1rbara \u00e9 uma institui\u00e7\u00e3o atuante dentro do Col\u00e9gio. Com uma vis\u00e3o de responsabilidade para com os resultados da escola, a associa\u00e7\u00e3o se empenha em desenvolver a\u00e7\u00f5es e atividades que integrem toda a classe estudantil, juntamente com pais, professores e sociedade em geral.<\/p><p>Sob sua responsabilidade est\u00e1 desenvolver jantares festivos e outras programa\u00e7\u00f5es, promover palestras para os alunos, pais e professores a fim de elevar o conhecimento geral e auxiliar nos demais eventos promovidos pelo Col\u00e9gio.<\/p><p>O trabalho da APM vem trazendo grandes resultados para o Col\u00e9gio Madre B\u00e1rbara. De alguns anos para c\u00e1, a parceria APM \u2013 GEMBAR \u2013 Col\u00e9gio j\u00e1 levou \u00e0 a\u00e7\u00e3o o Jornal Nosso Elo, a implanta\u00e7\u00e3o do uso obrigat\u00f3rio do uniforme, a reforma da biblioteca, entre outras aquisi\u00e7\u00f5es em beneficio do aluno.<\/p><h6><strong>Membros da diretoria 2016\/2025:<\/strong><\/h6><p><strong>Presidente<\/strong>: B\u00e1rbara\u00a0Kroch Kranz<br \/><strong>Vice-presidente<\/strong>: Daniela\u00a0Trombini Sivinski<br \/><strong>1\u00aa Secret\u00e1ria<\/strong>: Andr\u00e9ia Wenzel<br \/><strong>2\u00aa Secret\u00e1ria<\/strong>: Tanisa de Moraes<br \/><strong>1\u00ba Tesoureiro<\/strong>: Fabr\u00edcio Brand\u00e3o<br \/><strong>2\u00ba Tesoureiro<\/strong>: Nicole Henrich<br \/><strong>Conselho Fiscal<\/strong>: Denise\u00a0Scheeren, Deise Ramos Einlof, Yume Montovani, Lucas Henz, Adriana Henz, Daniel Scheeren, Andrea Reckziegel, Gustavo\u00a0Beuren, \u00c2ngela Rhod, Alessandra Morais Dias, Karin Stein Sommer, Gast\u00e3o Gungel, Daniela Cavagnolli, Daniele Silvestrin, Lisania Corbellini, Luana Bianchini, Marilaine Alves, Fernanda Reali Corbelini, Paulo Locatteli, Ricardo Petter, Rodrigo Bortoli, Rosa Delving, Soraya Beer, Luciano Brand\u00e3o, Cl\u00e1udia Reali Zarth, Ana Lopes Gr\u00fcn, Rosana Fagundes.<\/p><h6><strong>Rede Social:<\/strong><\/h6><p><a href=\"https:\/\/www.facebook.com\/apmmadrebarbara\">https:\/\/www.facebook.com\/apmmadrebarbara<\/a><\/p><\/div><div id=\"m_-2484720061796245722yui_3_16_0_1_1490698605144_6141\" dir=\"ltr\">\u00a0<\/div>\t\t\t\t\t\t\t\t<\/div>\n\t\t\t\t<\/div>\n\t\t\t\t\t<\/div>\n\t\t\t\t<\/div>\n\t\t\t\t\t<\/div>\n\t\t\t\t<\/div>\n\t\t\t\t<\/div>\n\t\t\t\t<\/div>\n\t\t","protected":false},"excerpt":{"rendered":"<p>A Associa\u00e7\u00e3o de Pais e Mestres (APM) A Associa\u00e7\u00e3o de Pais e Mestres (APM) do Col\u00e9gio Madre B\u00e1rbara \u00e9 uma institui\u00e7\u00e3o atuante dentro do Col\u00e9gio. Com uma vis\u00e3o de responsabilidade para com os resultados da escola, a associa\u00e7\u00e3o se empenha em desenvolver a\u00e7\u00f5es e atividades que integrem toda a classe estudantil, juntamente com pais, professores [&hellip;]<\/p>\n","protected":false},"author":1,"featured_media":126,"parent":0,"menu_order":0,"comment_status":"closed","ping_status":"closed","template":"","meta":{"_acf_changed":false,"footnotes":""},"class_list":["post-550","page","type-page","status-publish","has-post-thumbnail","hentry"],"acf":[],"yoast_head":"<!-- This site is optimized with the Yoast SEO plugin v26.3 - https:\/\/yoast.com\/wordpress\/plugins\/seo\/ -->\n<title>A Associa\u00e7\u00e3o de Pais e Mestres (APM) - Col\u00e9gio Madre B\u00e1rbara | Rede ICM de Educa\u00e7\u00e3o<\/title>\n<meta name=\"robots\" content=\"index, follow, max-snippet:-1, max-image-preview:large, max-video-preview:-1\" \/>\n<link rel=\"canonical\" href=\"https:\/\/redeicm.org.br\/madrebarbara\/apm\/\" \/>\n<meta property=\"og:locale\" content=\"pt_BR\" \/>\n<meta property=\"og:type\" content=\"article\" \/>\n<meta property=\"og:title\" content=\"A Associa\u00e7\u00e3o de Pais e Mestres (APM) - Col\u00e9gio Madre B\u00e1rbara | Rede ICM de Educa\u00e7\u00e3o\" \/>\n<meta property=\"og:description\" content=\"A Associa\u00e7\u00e3o de Pais e Mestres (APM) A Associa\u00e7\u00e3o de Pais e Mestres (APM) do Col\u00e9gio Madre B\u00e1rbara \u00e9 uma institui\u00e7\u00e3o atuante dentro do Col\u00e9gio. Com uma vis\u00e3o de responsabilidade para com os resultados da escola, a associa\u00e7\u00e3o se empenha em desenvolver a\u00e7\u00f5es e atividades que integrem toda a classe estudantil, juntamente com pais, professores [&hellip;]\" \/>\n<meta property=\"og:url\" content=\"https:\/\/redeicm.org.br\/madrebarbara\/apm\/\" \/>\n<meta property=\"og:site_name\" content=\"Col\u00e9gio Madre B\u00e1rbara | Rede ICM de Educa\u00e7\u00e3o\" \/>\n<meta property=\"article:modified_time\" content=\"2025-05-30T01:14:32+00:00\" \/>\n<meta property=\"og:image\" content=\"https:\/\/redeicm.org.br\/madrebarbara\/wp-content\/uploads\/sites\/17\/2024\/08\/banner-direcao.jpg\" \/>\n\t<meta property=\"og:image:width\" content=\"1440\" \/>\n\t<meta property=\"og:image:height\" content=\"400\" \/>\n\t<meta property=\"og:image:type\" content=\"image\/jpeg\" \/>\n<meta name=\"twitter:card\" content=\"summary_large_image\" \/>\n<meta name=\"twitter:label1\" content=\"Est. tempo de leitura\" \/>\n\t<meta name=\"twitter:data1\" content=\"2 minutos\" \/>\n<script type=\"application\/ld+json\" class=\"yoast-schema-graph\">{\"@context\":\"https:\/\/schema.org\",\"@graph\":[{\"@type\":\"WebPage\",\"@id\":\"https:\/\/redeicm.org.br\/madrebarbara\/apm\/\",\"url\":\"https:\/\/redeicm.org.br\/madrebarbara\/apm\/\",\"name\":\"A Associa\u00e7\u00e3o de Pais e Mestres (APM) - Col\u00e9gio Madre B\u00e1rbara | Rede ICM de Educa\u00e7\u00e3o\",\"isPartOf\":{\"@id\":\"https:\/\/redeicm.org.br\/madrebarbara\/#website\"},\"primaryImageOfPage\":{\"@id\":\"https:\/\/redeicm.org.br\/madrebarbara\/apm\/#primaryimage\"},\"image\":{\"@id\":\"https:\/\/redeicm.org.br\/madrebarbara\/apm\/#primaryimage\"},\"thumbnailUrl\":\"https:\/\/redeicm.org.br\/madrebarbara\/wp-content\/uploads\/sites\/17\/2024\/08\/banner-direcao.jpg\",\"datePublished\":\"2025-05-30T01:10:01+00:00\",\"dateModified\":\"2025-05-30T01:14:32+00:00\",\"breadcrumb\":{\"@id\":\"https:\/\/redeicm.org.br\/madrebarbara\/apm\/#breadcrumb\"},\"inLanguage\":\"pt-BR\",\"potentialAction\":[{\"@type\":\"ReadAction\",\"target\":[\"https:\/\/redeicm.org.br\/madrebarbara\/apm\/\"]}]},{\"@type\":\"ImageObject\",\"inLanguage\":\"pt-BR\",\"@id\":\"https:\/\/redeicm.org.br\/madrebarbara\/apm\/#primaryimage\",\"url\":\"https:\/\/redeicm.org.br\/madrebarbara\/wp-content\/uploads\/sites\/17\/2024\/08\/banner-direcao.jpg\",\"contentUrl\":\"https:\/\/redeicm.org.br\/madrebarbara\/wp-content\/uploads\/sites\/17\/2024\/08\/banner-direcao.jpg\",\"width\":1440,\"height\":400},{\"@type\":\"BreadcrumbList\",\"@id\":\"https:\/\/redeicm.org.br\/madrebarbara\/apm\/#breadcrumb\",\"itemListElement\":[{\"@type\":\"ListItem\",\"position\":1,\"name\":\"In\u00edcio\",\"item\":\"https:\/\/redeicm.org.br\/madrebarbara\/\"},{\"@type\":\"ListItem\",\"position\":2,\"name\":\"A Associa\u00e7\u00e3o de Pais e Mestres (APM)\"}]},{\"@type\":\"WebSite\",\"@id\":\"https:\/\/redeicm.org.br\/madrebarbara\/#website\",\"url\":\"https:\/\/redeicm.org.br\/madrebarbara\/\",\"name\":\"Col\u00e9gio Madre B\u00e1rbara | Rede ICM de Educa\u00e7\u00e3o\",\"description\":\"\",\"publisher\":{\"@id\":\"https:\/\/redeicm.org.br\/madrebarbara\/#organization\"},\"potentialAction\":[{\"@type\":\"SearchAction\",\"target\":{\"@type\":\"EntryPoint\",\"urlTemplate\":\"https:\/\/redeicm.org.br\/madrebarbara\/?s={search_term_string}\"},\"query-input\":{\"@type\":\"PropertyValueSpecification\",\"valueRequired\":true,\"valueName\":\"search_term_string\"}}],\"inLanguage\":\"pt-BR\"},{\"@type\":\"Organization\",\"@id\":\"https:\/\/redeicm.org.br\/madrebarbara\/#organization\",\"name\":\"Col\u00e9gio Madre B\u00e1rbara | Rede ICM de Educa\u00e7\u00e3o\",\"url\":\"https:\/\/redeicm.org.br\/madrebarbara\/\",\"logo\":{\"@type\":\"ImageObject\",\"inLanguage\":\"pt-BR\",\"@id\":\"https:\/\/redeicm.org.br\/madrebarbara\/#\/schema\/logo\/image\/\",\"url\":\"https:\/\/redeicm.org.br\/madrebarbara\/wp-content\/uploads\/sites\/17\/2025\/09\/ICM_Educacao_Madre_Barbara_Preferencial_Cores-1024x329-1.png\",\"contentUrl\":\"https:\/\/redeicm.org.br\/madrebarbara\/wp-content\/uploads\/sites\/17\/2025\/09\/ICM_Educacao_Madre_Barbara_Preferencial_Cores-1024x329-1.png\",\"width\":223,\"height\":223,\"caption\":\"Col\u00e9gio Madre B\u00e1rbara | Rede ICM de Educa\u00e7\u00e3o\"},\"image\":{\"@id\":\"https:\/\/redeicm.org.br\/madrebarbara\/#\/schema\/logo\/image\/\"}}]}<\/script>\n<!-- \/ Yoast SEO plugin. -->","yoast_head_json":{"title":"A Associa\u00e7\u00e3o de Pais e Mestres (APM) - Col\u00e9gio Madre B\u00e1rbara | Rede ICM de Educa\u00e7\u00e3o","robots":{"index":"index","follow":"follow","max-snippet":"max-snippet:-1","max-image-preview":"max-image-preview:large","max-video-preview":"max-video-preview:-1"},"canonical":"https:\/\/redeicm.org.br\/madrebarbara\/apm\/","og_locale":"pt_BR","og_type":"article","og_title":"A Associa\u00e7\u00e3o de Pais e Mestres (APM) - Col\u00e9gio Madre B\u00e1rbara | Rede ICM de Educa\u00e7\u00e3o","og_description":"A Associa\u00e7\u00e3o de Pais e Mestres (APM) A Associa\u00e7\u00e3o de Pais e Mestres (APM) do Col\u00e9gio Madre B\u00e1rbara \u00e9 uma institui\u00e7\u00e3o atuante dentro do Col\u00e9gio. Com uma vis\u00e3o de responsabilidade para com os resultados da escola, a associa\u00e7\u00e3o se empenha em desenvolver a\u00e7\u00f5es e atividades que integrem toda a classe estudantil, juntamente com pais, professores [&hellip;]","og_url":"https:\/\/redeicm.org.br\/madrebarbara\/apm\/","og_site_name":"Col\u00e9gio Madre B\u00e1rbara | Rede ICM de Educa\u00e7\u00e3o","article_modified_time":"2025-05-30T01:14:32+00:00","og_image":[{"width":1440,"height":400,"url":"https:\/\/redeicm.org.br\/madrebarbara\/wp-content\/uploads\/sites\/17\/2024\/08\/banner-direcao.jpg","type":"image\/jpeg"}],"twitter_card":"summary_large_image","twitter_misc":{"Est. tempo de leitura":"2 minutos"},"schema":{"@context":"https:\/\/schema.org","@graph":[{"@type":"WebPage","@id":"https:\/\/redeicm.org.br\/madrebarbara\/apm\/","url":"https:\/\/redeicm.org.br\/madrebarbara\/apm\/","name":"A Associa\u00e7\u00e3o de Pais e Mestres (APM) - Col\u00e9gio Madre B\u00e1rbara | Rede ICM de Educa\u00e7\u00e3o","isPartOf":{"@id":"https:\/\/redeicm.org.br\/madrebarbara\/#website"},"primaryImageOfPage":{"@id":"https:\/\/redeicm.org.br\/madrebarbara\/apm\/#primaryimage"},"image":{"@id":"https:\/\/redeicm.org.br\/madrebarbara\/apm\/#primaryimage"},"thumbnailUrl":"https:\/\/redeicm.org.br\/madrebarbara\/wp-content\/uploads\/sites\/17\/2024\/08\/banner-direcao.jpg","datePublished":"2025-05-30T01:10:01+00:00","dateModified":"2025-05-30T01:14:32+00:00","breadcrumb":{"@id":"https:\/\/redeicm.org.br\/madrebarbara\/apm\/#breadcrumb"},"inLanguage":"pt-BR","potentialAction":[{"@type":"ReadAction","target":["https:\/\/redeicm.org.br\/madrebarbara\/apm\/"]}]},{"@type":"ImageObject","inLanguage":"pt-BR","@id":"https:\/\/redeicm.org.br\/madrebarbara\/apm\/#primaryimage","url":"https:\/\/redeicm.org.br\/madrebarbara\/wp-content\/uploads\/sites\/17\/2024\/08\/banner-direcao.jpg","contentUrl":"https:\/\/redeicm.org.br\/madrebarbara\/wp-content\/uploads\/sites\/17\/2024\/08\/banner-direcao.jpg","width":1440,"height":400},{"@type":"BreadcrumbList","@id":"https:\/\/redeicm.org.br\/madrebarbara\/apm\/#breadcrumb","itemListElement":[{"@type":"ListItem","position":1,"name":"In\u00edcio","item":"https:\/\/redeicm.org.br\/madrebarbara\/"},{"@type":"ListItem","position":2,"name":"A Associa\u00e7\u00e3o de Pais e Mestres (APM)"}]},{"@type":"WebSite","@id":"https:\/\/redeicm.org.br\/madrebarbara\/#website","url":"https:\/\/redeicm.org.br\/madrebarbara\/","name":"Col\u00e9gio Madre B\u00e1rbara | Rede ICM de Educa\u00e7\u00e3o","description":"","publisher":{"@id":"https:\/\/redeicm.org.br\/madrebarbara\/#organization"},"potentialAction":[{"@type":"SearchAction","target":{"@type":"EntryPoint","urlTemplate":"https:\/\/redeicm.org.br\/madrebarbara\/?s={search_term_string}"},"query-input":{"@type":"PropertyValueSpecification","valueRequired":true,"valueName":"search_term_string"}}],"inLanguage":"pt-BR"},{"@type":"Organization","@id":"https:\/\/redeicm.org.br\/madrebarbara\/#organization","name":"Col\u00e9gio Madre B\u00e1rbara | Rede ICM de Educa\u00e7\u00e3o","url":"https:\/\/redeicm.org.br\/madrebarbara\/","logo":{"@type":"ImageObject","inLanguage":"pt-BR","@id":"https:\/\/redeicm.org.br\/madrebarbara\/#\/schema\/logo\/image\/","url":"https:\/\/redeicm.org.br\/madrebarbara\/wp-content\/uploads\/sites\/17\/2025\/09\/ICM_Educacao_Madre_Barbara_Preferencial_Cores-1024x329-1.png","contentUrl":"https:\/\/redeicm.org.br\/madrebarbara\/wp-content\/uploads\/sites\/17\/2025\/09\/ICM_Educacao_Madre_Barbara_Preferencial_Cores-1024x329-1.png","width":223,"height":223,"caption":"Col\u00e9gio Madre B\u00e1rbara | Rede ICM de Educa\u00e7\u00e3o"},"image":{"@id":"https:\/\/redeicm.org.br\/madrebarbara\/#\/schema\/logo\/image\/"}}]}},"_links":{"self":[{"href":"https:\/\/redeicm.org.br\/madrebarbara\/wp-json\/wp\/v2\/pages\/550","targetHints":{"allow":["GET"]}}],"collection":[{"href":"https:\/\/redeicm.org.br\/madrebarbara\/wp-json\/wp\/v2\/pages"}],"about":[{"href":"https:\/\/redeicm.org.br\/madrebarbara\/wp-json\/wp\/v2\/types\/page"}],"author":[{"embeddable":true,"href":"https:\/\/redeicm.org.br\/madrebarbara\/wp-json\/wp\/v2\/users\/1"}],"replies":[{"embeddable":true,"href":"https:\/\/redeicm.org.br\/madrebarbara\/wp-json\/wp\/v2\/comments?post=550"}],"version-history":[{"count":10,"href":"https:\/\/redeicm.org.br\/madrebarbara\/wp-json\/wp\/v2\/pages\/550\/revisions"}],"predecessor-version":[{"id":570,"href":"https:\/\/redeicm.org.br\/madrebarbara\/wp-json\/wp\/v2\/pages\/550\/revisions\/570"}],"wp:featuredmedia":[{"embeddable":true,"href":"https:\/\/redeicm.org.br\/madrebarbara\/wp-json\/wp\/v2\/media\/126"}],"wp:attachment":[{"href":"https:\/\/redeicm.org.br\/madrebarbara\/wp-json\/wp\/v2\/media?parent=550"}],"curies":[{"name":"wp","href":"https:\/\/api.w.org\/{rel}","templated":true}]}}