{"id":312,"date":"2024-08-21T18:02:45","date_gmt":"2024-08-21T21:02:45","guid":{"rendered":"https:\/\/redeicm.org.br\/institutosaobenedito\/?page_id=312"},"modified":"2025-05-27T10:12:55","modified_gmt":"2025-05-27T13:12:55","slug":"direcao","status":"publish","type":"page","link":"https:\/\/redeicm.org.br\/institutosaobenedito\/direcao\/","title":{"rendered":"Dire\u00e7\u00e3o"},"content":{"rendered":"\t\t<div data-elementor-type=\"wp-page\" data-elementor-id=\"312\" class=\"elementor elementor-312\" data-elementor-post-type=\"page\">\n\t\t\t\t<div class=\"elementor-element elementor-element-db5e3d3 e-flex e-con-boxed e-con e-child\" data-id=\"db5e3d3\" data-element_type=\"container\" data-e-type=\"container\">\n\t\t\t\t\t<div class=\"e-con-inner\">\n\t\t\t\t<div class=\"elementor-element elementor-element-47aac44 elementor-invisible elementor-widget elementor-widget-text-editor\" data-id=\"47aac44\" data-element_type=\"widget\" data-e-type=\"widget\" data-settings=\"{&quot;_animation&quot;:&quot;fadeInUp&quot;}\" data-widget_type=\"text-editor.default\">\n\t\t\t\t<div class=\"elementor-widget-container\">\n\t\t\t\t\t\t\t\t\t<p><strong>DIRE\u00c7\u00c3O:<\/strong><br \/>Ir. Maria Luiza Martinelli<\/p><p><strong>Vice-Dire\u00e7\u00e3o<\/strong><br \/>Viviane Elgues Dias<\/p><p>A Dire\u00e7\u00e3o tem como objetivos: Coordenar cooperativamente, promover, dinamizar e integrar os Organismos e Setores, unificando e dando coes\u00e3o ao processo, buscando estabelecer rela\u00e7\u00f5es de efetiva participa\u00e7\u00e3o, com vistas \u00e0 viv\u00eancia da Proposta educacional da nossa Institui\u00e7\u00e3o, como pertencente \u00e0 Rede ICM de Assist\u00eancia social.<\/p>\t\t\t\t\t\t\t\t<\/div>\n\t\t\t\t<\/div>\n\t\t\t\t\t<\/div>\n\t\t\t\t<\/div>\n\t\t\t\t<\/div>\n\t\t","protected":false},"excerpt":{"rendered":"<p>DIRE\u00c7\u00c3O:Ir. Maria Luiza Martinelli Vice-Dire\u00e7\u00e3oViviane Elgues Dias A Dire\u00e7\u00e3o tem como objetivos: Coordenar cooperativamente, promover, dinamizar e integrar os Organismos e Setores, unificando e dando coes\u00e3o ao processo, buscando estabelecer rela\u00e7\u00f5es de efetiva participa\u00e7\u00e3o, com vistas \u00e0 viv\u00eancia da Proposta educacional da nossa Institui\u00e7\u00e3o, como pertencente \u00e0 Rede ICM de Assist\u00eancia social.<\/p>\n","protected":false},"author":1,"featured_media":121,"parent":0,"menu_order":0,"comment_status":"closed","ping_status":"closed","template":"","meta":{"_acf_changed":false,"footnotes":""},"class_list":["post-312","page","type-page","status-publish","has-post-thumbnail","hentry"],"acf":[],"yoast_head":"<!-- This site is optimized with the Yoast SEO plugin v26.3 - https:\/\/yoast.com\/wordpress\/plugins\/seo\/ -->\n<title>Dire\u00e7\u00e3o - Instituto S\u00e3o Benedito | Rede ICM de Educa\u00e7\u00e3o e Assist\u00eancia Social<\/title>\n<meta name=\"robots\" content=\"index, follow, max-snippet:-1, max-image-preview:large, max-video-preview:-1\" \/>\n<link rel=\"canonical\" href=\"https:\/\/redeicm.org.br\/institutosaobenedito\/direcao\/\" \/>\n<meta property=\"og:locale\" content=\"pt_BR\" \/>\n<meta property=\"og:type\" content=\"article\" \/>\n<meta property=\"og:title\" content=\"Dire\u00e7\u00e3o - Instituto S\u00e3o Benedito | Rede ICM de Educa\u00e7\u00e3o e Assist\u00eancia Social\" \/>\n<meta property=\"og:description\" content=\"DIRE\u00c7\u00c3O:Ir. Maria Luiza Martinelli Vice-Dire\u00e7\u00e3oViviane Elgues Dias A Dire\u00e7\u00e3o tem como objetivos: Coordenar cooperativamente, promover, dinamizar e integrar os Organismos e Setores, unificando e dando coes\u00e3o ao processo, buscando estabelecer rela\u00e7\u00f5es de efetiva participa\u00e7\u00e3o, com vistas \u00e0 viv\u00eancia da Proposta educacional da nossa Institui\u00e7\u00e3o, como pertencente \u00e0 Rede ICM de Assist\u00eancia social.\" \/>\n<meta property=\"og:url\" content=\"https:\/\/redeicm.org.br\/institutosaobenedito\/direcao\/\" \/>\n<meta property=\"og:site_name\" content=\"Instituto S\u00e3o Benedito | Rede ICM de Educa\u00e7\u00e3o e Assist\u00eancia Social\" \/>\n<meta property=\"article:modified_time\" content=\"2025-05-27T13:12:55+00:00\" \/>\n<meta property=\"og:image\" content=\"https:\/\/redeicm.org.br\/institutosaobenedito\/wp-content\/uploads\/sites\/13\/2024\/08\/banner-ensino-medio.jpg\" \/>\n\t<meta property=\"og:image:width\" content=\"1440\" \/>\n\t<meta property=\"og:image:height\" content=\"401\" \/>\n\t<meta property=\"og:image:type\" content=\"image\/jpeg\" \/>\n<meta name=\"twitter:card\" content=\"summary_large_image\" \/>\n<meta name=\"twitter:label1\" content=\"Est. tempo de leitura\" \/>\n\t<meta name=\"twitter:data1\" content=\"1 minuto\" \/>\n<script type=\"application\/ld+json\" class=\"yoast-schema-graph\">{\"@context\":\"https:\/\/schema.org\",\"@graph\":[{\"@type\":\"WebPage\",\"@id\":\"https:\/\/redeicm.org.br\/institutosaobenedito\/direcao\/\",\"url\":\"https:\/\/redeicm.org.br\/institutosaobenedito\/direcao\/\",\"name\":\"Dire\u00e7\u00e3o - Instituto S\u00e3o Benedito | Rede ICM de Educa\u00e7\u00e3o e Assist\u00eancia Social\",\"isPartOf\":{\"@id\":\"https:\/\/redeicm.org.br\/institutosaobenedito\/#website\"},\"primaryImageOfPage\":{\"@id\":\"https:\/\/redeicm.org.br\/institutosaobenedito\/direcao\/#primaryimage\"},\"image\":{\"@id\":\"https:\/\/redeicm.org.br\/institutosaobenedito\/direcao\/#primaryimage\"},\"thumbnailUrl\":\"https:\/\/redeicm.org.br\/institutosaobenedito\/wp-content\/uploads\/sites\/13\/2024\/08\/banner-ensino-medio.jpg\",\"datePublished\":\"2024-08-21T21:02:45+00:00\",\"dateModified\":\"2025-05-27T13:12:55+00:00\",\"breadcrumb\":{\"@id\":\"https:\/\/redeicm.org.br\/institutosaobenedito\/direcao\/#breadcrumb\"},\"inLanguage\":\"pt-BR\",\"potentialAction\":[{\"@type\":\"ReadAction\",\"target\":[\"https:\/\/redeicm.org.br\/institutosaobenedito\/direcao\/\"]}]},{\"@type\":\"ImageObject\",\"inLanguage\":\"pt-BR\",\"@id\":\"https:\/\/redeicm.org.br\/institutosaobenedito\/direcao\/#primaryimage\",\"url\":\"https:\/\/redeicm.org.br\/institutosaobenedito\/wp-content\/uploads\/sites\/13\/2024\/08\/banner-ensino-medio.jpg\",\"contentUrl\":\"https:\/\/redeicm.org.br\/institutosaobenedito\/wp-content\/uploads\/sites\/13\/2024\/08\/banner-ensino-medio.jpg\",\"width\":1440,\"height\":401},{\"@type\":\"BreadcrumbList\",\"@id\":\"https:\/\/redeicm.org.br\/institutosaobenedito\/direcao\/#breadcrumb\",\"itemListElement\":[{\"@type\":\"ListItem\",\"position\":1,\"name\":\"In\u00edcio\",\"item\":\"https:\/\/redeicm.org.br\/institutosaobenedito\/\"},{\"@type\":\"ListItem\",\"position\":2,\"name\":\"Dire\u00e7\u00e3o\"}]},{\"@type\":\"WebSite\",\"@id\":\"https:\/\/redeicm.org.br\/institutosaobenedito\/#website\",\"url\":\"https:\/\/redeicm.org.br\/institutosaobenedito\/\",\"name\":\"Instituto S\u00e3o Benedito | Rede ICM de Educa\u00e7\u00e3o e Assist\u00eancia Social\",\"description\":\"\",\"publisher\":{\"@id\":\"https:\/\/redeicm.org.br\/institutosaobenedito\/#organization\"},\"potentialAction\":[{\"@type\":\"SearchAction\",\"target\":{\"@type\":\"EntryPoint\",\"urlTemplate\":\"https:\/\/redeicm.org.br\/institutosaobenedito\/?s={search_term_string}\"},\"query-input\":{\"@type\":\"PropertyValueSpecification\",\"valueRequired\":true,\"valueName\":\"search_term_string\"}}],\"inLanguage\":\"pt-BR\"},{\"@type\":\"Organization\",\"@id\":\"https:\/\/redeicm.org.br\/institutosaobenedito\/#organization\",\"name\":\"Instituto S\u00e3o Benedito | Rede ICM de Educa\u00e7\u00e3o e Assist\u00eancia Social\",\"url\":\"https:\/\/redeicm.org.br\/institutosaobenedito\/\",\"logo\":{\"@type\":\"ImageObject\",\"inLanguage\":\"pt-BR\",\"@id\":\"https:\/\/redeicm.org.br\/institutosaobenedito\/#\/schema\/logo\/image\/\",\"url\":\"https:\/\/redeicm.org.br\/institutosaobenedito\/wp-content\/uploads\/sites\/13\/2024\/08\/2024_Rede-ICM_Sao-Benedito_assinatura_pref_mono_positivo_fundo-transparente.png\",\"contentUrl\":\"https:\/\/redeicm.org.br\/institutosaobenedito\/wp-content\/uploads\/sites\/13\/2024\/08\/2024_Rede-ICM_Sao-Benedito_assinatura_pref_mono_positivo_fundo-transparente.png\",\"width\":2877,\"height\":1056,\"caption\":\"Instituto S\u00e3o Benedito | Rede ICM de Educa\u00e7\u00e3o e Assist\u00eancia Social\"},\"image\":{\"@id\":\"https:\/\/redeicm.org.br\/institutosaobenedito\/#\/schema\/logo\/image\/\"}}]}<\/script>\n<!-- \/ Yoast SEO plugin. -->","yoast_head_json":{"title":"Dire\u00e7\u00e3o - Instituto S\u00e3o Benedito | Rede ICM de Educa\u00e7\u00e3o e Assist\u00eancia Social","robots":{"index":"index","follow":"follow","max-snippet":"max-snippet:-1","max-image-preview":"max-image-preview:large","max-video-preview":"max-video-preview:-1"},"canonical":"https:\/\/redeicm.org.br\/institutosaobenedito\/direcao\/","og_locale":"pt_BR","og_type":"article","og_title":"Dire\u00e7\u00e3o - Instituto S\u00e3o Benedito | Rede ICM de Educa\u00e7\u00e3o e Assist\u00eancia Social","og_description":"DIRE\u00c7\u00c3O:Ir. Maria Luiza Martinelli Vice-Dire\u00e7\u00e3oViviane Elgues Dias A Dire\u00e7\u00e3o tem como objetivos: Coordenar cooperativamente, promover, dinamizar e integrar os Organismos e Setores, unificando e dando coes\u00e3o ao processo, buscando estabelecer rela\u00e7\u00f5es de efetiva participa\u00e7\u00e3o, com vistas \u00e0 viv\u00eancia da Proposta educacional da nossa Institui\u00e7\u00e3o, como pertencente \u00e0 Rede ICM de Assist\u00eancia social.","og_url":"https:\/\/redeicm.org.br\/institutosaobenedito\/direcao\/","og_site_name":"Instituto S\u00e3o Benedito | Rede ICM de Educa\u00e7\u00e3o e Assist\u00eancia Social","article_modified_time":"2025-05-27T13:12:55+00:00","og_image":[{"width":1440,"height":401,"url":"https:\/\/redeicm.org.br\/institutosaobenedito\/wp-content\/uploads\/sites\/13\/2024\/08\/banner-ensino-medio.jpg","type":"image\/jpeg"}],"twitter_card":"summary_large_image","twitter_misc":{"Est. tempo de leitura":"1 minuto"},"schema":{"@context":"https:\/\/schema.org","@graph":[{"@type":"WebPage","@id":"https:\/\/redeicm.org.br\/institutosaobenedito\/direcao\/","url":"https:\/\/redeicm.org.br\/institutosaobenedito\/direcao\/","name":"Dire\u00e7\u00e3o - Instituto S\u00e3o Benedito | Rede ICM de Educa\u00e7\u00e3o e Assist\u00eancia Social","isPartOf":{"@id":"https:\/\/redeicm.org.br\/institutosaobenedito\/#website"},"primaryImageOfPage":{"@id":"https:\/\/redeicm.org.br\/institutosaobenedito\/direcao\/#primaryimage"},"image":{"@id":"https:\/\/redeicm.org.br\/institutosaobenedito\/direcao\/#primaryimage"},"thumbnailUrl":"https:\/\/redeicm.org.br\/institutosaobenedito\/wp-content\/uploads\/sites\/13\/2024\/08\/banner-ensino-medio.jpg","datePublished":"2024-08-21T21:02:45+00:00","dateModified":"2025-05-27T13:12:55+00:00","breadcrumb":{"@id":"https:\/\/redeicm.org.br\/institutosaobenedito\/direcao\/#breadcrumb"},"inLanguage":"pt-BR","potentialAction":[{"@type":"ReadAction","target":["https:\/\/redeicm.org.br\/institutosaobenedito\/direcao\/"]}]},{"@type":"ImageObject","inLanguage":"pt-BR","@id":"https:\/\/redeicm.org.br\/institutosaobenedito\/direcao\/#primaryimage","url":"https:\/\/redeicm.org.br\/institutosaobenedito\/wp-content\/uploads\/sites\/13\/2024\/08\/banner-ensino-medio.jpg","contentUrl":"https:\/\/redeicm.org.br\/institutosaobenedito\/wp-content\/uploads\/sites\/13\/2024\/08\/banner-ensino-medio.jpg","width":1440,"height":401},{"@type":"BreadcrumbList","@id":"https:\/\/redeicm.org.br\/institutosaobenedito\/direcao\/#breadcrumb","itemListElement":[{"@type":"ListItem","position":1,"name":"In\u00edcio","item":"https:\/\/redeicm.org.br\/institutosaobenedito\/"},{"@type":"ListItem","position":2,"name":"Dire\u00e7\u00e3o"}]},{"@type":"WebSite","@id":"https:\/\/redeicm.org.br\/institutosaobenedito\/#website","url":"https:\/\/redeicm.org.br\/institutosaobenedito\/","name":"Instituto S\u00e3o Benedito | Rede ICM de Educa\u00e7\u00e3o e Assist\u00eancia Social","description":"","publisher":{"@id":"https:\/\/redeicm.org.br\/institutosaobenedito\/#organization"},"potentialAction":[{"@type":"SearchAction","target":{"@type":"EntryPoint","urlTemplate":"https:\/\/redeicm.org.br\/institutosaobenedito\/?s={search_term_string}"},"query-input":{"@type":"PropertyValueSpecification","valueRequired":true,"valueName":"search_term_string"}}],"inLanguage":"pt-BR"},{"@type":"Organization","@id":"https:\/\/redeicm.org.br\/institutosaobenedito\/#organization","name":"Instituto S\u00e3o Benedito | Rede ICM de Educa\u00e7\u00e3o e Assist\u00eancia Social","url":"https:\/\/redeicm.org.br\/institutosaobenedito\/","logo":{"@type":"ImageObject","inLanguage":"pt-BR","@id":"https:\/\/redeicm.org.br\/institutosaobenedito\/#\/schema\/logo\/image\/","url":"https:\/\/redeicm.org.br\/institutosaobenedito\/wp-content\/uploads\/sites\/13\/2024\/08\/2024_Rede-ICM_Sao-Benedito_assinatura_pref_mono_positivo_fundo-transparente.png","contentUrl":"https:\/\/redeicm.org.br\/institutosaobenedito\/wp-content\/uploads\/sites\/13\/2024\/08\/2024_Rede-ICM_Sao-Benedito_assinatura_pref_mono_positivo_fundo-transparente.png","width":2877,"height":1056,"caption":"Instituto S\u00e3o Benedito | Rede ICM de Educa\u00e7\u00e3o e Assist\u00eancia Social"},"image":{"@id":"https:\/\/redeicm.org.br\/institutosaobenedito\/#\/schema\/logo\/image\/"}}]}},"_links":{"self":[{"href":"https:\/\/redeicm.org.br\/institutosaobenedito\/wp-json\/wp\/v2\/pages\/312","targetHints":{"allow":["GET"]}}],"collection":[{"href":"https:\/\/redeicm.org.br\/institutosaobenedito\/wp-json\/wp\/v2\/pages"}],"about":[{"href":"https:\/\/redeicm.org.br\/institutosaobenedito\/wp-json\/wp\/v2\/types\/page"}],"author":[{"embeddable":true,"href":"https:\/\/redeicm.org.br\/institutosaobenedito\/wp-json\/wp\/v2\/users\/1"}],"replies":[{"embeddable":true,"href":"https:\/\/redeicm.org.br\/institutosaobenedito\/wp-json\/wp\/v2\/comments?post=312"}],"version-history":[{"count":3,"href":"https:\/\/redeicm.org.br\/institutosaobenedito\/wp-json\/wp\/v2\/pages\/312\/revisions"}],"predecessor-version":[{"id":1189,"href":"https:\/\/redeicm.org.br\/institutosaobenedito\/wp-json\/wp\/v2\/pages\/312\/revisions\/1189"}],"wp:featuredmedia":[{"embeddable":true,"href":"https:\/\/redeicm.org.br\/institutosaobenedito\/wp-json\/wp\/v2\/media\/121"}],"wp:attachment":[{"href":"https:\/\/redeicm.org.br\/institutosaobenedito\/wp-json\/wp\/v2\/media?parent=312"}],"curies":[{"name":"wp","href":"https:\/\/api.w.org\/{rel}","templated":true}]}}