{"id":275,"date":"2024-09-07T17:07:30","date_gmt":"2024-09-07T20:07:30","guid":{"rendered":"https:\/\/redeicm.org.br\/institutocoracaodemaria\/?page_id=275"},"modified":"2025-05-27T09:35:32","modified_gmt":"2025-05-27T12:35:32","slug":"legislacao-sobre-a-protecao-social-basica","status":"publish","type":"page","link":"https:\/\/redeicm.org.br\/institutocoracaodemaria\/legislacao-sobre-a-protecao-social-basica\/","title":{"rendered":"Legisla\u00e7\u00e3o sobre a Prote\u00e7\u00e3o Social B\u00e1sica"},"content":{"rendered":"\t\t<div data-elementor-type=\"wp-page\" data-elementor-id=\"275\" class=\"elementor elementor-275\" data-elementor-post-type=\"page\">\n\t\t\t\t<div class=\"elementor-element elementor-element-7d9f9446 e-flex e-con-boxed e-con e-parent\" data-id=\"7d9f9446\" data-element_type=\"container\" data-e-type=\"container\" data-settings=\"{&quot;background_background&quot;:&quot;classic&quot;}\">\n\t\t\t\t\t<div class=\"e-con-inner\">\n\t\t\t\t<div class=\"elementor-element elementor-element-2fb7211d elementor-widget elementor-widget-heading\" data-id=\"2fb7211d\" data-element_type=\"widget\" data-e-type=\"widget\" data-widget_type=\"heading.default\">\n\t\t\t\t<div class=\"elementor-widget-container\">\n\t\t\t\t\t<h1 class=\"elementor-heading-title elementor-size-default\">Legisla\u00e7\u00e3o sobre a Prote\u00e7\u00e3o Social B\u00e1sica<\/h1>\t\t\t\t<\/div>\n\t\t\t\t<\/div>\n\t\t\t\t\t<\/div>\n\t\t\t\t<\/div>\n\t\t<div class=\"elementor-element elementor-element-3bc92487 e-con-full e-flex e-con e-parent\" data-id=\"3bc92487\" data-element_type=\"container\" data-e-type=\"container\">\n\t\t<div class=\"elementor-element elementor-element-31cd7a96 e-flex e-con-boxed e-con e-child\" data-id=\"31cd7a96\" data-element_type=\"container\" data-e-type=\"container\">\n\t\t\t\t\t<div class=\"e-con-inner\">\n\t\t\t\t<div class=\"elementor-element elementor-element-1a72e9a5 elementor-invisible elementor-widget elementor-widget-text-editor\" data-id=\"1a72e9a5\" data-element_type=\"widget\" data-e-type=\"widget\" data-settings=\"{&quot;_animation&quot;:&quot;fadeInUp&quot;}\" data-widget_type=\"text-editor.default\">\n\t\t\t\t<div class=\"elementor-widget-container\">\n\t\t\t\t\t\t\t\t\t<p>Lei no 12.101, de 27 de novembro de 2009<\/p><p><strong>Prote\u00e7\u00e3o Social<\/strong><br \/>\u00c9 a garantia de inclus\u00e3o a todos os cidad\u00e3os que encontram-se em situa\u00e7\u00e3o de vulnerabilidade e\/ou em situa\u00e7\u00e3o de risco, inserindo-os na rede de Prote\u00e7\u00e3o Social local. A Prote\u00e7\u00e3o Social \u00e9 hierarquizada em B\u00e1sica e Especial.<\/p><p><strong>Prote\u00e7\u00e3o Social B\u00e1sica<\/strong><br \/>Tem como objetivo prevenir situa\u00e7\u00f5es de risco por meio do desenvolvimento de potencialidades e aquisi\u00e7\u00f5es do fortalecimento de v\u00ednculos familiares e comunit\u00e1rios. Destina-se \u00e0 popula\u00e7\u00e3o que vive em situa\u00e7\u00e3o de vulnerabilidade social decorrente da pobreza, priva\u00e7\u00e3o (aus\u00eancia de renda, prec\u00e1rio ou nulo acesso aos servi\u00e7os p\u00fablicos, dentre outros) e\/ou fragiliza\u00e7\u00e3o de v\u00ednculos afetivos \u2013 relacionais e de pertencimento social (discrimina\u00e7\u00f5es et\u00e1rias, \u00e9tnicas, de g\u00eanero ou por defici\u00eancias, dentre outras).<\/p><p>A Prote\u00e7\u00e3o Social B\u00e1sica tem como porta de entrada do Sistema \u00danico da Assist\u00eancia Social os Centros de Refer\u00eancia de Assist\u00eancia Social \u2013 CRAS.<br \/>Servi\u00e7o de Conviv\u00eancia e Fortalecimento de V\u00ednculos- de car\u00e1ter preventivo e proativo, realizado em grupos, de modo a garantir aquisi\u00e7\u00f5es progressivas aos seus usu\u00e1rios, de acordo com seu ciclo de vida. Destina-se a crian\u00e7as, adolescentes, idosos em situa\u00e7\u00e3o de vulnerabilidade.<\/p>\t\t\t\t\t\t\t\t<\/div>\n\t\t\t\t<\/div>\n\t\t\t\t\t<\/div>\n\t\t\t\t<\/div>\n\t\t\t\t<\/div>\n\t\t<div class=\"elementor-element elementor-element-413860c elementor-hidden-desktop elementor-hidden-tablet elementor-hidden-mobile e-flex e-con-boxed e-con e-parent\" data-id=\"413860c\" data-element_type=\"container\" data-e-type=\"container\">\n\t\t\t\t\t<div class=\"e-con-inner\">\n\t\t\t\t<div class=\"elementor-element elementor-element-a208dad elementor-widget elementor-widget-text-editor\" data-id=\"a208dad\" data-element_type=\"widget\" data-e-type=\"widget\" data-widget_type=\"text-editor.default\">\n\t\t\t\t<div class=\"elementor-widget-container\">\n\t\t\t\t\t\t\t\t\t<div class=\"l-canvas type_wide\"><p><\/p><main id=\"page-content\" class=\"l-main\"><p><\/p>\n<section class=\"l-section wpb_row height_small color_alternate\">\n<div class=\"l-section-h i-cf\">\n<div class=\"g-cols vc_row via_flex valign_middle type_default stacking_default\">\n<div class=\"vc_col-sm-6 wpb_column vc_column_container\">\n<div class=\"vc_column-inner\">\n<div class=\"wpb_wrapper\">\n<h1 class=\"w-post-elm post_title us_custom_607cd7e8 entry-title color_link_inherit\">Legisla\u00e7\u00e3o sobre a Prote\u00e7\u00e3o Social B\u00e1sica<\/h1>\n<\/div>\n<\/div>\n<\/div>\n<div class=\"vc_col-sm-6 wpb_column vc_column_container\">\n<div class=\"vc_column-inner\">\n<div class=\"wpb_wrapper\">\n<ol class=\"g-breadcrumbs us_custom_ea2be81a separator_icon align_right\">\n<li class=\"g-breadcrumbs-item\"><a href=\"https:\/\/www.redeicm.org.br\/maossolidarias\/\">In\u00edcio<\/a><\/li>\n<li class=\"g-breadcrumbs-item\"><a href=\"https:\/\/www.redeicm.org.br\/maossolidarias\/legislacao-sobre-a-protecao-social-basica\/\">Legisla\u00e7\u00e3o sobre a Prote\u00e7\u00e3o Social B\u00e1sica<\/a><\/li>\n<\/ol>\n<\/div>\n<\/div>\n<\/div>\n<\/div>\n<\/div>\n<\/section>\n<section class=\"l-section height_medium\">\n<div class=\"l-section-h i-cf\">\n<ul>\n<li><strong>Lei 12.101<\/strong>, de 27 de novembro de 2009 \u2013 Disp\u00f5e sobre a Certifica\u00e7\u00e3o das Entidades Beneficentes de Assist\u00eancia Social;<\/li>\n<li><strong>Lei 12.868\/2013 -,<\/strong>Altera a Lei 12.101\/2009;<\/li>\n<li><strong>Decreto n\u00ba 8.242\/2014 \u2013<\/strong>Regulamenta a Lei 12.101\/2009<strong>;<\/strong><\/li>\n<li><strong>Lei n\u00ba 8.742<\/strong>, de 7 de dezembro de 1993 \u2013 Lei Org\u00e2nica da Assist\u00eancia Social \u2013 LOAS;<\/li>\n<li><strong>Lei n\u00ba 8.213<\/strong>, de 24 de julho de 1991 \u2013 Disp\u00f5e sobre os Planos de Benef\u00edcios da Previd\u00eancia Social e d\u00e1 outras provid\u00eancias;<\/li>\n<li><strong>Decreto n\u00ba 2.536<\/strong>, de 6 de abril de 1998 \u2013 Disp\u00f5e sobre a concess\u00e3o do Certificado de Entidades de Fins Filantr\u00f3picos a que se refere o inciso IV do art. 18 da Lei n\u00ba 8.742, de 7 de dezembro de 1993 e d\u00e1 outras provid\u00eancias;<\/li>\n<li><strong>Decreto n\u00ba 6.308<\/strong>, de 14 de Dezembro de 2007 \u2013 Disp\u00f5e sobre as Entidades e organiza\u00e7\u00f5es de assist\u00eancia social de que trata o art. 3\u00ba da Lei no 8.742, de 7 de dezembro de 1993, e d\u00e1 outras provid\u00eancias;<\/li>\n<li><strong>Decreto 7.237<\/strong>, de 20 de julho de 2010 \u2013 Trata da Regulamenta\u00e7\u00e3o da Lei 12.101;<\/li>\n<li><strong>Lei 8.842<\/strong>, de 04 de janeiro de 1994; Disp\u00f5e sobre a Pol\u00edtica Nacional do Idoso;<\/li>\n<li><strong>Lei 8.069<\/strong>, de 13 de julho de 1990 \u2013 Disp\u00f5e sobre o Estatuto da Crian\u00e7a e do Adolescente e d\u00e1 outras provid\u00eancias;<\/li>\n<li><strong>Resolu\u00e7\u00e3o CNAS n\u00ba 109<\/strong>de 11 de novembro de 2009 \u2013 Trata da Tipifica\u00e7\u00e3o Nacional dos Servi\u00e7os Socioassistenciais;<\/li>\n<li><strong>Lei n\u00b0 12.435,<\/strong>de 06 de julho de 2011<strong>&nbsp;<\/strong><strong>\u2013&nbsp;<\/strong>Altera a Lei n<u><sup>o<\/sup><\/u>&nbsp;742, de 7 de dezembro de 1993, que disp\u00f5e sobre a organiza\u00e7\u00e3o da Assist\u00eancia Social.<\/li>\n<li><strong>Resolu\u00e7\u00e3o CNAS n\u00ba 14<\/strong>, de 15 de maio de 2014 \u2013 Define os par\u00e2metros nacionais para a inscri\u00e7\u00e3o das entidades ou organiza\u00e7\u00f5es de Assist\u00eancia Social, bem como dos servi\u00e7os, programas, projetos e benef\u00edcios socioassistenciais nos Conselhos de Assist\u00eancia Social;<\/li>\n<li><a href=\"http:\/\/mds.gov.br\/\">http:\/\/mds.gov.br\/<\/a>;<\/li>\n<li><a href=\"http:\/\/mds.gov.br\/central-de-conteudo\/assistencia-social\/publicacoes-assistencia-social\/\">http:\/\/mds.gov.br\/central-de-conteudo\/assistencia-social\/publicacoes-assistencia-social\/<\/a>;<\/li>\n<li><a href=\"http:\/\/www.cfess.org.br\/arquivos\/atribuicoes2012-completo.pdf\">http:\/\/www.cfess.org.br\/arquivos\/atribuicoes2012-completo.pdf<\/a>\u2013 Atribui\u00e7\u00f5es Privativas do Assistente Social;<\/li>\n<li><a href=\"http:\/\/www.cfess.org.br\/arquivos\/Cartilha_CFESS_Final_Grafica.pdf\">http:\/\/www.cfess.org.br\/arquivos\/Cartilha_CFESS_Final_Grafica.pdf<\/a>\u2013 Par\u00e2metros para a Atua\u00e7\u00e3o do Assistente Social na Pol\u00edtica de Assist\u00eancia Social;<\/li>\n<li><a href=\"http:\/\/www.cfess.org.br\/arquivos\/CartilhaFinalCFESSCFPset2007.pdf\">http:\/\/www.cfess.org.br\/arquivos\/CartilhaFinalCFESSCFPset2007.pdf<\/a>\u2013 Par\u00e2metros para a Atua\u00e7\u00e3o de Assistentes Sociais e Psic\u00f3logos na Pol\u00edtica de Assist\u00eancia Social;<\/li>\n<li>Demais resolu\u00e7\u00f5es e normatiza\u00e7\u00f5es dos Conselhos Municipais de Assist\u00eancia Social e dos Conselhos Municipais dos Direitos da Crian\u00e7a e do Adolescente.<\/li>\n<\/ul>\n<\/div>\n<\/section>\n<p><\/p><\/main><\/div>\n<footer id=\"page-footer\" class=\"l-footer\">\n<section class=\"l-section wpb_row align_center_xs height_small color_footer-bottom\">\n<div class=\"l-section-h i-cf\">\n<div class=\"g-cols vc_row via_flex valign_top type_default stacking_default\">\n<div class=\"vc_col-sm-6 wpb_column vc_column_container\">\n<div class=\"vc_column-inner\">\n<div class=\"wpb_wrapper\">\n<div class=\"wpb_text_column\">\n<div class=\"wpb_wrapper\">\n<p>\u00a9 Rede ICM \u2013 Desenvolvido por&nbsp;<a href=\"https:\/\/www.ataweb.ppg.br\/\">ataweb solu\u00e7\u00f5es digitais<\/a><\/p>\n<\/div>\n<\/div>\n<\/div>\n<\/div>\n<\/div>\n<\/div>\n<\/div>\n<\/section>\n<\/footer>\t\t\t\t\t\t\t\t<\/div>\n\t\t\t\t<\/div>\n\t\t\t\t\t<\/div>\n\t\t\t\t<\/div>\n\t\t\t\t<\/div>\n\t\t","protected":false},"excerpt":{"rendered":"<p>Lei no 12.101, de 27 de novembro de 2009 Prote\u00e7\u00e3o Social\u00c9 a garantia de inclus\u00e3o a todos os cidad\u00e3os que encontram-se em situa\u00e7\u00e3o de vulnerabilidade e\/ou em situa\u00e7\u00e3o de risco, inserindo-os na rede de Prote\u00e7\u00e3o Social local. A Prote\u00e7\u00e3o Social \u00e9 hierarquizada em B\u00e1sica e Especial. Prote\u00e7\u00e3o Social B\u00e1sicaTem como objetivo prevenir situa\u00e7\u00f5es de risco [&hellip;]<\/p>\n","protected":false},"author":1,"featured_media":572,"parent":0,"menu_order":0,"comment_status":"closed","ping_status":"closed","template":"","meta":{"_acf_changed":false,"footnotes":""},"class_list":["post-275","page","type-page","status-publish","has-post-thumbnail","hentry"],"acf":[],"yoast_head":"<!-- This site is optimized with the Yoast SEO plugin v26.3 - https:\/\/yoast.com\/wordpress\/plugins\/seo\/ -->\n<title>Legisla\u00e7\u00e3o sobre a Prote\u00e7\u00e3o Social B\u00e1sica - Instituto Cora\u00e7\u00e3o de Maria | Rede ICM de Educa\u00e7\u00e3o e Assist\u00eancia Social<\/title>\n<meta name=\"robots\" content=\"index, follow, max-snippet:-1, max-image-preview:large, max-video-preview:-1\" \/>\n<link rel=\"canonical\" href=\"https:\/\/redeicm.org.br\/institutocoracaodemaria\/legislacao-sobre-a-protecao-social-basica\/\" \/>\n<meta property=\"og:locale\" content=\"pt_BR\" \/>\n<meta property=\"og:type\" content=\"article\" \/>\n<meta property=\"og:title\" content=\"Legisla\u00e7\u00e3o sobre a Prote\u00e7\u00e3o Social B\u00e1sica - Instituto Cora\u00e7\u00e3o de Maria | Rede ICM de Educa\u00e7\u00e3o e Assist\u00eancia Social\" \/>\n<meta property=\"og:description\" content=\"Lei no 12.101, de 27 de novembro de 2009 Prote\u00e7\u00e3o Social\u00c9 a garantia de inclus\u00e3o a todos os cidad\u00e3os que encontram-se em situa\u00e7\u00e3o de vulnerabilidade e\/ou em situa\u00e7\u00e3o de risco, inserindo-os na rede de Prote\u00e7\u00e3o Social local. A Prote\u00e7\u00e3o Social \u00e9 hierarquizada em B\u00e1sica e Especial. Prote\u00e7\u00e3o Social B\u00e1sicaTem como objetivo prevenir situa\u00e7\u00f5es de risco [&hellip;]\" \/>\n<meta property=\"og:url\" content=\"https:\/\/redeicm.org.br\/institutocoracaodemaria\/legislacao-sobre-a-protecao-social-basica\/\" \/>\n<meta property=\"og:site_name\" content=\"Instituto Cora\u00e7\u00e3o de Maria | Rede ICM de Educa\u00e7\u00e3o e Assist\u00eancia Social\" \/>\n<meta property=\"article:modified_time\" content=\"2025-05-27T12:35:32+00:00\" \/>\n<meta property=\"og:image\" content=\"https:\/\/redeicm.org.br\/institutocoracaodemaria\/wp-content\/uploads\/sites\/14\/2025\/03\/IMG_20250318_084649-scaled.jpg\" \/>\n\t<meta property=\"og:image:width\" content=\"2560\" \/>\n\t<meta property=\"og:image:height\" content=\"1440\" \/>\n\t<meta property=\"og:image:type\" content=\"image\/jpeg\" \/>\n<meta name=\"twitter:card\" content=\"summary_large_image\" \/>\n<meta name=\"twitter:label1\" content=\"Est. tempo de leitura\" \/>\n\t<meta name=\"twitter:data1\" content=\"4 minutos\" \/>\n<script type=\"application\/ld+json\" class=\"yoast-schema-graph\">{\"@context\":\"https:\/\/schema.org\",\"@graph\":[{\"@type\":\"WebPage\",\"@id\":\"https:\/\/redeicm.org.br\/institutocoracaodemaria\/legislacao-sobre-a-protecao-social-basica\/\",\"url\":\"https:\/\/redeicm.org.br\/institutocoracaodemaria\/legislacao-sobre-a-protecao-social-basica\/\",\"name\":\"Legisla\u00e7\u00e3o sobre a Prote\u00e7\u00e3o Social B\u00e1sica - Instituto Cora\u00e7\u00e3o de Maria | Rede ICM de Educa\u00e7\u00e3o e Assist\u00eancia Social\",\"isPartOf\":{\"@id\":\"https:\/\/redeicm.org.br\/institutocoracaodemaria\/#website\"},\"primaryImageOfPage\":{\"@id\":\"https:\/\/redeicm.org.br\/institutocoracaodemaria\/legislacao-sobre-a-protecao-social-basica\/#primaryimage\"},\"image\":{\"@id\":\"https:\/\/redeicm.org.br\/institutocoracaodemaria\/legislacao-sobre-a-protecao-social-basica\/#primaryimage\"},\"thumbnailUrl\":\"https:\/\/redeicm.org.br\/institutocoracaodemaria\/wp-content\/uploads\/sites\/14\/2025\/03\/IMG_20250318_084649-scaled.jpg\",\"datePublished\":\"2024-09-07T20:07:30+00:00\",\"dateModified\":\"2025-05-27T12:35:32+00:00\",\"breadcrumb\":{\"@id\":\"https:\/\/redeicm.org.br\/institutocoracaodemaria\/legislacao-sobre-a-protecao-social-basica\/#breadcrumb\"},\"inLanguage\":\"pt-BR\",\"potentialAction\":[{\"@type\":\"ReadAction\",\"target\":[\"https:\/\/redeicm.org.br\/institutocoracaodemaria\/legislacao-sobre-a-protecao-social-basica\/\"]}]},{\"@type\":\"ImageObject\",\"inLanguage\":\"pt-BR\",\"@id\":\"https:\/\/redeicm.org.br\/institutocoracaodemaria\/legislacao-sobre-a-protecao-social-basica\/#primaryimage\",\"url\":\"https:\/\/redeicm.org.br\/institutocoracaodemaria\/wp-content\/uploads\/sites\/14\/2025\/03\/IMG_20250318_084649-scaled.jpg\",\"contentUrl\":\"https:\/\/redeicm.org.br\/institutocoracaodemaria\/wp-content\/uploads\/sites\/14\/2025\/03\/IMG_20250318_084649-scaled.jpg\",\"width\":2560,\"height\":1440},{\"@type\":\"BreadcrumbList\",\"@id\":\"https:\/\/redeicm.org.br\/institutocoracaodemaria\/legislacao-sobre-a-protecao-social-basica\/#breadcrumb\",\"itemListElement\":[{\"@type\":\"ListItem\",\"position\":1,\"name\":\"In\u00edcio\",\"item\":\"https:\/\/redeicm.org.br\/institutocoracaodemaria\/\"},{\"@type\":\"ListItem\",\"position\":2,\"name\":\"Legisla\u00e7\u00e3o sobre a Prote\u00e7\u00e3o Social B\u00e1sica\"}]},{\"@type\":\"WebSite\",\"@id\":\"https:\/\/redeicm.org.br\/institutocoracaodemaria\/#website\",\"url\":\"https:\/\/redeicm.org.br\/institutocoracaodemaria\/\",\"name\":\"Instituto Cora\u00e7\u00e3o de Maria | Rede ICM de Educa\u00e7\u00e3o e Assist\u00eancia Social\",\"description\":\"Servi\u00e7o Socioassistencial que atende crian\u00e7as e adolescentes de 06 a 15 anos em contra turno escolar.\",\"publisher\":{\"@id\":\"https:\/\/redeicm.org.br\/institutocoracaodemaria\/#organization\"},\"potentialAction\":[{\"@type\":\"SearchAction\",\"target\":{\"@type\":\"EntryPoint\",\"urlTemplate\":\"https:\/\/redeicm.org.br\/institutocoracaodemaria\/?s={search_term_string}\"},\"query-input\":{\"@type\":\"PropertyValueSpecification\",\"valueRequired\":true,\"valueName\":\"search_term_string\"}}],\"inLanguage\":\"pt-BR\"},{\"@type\":\"Organization\",\"@id\":\"https:\/\/redeicm.org.br\/institutocoracaodemaria\/#organization\",\"name\":\"Instituto Cora\u00e7\u00e3o de Maria | Rede ICM de Educa\u00e7\u00e3o e Assist\u00eancia Social\",\"url\":\"https:\/\/redeicm.org.br\/institutocoracaodemaria\/\",\"logo\":{\"@type\":\"ImageObject\",\"inLanguage\":\"pt-BR\",\"@id\":\"https:\/\/redeicm.org.br\/institutocoracaodemaria\/#\/schema\/logo\/image\/\",\"url\":\"https:\/\/redeicm.org.br\/institutocoracaodemaria\/wp-content\/uploads\/sites\/14\/2024\/08\/ICM_Socio_ImaculadoCoracao_preferencial-1024x385-1.png\",\"contentUrl\":\"https:\/\/redeicm.org.br\/institutocoracaodemaria\/wp-content\/uploads\/sites\/14\/2024\/08\/ICM_Socio_ImaculadoCoracao_preferencial-1024x385-1.png\",\"width\":1024,\"height\":385,\"caption\":\"Instituto Cora\u00e7\u00e3o de Maria | Rede ICM de Educa\u00e7\u00e3o e Assist\u00eancia Social\"},\"image\":{\"@id\":\"https:\/\/redeicm.org.br\/institutocoracaodemaria\/#\/schema\/logo\/image\/\"}}]}<\/script>\n<!-- \/ Yoast SEO plugin. -->","yoast_head_json":{"title":"Legisla\u00e7\u00e3o sobre a Prote\u00e7\u00e3o Social B\u00e1sica - Instituto Cora\u00e7\u00e3o de Maria | Rede ICM de Educa\u00e7\u00e3o e Assist\u00eancia Social","robots":{"index":"index","follow":"follow","max-snippet":"max-snippet:-1","max-image-preview":"max-image-preview:large","max-video-preview":"max-video-preview:-1"},"canonical":"https:\/\/redeicm.org.br\/institutocoracaodemaria\/legislacao-sobre-a-protecao-social-basica\/","og_locale":"pt_BR","og_type":"article","og_title":"Legisla\u00e7\u00e3o sobre a Prote\u00e7\u00e3o Social B\u00e1sica - Instituto Cora\u00e7\u00e3o de Maria | Rede ICM de Educa\u00e7\u00e3o e Assist\u00eancia Social","og_description":"Lei no 12.101, de 27 de novembro de 2009 Prote\u00e7\u00e3o Social\u00c9 a garantia de inclus\u00e3o a todos os cidad\u00e3os que encontram-se em situa\u00e7\u00e3o de vulnerabilidade e\/ou em situa\u00e7\u00e3o de risco, inserindo-os na rede de Prote\u00e7\u00e3o Social local. A Prote\u00e7\u00e3o Social \u00e9 hierarquizada em B\u00e1sica e Especial. Prote\u00e7\u00e3o Social B\u00e1sicaTem como objetivo prevenir situa\u00e7\u00f5es de risco [&hellip;]","og_url":"https:\/\/redeicm.org.br\/institutocoracaodemaria\/legislacao-sobre-a-protecao-social-basica\/","og_site_name":"Instituto Cora\u00e7\u00e3o de Maria | Rede ICM de Educa\u00e7\u00e3o e Assist\u00eancia Social","article_modified_time":"2025-05-27T12:35:32+00:00","og_image":[{"width":2560,"height":1440,"url":"https:\/\/redeicm.org.br\/institutocoracaodemaria\/wp-content\/uploads\/sites\/14\/2025\/03\/IMG_20250318_084649-scaled.jpg","type":"image\/jpeg"}],"twitter_card":"summary_large_image","twitter_misc":{"Est. tempo de leitura":"4 minutos"},"schema":{"@context":"https:\/\/schema.org","@graph":[{"@type":"WebPage","@id":"https:\/\/redeicm.org.br\/institutocoracaodemaria\/legislacao-sobre-a-protecao-social-basica\/","url":"https:\/\/redeicm.org.br\/institutocoracaodemaria\/legislacao-sobre-a-protecao-social-basica\/","name":"Legisla\u00e7\u00e3o sobre a Prote\u00e7\u00e3o Social B\u00e1sica - Instituto Cora\u00e7\u00e3o de Maria | Rede ICM de Educa\u00e7\u00e3o e Assist\u00eancia Social","isPartOf":{"@id":"https:\/\/redeicm.org.br\/institutocoracaodemaria\/#website"},"primaryImageOfPage":{"@id":"https:\/\/redeicm.org.br\/institutocoracaodemaria\/legislacao-sobre-a-protecao-social-basica\/#primaryimage"},"image":{"@id":"https:\/\/redeicm.org.br\/institutocoracaodemaria\/legislacao-sobre-a-protecao-social-basica\/#primaryimage"},"thumbnailUrl":"https:\/\/redeicm.org.br\/institutocoracaodemaria\/wp-content\/uploads\/sites\/14\/2025\/03\/IMG_20250318_084649-scaled.jpg","datePublished":"2024-09-07T20:07:30+00:00","dateModified":"2025-05-27T12:35:32+00:00","breadcrumb":{"@id":"https:\/\/redeicm.org.br\/institutocoracaodemaria\/legislacao-sobre-a-protecao-social-basica\/#breadcrumb"},"inLanguage":"pt-BR","potentialAction":[{"@type":"ReadAction","target":["https:\/\/redeicm.org.br\/institutocoracaodemaria\/legislacao-sobre-a-protecao-social-basica\/"]}]},{"@type":"ImageObject","inLanguage":"pt-BR","@id":"https:\/\/redeicm.org.br\/institutocoracaodemaria\/legislacao-sobre-a-protecao-social-basica\/#primaryimage","url":"https:\/\/redeicm.org.br\/institutocoracaodemaria\/wp-content\/uploads\/sites\/14\/2025\/03\/IMG_20250318_084649-scaled.jpg","contentUrl":"https:\/\/redeicm.org.br\/institutocoracaodemaria\/wp-content\/uploads\/sites\/14\/2025\/03\/IMG_20250318_084649-scaled.jpg","width":2560,"height":1440},{"@type":"BreadcrumbList","@id":"https:\/\/redeicm.org.br\/institutocoracaodemaria\/legislacao-sobre-a-protecao-social-basica\/#breadcrumb","itemListElement":[{"@type":"ListItem","position":1,"name":"In\u00edcio","item":"https:\/\/redeicm.org.br\/institutocoracaodemaria\/"},{"@type":"ListItem","position":2,"name":"Legisla\u00e7\u00e3o sobre a Prote\u00e7\u00e3o Social B\u00e1sica"}]},{"@type":"WebSite","@id":"https:\/\/redeicm.org.br\/institutocoracaodemaria\/#website","url":"https:\/\/redeicm.org.br\/institutocoracaodemaria\/","name":"Instituto Cora\u00e7\u00e3o de Maria | Rede ICM de Educa\u00e7\u00e3o e Assist\u00eancia Social","description":"Servi\u00e7o Socioassistencial que atende crian\u00e7as e adolescentes de 06 a 15 anos em contra turno escolar.","publisher":{"@id":"https:\/\/redeicm.org.br\/institutocoracaodemaria\/#organization"},"potentialAction":[{"@type":"SearchAction","target":{"@type":"EntryPoint","urlTemplate":"https:\/\/redeicm.org.br\/institutocoracaodemaria\/?s={search_term_string}"},"query-input":{"@type":"PropertyValueSpecification","valueRequired":true,"valueName":"search_term_string"}}],"inLanguage":"pt-BR"},{"@type":"Organization","@id":"https:\/\/redeicm.org.br\/institutocoracaodemaria\/#organization","name":"Instituto Cora\u00e7\u00e3o de Maria | Rede ICM de Educa\u00e7\u00e3o e Assist\u00eancia Social","url":"https:\/\/redeicm.org.br\/institutocoracaodemaria\/","logo":{"@type":"ImageObject","inLanguage":"pt-BR","@id":"https:\/\/redeicm.org.br\/institutocoracaodemaria\/#\/schema\/logo\/image\/","url":"https:\/\/redeicm.org.br\/institutocoracaodemaria\/wp-content\/uploads\/sites\/14\/2024\/08\/ICM_Socio_ImaculadoCoracao_preferencial-1024x385-1.png","contentUrl":"https:\/\/redeicm.org.br\/institutocoracaodemaria\/wp-content\/uploads\/sites\/14\/2024\/08\/ICM_Socio_ImaculadoCoracao_preferencial-1024x385-1.png","width":1024,"height":385,"caption":"Instituto Cora\u00e7\u00e3o de Maria | Rede ICM de Educa\u00e7\u00e3o e Assist\u00eancia Social"},"image":{"@id":"https:\/\/redeicm.org.br\/institutocoracaodemaria\/#\/schema\/logo\/image\/"}}]}},"_links":{"self":[{"href":"https:\/\/redeicm.org.br\/institutocoracaodemaria\/wp-json\/wp\/v2\/pages\/275","targetHints":{"allow":["GET"]}}],"collection":[{"href":"https:\/\/redeicm.org.br\/institutocoracaodemaria\/wp-json\/wp\/v2\/pages"}],"about":[{"href":"https:\/\/redeicm.org.br\/institutocoracaodemaria\/wp-json\/wp\/v2\/types\/page"}],"author":[{"embeddable":true,"href":"https:\/\/redeicm.org.br\/institutocoracaodemaria\/wp-json\/wp\/v2\/users\/1"}],"replies":[{"embeddable":true,"href":"https:\/\/redeicm.org.br\/institutocoracaodemaria\/wp-json\/wp\/v2\/comments?post=275"}],"version-history":[{"count":3,"href":"https:\/\/redeicm.org.br\/institutocoracaodemaria\/wp-json\/wp\/v2\/pages\/275\/revisions"}],"predecessor-version":[{"id":660,"href":"https:\/\/redeicm.org.br\/institutocoracaodemaria\/wp-json\/wp\/v2\/pages\/275\/revisions\/660"}],"wp:featuredmedia":[{"embeddable":true,"href":"https:\/\/redeicm.org.br\/institutocoracaodemaria\/wp-json\/wp\/v2\/media\/572"}],"wp:attachment":[{"href":"https:\/\/redeicm.org.br\/institutocoracaodemaria\/wp-json\/wp\/v2\/media?parent=275"}],"curies":[{"name":"wp","href":"https:\/\/api.w.org\/{rel}","templated":true}]}}