{"id":361,"date":"2024-08-21T12:21:13","date_gmt":"2024-08-21T15:21:13","guid":{"rendered":"https:\/\/redeicm.org.br\/imaculadaconceicao\/?page_id=361"},"modified":"2026-03-06T10:35:03","modified_gmt":"2026-03-06T13:35:03","slug":"diferenciais-colegio-seguro-ensino-qualidade-tecnologia","status":"publish","type":"page","link":"https:\/\/redeicm.org.br\/imaculadaconceicao\/diferenciais-colegio-seguro-ensino-qualidade-tecnologia\/","title":{"rendered":"Diferenciais"},"content":{"rendered":"\t\t<div data-elementor-type=\"wp-page\" data-elementor-id=\"361\" class=\"elementor elementor-361\" data-elementor-post-type=\"page\">\n\t\t\t\t<div class=\"elementor-element elementor-element-7d9f9446 e-flex e-con-boxed e-con e-parent\" data-id=\"7d9f9446\" data-element_type=\"container\" data-e-type=\"container\" data-settings=\"{&quot;background_background&quot;:&quot;classic&quot;}\">\n\t\t\t\t\t<div class=\"e-con-inner\">\n\t\t\t\t<div class=\"elementor-element elementor-element-2fb7211d elementor-widget elementor-widget-heading\" data-id=\"2fb7211d\" data-element_type=\"widget\" data-e-type=\"widget\" data-widget_type=\"heading.default\">\n\t\t\t\t<div class=\"elementor-widget-container\">\n\t\t\t\t\t<h1 class=\"elementor-heading-title elementor-size-default\">Diferenciais<\/h1>\t\t\t\t<\/div>\n\t\t\t\t<\/div>\n\t\t\t\t\t<\/div>\n\t\t\t\t<\/div>\n\t\t<div class=\"elementor-element elementor-element-aabcc85 e-flex e-con-boxed e-con e-parent\" data-id=\"aabcc85\" data-element_type=\"container\" data-e-type=\"container\">\n\t\t\t\t\t<div class=\"e-con-inner\">\n\t\t\t\t<div class=\"elementor-element elementor-element-b51a9dc e-n-tabs-mobile elementor-widget elementor-widget-n-tabs\" data-id=\"b51a9dc\" data-element_type=\"widget\" data-e-type=\"widget\" data-widget_type=\"nested-tabs.default\">\n\t\t\t\t<div class=\"elementor-widget-container\">\n\t\t\t\t\t\t\t<div class=\"e-n-tabs\" data-widget-number=\"189901276\" aria-label=\"Abas. Abra itens com &quot;Enter&quot; ou &quot;Espa\u00e7o&quot;, feche com &quot;Escape&quot; e navegue usando as teclas de &quot;Seta&quot;.\">\n\t\t\t<div class=\"e-n-tabs-heading\" role=\"tablist\">\n\t\t\t\t\t<button id=\"e-n-tab-title-1899012761\" data-tab-title-id=\"e-n-tab-title-1899012761\" class=\"e-n-tab-title\" aria-selected=\"true\" data-tab-index=\"1\" role=\"tab\" tabindex=\"0\" aria-controls=\"e-n-tab-content-1899012761\" style=\"--n-tabs-title-order: 1;\">\n\t\t\t\t\t\t<span class=\"e-n-tab-title-text\">\n\t\t\t\tSeguran\u00e7a\t\t\t<\/span>\n\t\t<\/button>\n\t\t\t\t<button id=\"e-n-tab-title-1899012762\" data-tab-title-id=\"e-n-tab-title-1899012762\" class=\"e-n-tab-title\" aria-selected=\"false\" data-tab-index=\"2\" role=\"tab\" tabindex=\"-1\" aria-controls=\"e-n-tab-content-1899012762\" style=\"--n-tabs-title-order: 2;\">\n\t\t\t\t\t\t<span class=\"e-n-tab-title-text\">\n\t\t\t\tAtividades terceirizadas\t\t\t<\/span>\n\t\t<\/button>\n\t\t\t\t<button id=\"e-n-tab-title-1899012763\" data-tab-title-id=\"e-n-tab-title-1899012763\" class=\"e-n-tab-title\" aria-selected=\"false\" data-tab-index=\"3\" role=\"tab\" tabindex=\"-1\" aria-controls=\"e-n-tab-content-1899012763\" style=\"--n-tabs-title-order: 3;\">\n\t\t\t\t\t\t<span class=\"e-n-tab-title-text\">\n\t\t\t\tAtividades extracurriculares\t\t\t<\/span>\n\t\t<\/button>\n\t\t\t\t<button id=\"e-n-tab-title-1899012764\" data-tab-title-id=\"e-n-tab-title-1899012764\" class=\"e-n-tab-title\" aria-selected=\"false\" data-tab-index=\"4\" role=\"tab\" tabindex=\"-1\" aria-controls=\"e-n-tab-content-1899012764\" style=\"--n-tabs-title-order: 4;\">\n\t\t\t\t\t\t<span class=\"e-n-tab-title-text\">\n\t\t\t\tAtividades de cunho social\t\t\t<\/span>\n\t\t<\/button>\n\t\t\t\t<button id=\"e-n-tab-title-1899012765\" data-tab-title-id=\"e-n-tab-title-1899012765\" class=\"e-n-tab-title\" aria-selected=\"false\" data-tab-index=\"5\" role=\"tab\" tabindex=\"-1\" aria-controls=\"e-n-tab-content-1899012765\" style=\"--n-tabs-title-order: 5;\">\n\t\t\t\t\t\t<span class=\"e-n-tab-title-text\">\n\t\t\t\tAtividades, Servi\u00e7os e Eventos\t\t\t<\/span>\n\t\t<\/button>\n\t\t\t\t\t<\/div>\n\t\t\t<div class=\"e-n-tabs-content\">\n\t\t\t\t<div id=\"e-n-tab-content-1899012761\" role=\"tabpanel\" aria-labelledby=\"e-n-tab-title-1899012761\" data-tab-index=\"1\" style=\"--n-tabs-title-order: 1;\" class=\"e-active elementor-element elementor-element-176a050 e-con-full e-flex e-con e-child\" data-id=\"176a050\" data-element_type=\"container\" data-e-type=\"container\">\n\t\t<div class=\"elementor-element elementor-element-5ea1ef5 e-flex e-con-boxed e-con e-child\" data-id=\"5ea1ef5\" data-element_type=\"container\" data-e-type=\"container\">\n\t\t\t\t\t<div class=\"e-con-inner\">\n\t\t\t\t<div class=\"elementor-element elementor-element-76a7fe7 elementor-widget elementor-widget-text-editor\" data-id=\"76a7fe7\" data-element_type=\"widget\" data-e-type=\"widget\" data-widget_type=\"text-editor.default\">\n\t\t\t\t<div class=\"elementor-widget-container\">\n\t\t\t\t\t\t\t\t\t<p>Al\u00e9m de todos os cuidados pedag\u00f3gicos, estruturais e humanos que fazem parte do nosso dia a dia, oferecemos aos nossos alunos<a href=\"https:\/\/redeicm.org.br\/imaculadaconceicao\/imaculada-conceicao-seguro-acidentes-pessoais\/\">\u00a0<b>Seguro de Acidentes Pessoais<\/b><\/a>, garantindo mais tranquilidade \u00e0s fam\u00edlias em caso de imprevistos.<\/p>\t\t\t\t\t\t\t\t<\/div>\n\t\t\t\t<\/div>\n\t\t\t\t<div class=\"elementor-element elementor-element-a336171 elementor-align-left e-transform elementor-invisible elementor-widget elementor-widget-button\" data-id=\"a336171\" data-element_type=\"widget\" data-e-type=\"widget\" data-settings=\"{&quot;_animation&quot;:&quot;fadeInUp&quot;,&quot;_transform_translateX_effect&quot;:{&quot;unit&quot;:&quot;px&quot;,&quot;size&quot;:&quot;9&quot;,&quot;sizes&quot;:[]},&quot;_transform_translateY_effect&quot;:{&quot;unit&quot;:&quot;px&quot;,&quot;size&quot;:&quot;-35&quot;,&quot;sizes&quot;:[]},&quot;_transform_translateX_effect_tablet&quot;:{&quot;unit&quot;:&quot;px&quot;,&quot;size&quot;:&quot;&quot;,&quot;sizes&quot;:[]},&quot;_transform_translateX_effect_mobile&quot;:{&quot;unit&quot;:&quot;px&quot;,&quot;size&quot;:&quot;&quot;,&quot;sizes&quot;:[]},&quot;_transform_translateY_effect_tablet&quot;:{&quot;unit&quot;:&quot;px&quot;,&quot;size&quot;:&quot;&quot;,&quot;sizes&quot;:[]},&quot;_transform_translateY_effect_mobile&quot;:{&quot;unit&quot;:&quot;px&quot;,&quot;size&quot;:&quot;&quot;,&quot;sizes&quot;:[]}}\" data-widget_type=\"button.default\">\n\t\t\t\t<div class=\"elementor-widget-container\">\n\t\t\t\t\t\t\t\t\t<div class=\"elementor-button-wrapper\">\n\t\t\t\t\t<a class=\"elementor-button elementor-button-link elementor-size-sm\" href=\"https:\/\/redeicm.org.br\/imaculadaconceicao\/imaculada-conceicao-seguro-acidentes-pessoais\/\">\n\t\t\t\t\t\t<span class=\"elementor-button-content-wrapper\">\n\t\t\t\t\t\t\t\t\t<span class=\"elementor-button-text\">Saiba mais<\/span>\n\t\t\t\t\t<\/span>\n\t\t\t\t\t<\/a>\n\t\t\t\t<\/div>\n\t\t\t\t\t\t\t\t<\/div>\n\t\t\t\t<\/div>\n\t\t\t\t\t<\/div>\n\t\t\t\t<\/div>\n\t\t\t\t<\/div>\n\t\t<div id=\"e-n-tab-content-1899012762\" role=\"tabpanel\" aria-labelledby=\"e-n-tab-title-1899012762\" data-tab-index=\"2\" style=\"--n-tabs-title-order: 2;\" class=\" elementor-element elementor-element-6f20b86 e-con-full e-flex e-con e-child\" data-id=\"6f20b86\" data-element_type=\"container\" data-e-type=\"container\">\n\t\t<div class=\"elementor-element elementor-element-65d1c8a e-flex e-con-boxed e-con e-child\" data-id=\"65d1c8a\" data-element_type=\"container\" data-e-type=\"container\">\n\t\t\t\t\t<div class=\"e-con-inner\">\n\t\t\t\t<div class=\"elementor-element elementor-element-7cfcd0e elementor-widget elementor-widget-text-editor\" data-id=\"7cfcd0e\" data-element_type=\"widget\" data-e-type=\"widget\" data-widget_type=\"text-editor.default\">\n\t\t\t\t<div class=\"elementor-widget-container\">\n\t\t\t\t\t\t\t\t\t<ul><li>Patina\u00e7\u00e3o;<\/li><li>Rob\u00f3tica;<\/li><li>Teatro;<\/li><li>Jud\u00f4;<\/li><li>Ballet;<\/li><li>Dan\u00e7as urbanas;<\/li><li>Dan\u00e7as a\u00e9reas;<\/li><li>Tri Sports (Futebol e v\u00f4lei);<\/li><li>Academia.<\/li><\/ul>\t\t\t\t\t\t\t\t<\/div>\n\t\t\t\t<\/div>\n\t\t\t\t\t<\/div>\n\t\t\t\t<\/div>\n\t\t\t\t<\/div>\n\t\t<div id=\"e-n-tab-content-1899012763\" role=\"tabpanel\" aria-labelledby=\"e-n-tab-title-1899012763\" data-tab-index=\"3\" style=\"--n-tabs-title-order: 3;\" class=\" elementor-element elementor-element-0bf7169 e-con-full e-flex e-con e-child\" data-id=\"0bf7169\" data-element_type=\"container\" data-e-type=\"container\">\n\t\t<div class=\"elementor-element elementor-element-ab2660e e-flex e-con-boxed e-con e-child\" data-id=\"ab2660e\" data-element_type=\"container\" data-e-type=\"container\">\n\t\t\t\t\t<div class=\"e-con-inner\">\n\t\t\t\t<div class=\"elementor-element elementor-element-1e92ab7 elementor-widget elementor-widget-text-editor\" data-id=\"1e92ab7\" data-element_type=\"widget\" data-e-type=\"widget\" data-widget_type=\"text-editor.default\">\n\t\t\t\t<div class=\"elementor-widget-container\">\n\t\t\t\t\t\t\t\t\t<ul><li>Banda Marcial;<\/li><li>Monitores Ecol\u00f3gicos.<\/li><\/ul>\t\t\t\t\t\t\t\t<\/div>\n\t\t\t\t<\/div>\n\t\t\t\t\t<\/div>\n\t\t\t\t<\/div>\n\t\t\t\t<\/div>\n\t\t<div id=\"e-n-tab-content-1899012764\" role=\"tabpanel\" aria-labelledby=\"e-n-tab-title-1899012764\" data-tab-index=\"4\" style=\"--n-tabs-title-order: 4;\" class=\" elementor-element elementor-element-f2b272c e-con-full e-flex e-con e-child\" data-id=\"f2b272c\" data-element_type=\"container\" data-e-type=\"container\">\n\t\t<div class=\"elementor-element elementor-element-b6fd51e e-flex e-con-boxed e-con e-child\" data-id=\"b6fd51e\" data-element_type=\"container\" data-e-type=\"container\">\n\t\t\t\t\t<div class=\"e-con-inner\">\n\t\t\t\t<div class=\"elementor-element elementor-element-b32d79e elementor-widget elementor-widget-text-editor\" data-id=\"b32d79e\" data-element_type=\"widget\" data-e-type=\"widget\" data-widget_type=\"text-editor.default\">\n\t\t\t\t<div class=\"elementor-widget-container\">\n\t\t\t\t\t\t\t\t\t<ul><li>Inform\u00e1tica para 3\u00aa Idade \u2013 Projeto Idoso Digital;<\/li><li>Campanhas de arrecada\u00e7\u00e3o de alimentos, roupas e material de higiene e limpeza;<\/li><li>Doa\u00e7\u00e3o de embalagens pl\u00e1sticas para a Liga de Combate ao C\u00e2ncer;<\/li><li>Visitas peri\u00f3dicas dos estudantes ao Lar Nossa Senhora das Gra\u00e7as.<\/li><\/ul>\t\t\t\t\t\t\t\t<\/div>\n\t\t\t\t<\/div>\n\t\t\t\t\t<\/div>\n\t\t\t\t<\/div>\n\t\t\t\t<\/div>\n\t\t<div id=\"e-n-tab-content-1899012765\" role=\"tabpanel\" aria-labelledby=\"e-n-tab-title-1899012765\" data-tab-index=\"5\" style=\"--n-tabs-title-order: 5;\" class=\" elementor-element elementor-element-340bffd e-flex e-con-boxed e-con e-child\" data-id=\"340bffd\" data-element_type=\"container\" data-e-type=\"container\">\n\t\t\t\t\t<div class=\"e-con-inner\">\n\t\t\t\t<div class=\"elementor-element elementor-element-f3cd67a elementor-widget elementor-widget-text-editor\" data-id=\"f3cd67a\" data-element_type=\"widget\" data-e-type=\"widget\" data-widget_type=\"text-editor.default\">\n\t\t\t\t<div class=\"elementor-widget-container\">\n\t\t\t\t\t\t\t\t\t<ol><li>Ingl\u00eas com carga hor\u00e1ria ampliada do 6\u00ba ao 9\u00ba ano, com certifica\u00e7\u00e3o internacional de Cambridge, no 9\u00ba ano, para alunos do n\u00edvel 4.<\/li><li>Conv\u00eanio com o Sistema Positivo de Ensino e com PES \u2013 Positivo English Solution;<\/li><li>Sistema Bernoulli Sistema de Ensino;<\/li><li>MATIFIC \u2013 Plataforma de matem\u00e1tica gamificada;<\/li><li>Plataforma de leitura: Elefante Letrado e \u00c1rvore de Livros;<\/li><li>Programa Socioemocional L\u00edder em Mim;<\/li><li>Ensino Religioso;<\/li><li>Aula de M\u00fasica da Educa\u00e7\u00e3o Infantil ao 2\u00ba ano;<\/li><li>Horas do Conto da Educa\u00e7\u00e3o Infantil ao 5\u00ba ano;<\/li><li>Feira de Inicia\u00e7\u00e3o \u00e0 Pesquisa, da Ed. Infantil ao 9\u00ba ano;<\/li><li>Interclasses e Jogos Cooperativos;<\/li><li>Participa\u00e7\u00e3o em Feiras Cient\u00edficas externas;<\/li><li>Eventos: Homenagem aos av\u00f3s, Fam\u00edlia no Col\u00e9gio e Atividade Liter\u00e1ria, Kerb, Festival Art\u00edstico e Cultural, Amigo no Col\u00e9gio;<\/li><li>Eventos externos: Natal dos Anjos, Feira do Livro, Concurso Fotogr\u00e1fico, Cavalgada da Paz, Cartaz da Paz, Desfile C\u00edvico;<\/li><li>Olimp\u00edadas: OBMEP (Olimp\u00edada Brasileira de Matem\u00e1tica das Escolas P\u00fablicas), Canguru de Matem\u00e1tica e Matific;<\/li><li>PROERD \u2013 Programa Educacional de Resist\u00eancia \u00e0s Drogas e \u00e0 Viol\u00eancia;<\/li><li>Simulados;<\/li><li>Salas Ambientes (Arte, L\u00edngua Inglesa, Lab Maker (Impressora 3D, \u00d3culos de RV, Arduino, kit Atto, ferramentas\u2026), Laborat\u00f3rio de Inform\u00e1tica, Laborat\u00f3rio de Ci\u00eancias);<\/li><li>Celebra\u00e7\u00f5es (Ora\u00e7\u00e3o di\u00e1ria com estudantes e professores, Retiro professores e auxiliares, Noite de Forma\u00e7\u00e3o para estudantes do Ensino Fundamental Anos Finais, A\u00e7\u00e3o de Gra\u00e7as, Viv\u00eancia da Semana Santa, Dia das M\u00e3es, Dia dos Pais, Festividades de Corpus Christi (Confec\u00e7\u00e3o de tapetes), Visitas mensais dos alunos ao Lar Nossa Senhora das Gra\u00e7as \u2013 tirar, Dia do Religioso);<\/li><li>Servi\u00e7o de Pastoral Escolar;<\/li><li>Servi\u00e7o de Orienta\u00e7\u00e3o Educacional;<\/li><li>Servi\u00e7o de Coordena\u00e7\u00e3o Pedag\u00f3gica;<\/li><li>Servi\u00e7o de Atendimento Educacional Especializado \u2013 AEE;<\/li><li>Programa Protagonizando a Lideran\u00e7a;<\/li><li>Roda de Conversa com os pais da Educa\u00e7\u00e3o Infantil;<\/li><li>Nutricionista;<\/li><li>Extraclasse;<\/li><li>Turno estendido;<\/li><li>Almo\u00e7o;<\/li><li>Espa\u00e7o para soninho;<\/li><li>APM (Associa\u00e7\u00e3o de Pais e Mestres);<\/li><li>Pra\u00e7as;<\/li><li>\u00c1rea Verde;<\/li><li>Capela;<\/li><li>Pavilh\u00e3o;<\/li><li>Audit\u00f3rio;<\/li><li>Biblioteca;<\/li><li>4 Parques Infantis;<\/li><li>Quadra Esportiva;<\/li><li>Gin\u00e1sio Poliesportivo;<\/li><li>Campo de Futebol;<\/li><li>Pista de Atletismo;<\/li><li>Pista de Tr\u00e2nsito;<\/li><li>Salas de aula climatizadas e equipadas com aparelhos e ferramentas digitais, com acesso \u00e0 internet;<\/li><li>Refeit\u00f3rio;<\/li><li>Cantina;<\/li><li>Projeto Horta;<\/li><li>V\u00eddeo monitoramento;<\/li><li>Energia Solar;<\/li><li>Wi-fi.<\/li><\/ol>\t\t\t\t\t\t\t\t<\/div>\n\t\t\t\t<\/div>\n\t\t\t\t\t<\/div>\n\t\t\t\t<\/div>\n\t\t\t\t\t<\/div>\n\t\t<\/div>\n\t\t\t\t\t\t<\/div>\n\t\t\t\t<\/div>\n\t\t\t\t\t<\/div>\n\t\t\t\t<\/div>\n\t\t\t\t<\/div>\n\t\t","protected":false},"excerpt":{"rendered":"<p>Seguran\u00e7a Atividades terceirizadas Atividades extracurriculares Atividades de cunho social Atividades, Servi\u00e7os e Eventos Al\u00e9m de todos os cuidados pedag\u00f3gicos, estruturais e humanos que fazem parte do nosso dia a dia, oferecemos aos nossos alunos\u00a0Seguro de Acidentes Pessoais, garantindo mais tranquilidade \u00e0s fam\u00edlias em caso de imprevistos. Saiba mais Patina\u00e7\u00e3o; Rob\u00f3tica; Teatro; Jud\u00f4; Ballet; Dan\u00e7as urbanas; [&hellip;]<\/p>\n","protected":false},"author":1,"featured_media":3833,"parent":0,"menu_order":0,"comment_status":"closed","ping_status":"closed","template":"","meta":{"_acf_changed":false,"footnotes":""},"class_list":["post-361","page","type-page","status-publish","has-post-thumbnail","hentry"],"acf":[],"yoast_head":"<!-- This site is optimized with the Yoast SEO plugin v26.3 - https:\/\/yoast.com\/wordpress\/plugins\/seo\/ -->\n<title>Col\u00e9gio seguro com ensino de qualidade e tecnologia \u2013 ICM<\/title>\n<meta name=\"description\" content=\"Col\u00e9gio seguro com ensino de qualidade e tecnologia, atividades extracurriculares, projetos socioeducativos e infraestrutura completa para crian\u00e7as e adolescentes.\" \/>\n<meta name=\"robots\" content=\"index, follow, max-snippet:-1, max-image-preview:large, max-video-preview:-1\" \/>\n<link rel=\"canonical\" href=\"https:\/\/redeicm.org.br\/imaculadaconceicao\/diferenciais-colegio-seguro-ensino-qualidade-tecnologia\/\" \/>\n<meta property=\"og:locale\" content=\"pt_BR\" \/>\n<meta property=\"og:type\" content=\"article\" \/>\n<meta property=\"og:title\" content=\"Col\u00e9gio seguro com ensino de qualidade e tecnologia \u2013 ICM\" \/>\n<meta property=\"og:description\" content=\"Col\u00e9gio seguro com ensino de qualidade e tecnologia, atividades extracurriculares, projetos socioeducativos e infraestrutura completa para crian\u00e7as e adolescentes.\" \/>\n<meta property=\"og:url\" content=\"https:\/\/redeicm.org.br\/imaculadaconceicao\/diferenciais-colegio-seguro-ensino-qualidade-tecnologia\/\" \/>\n<meta property=\"og:site_name\" content=\"Col\u00e9gio Imaculada Concei\u00e7\u00e3o | Rede ICM de educa\u00e7\u00e3o\" \/>\n<meta property=\"article:modified_time\" content=\"2026-03-06T13:35:03+00:00\" \/>\n<meta property=\"og:image\" content=\"https:\/\/redeicm.org.br\/imaculadaconceicao\/wp-content\/uploads\/sites\/12\/2026\/02\/20260218_131849.jpg\" \/>\n\t<meta property=\"og:image:width\" content=\"1081\" \/>\n\t<meta property=\"og:image:height\" content=\"1920\" \/>\n\t<meta property=\"og:image:type\" content=\"image\/jpeg\" \/>\n<meta name=\"twitter:card\" content=\"summary_large_image\" \/>\n<meta name=\"twitter:label1\" content=\"Est. tempo de leitura\" \/>\n\t<meta name=\"twitter:data1\" content=\"5 minutos\" \/>\n<script type=\"application\/ld+json\" class=\"yoast-schema-graph\">{\"@context\":\"https:\/\/schema.org\",\"@graph\":[{\"@type\":\"WebPage\",\"@id\":\"https:\/\/redeicm.org.br\/imaculadaconceicao\/diferenciais-colegio-seguro-ensino-qualidade-tecnologia\/\",\"url\":\"https:\/\/redeicm.org.br\/imaculadaconceicao\/diferenciais-colegio-seguro-ensino-qualidade-tecnologia\/\",\"name\":\"Col\u00e9gio seguro com ensino de qualidade e tecnologia \u2013 ICM\",\"isPartOf\":{\"@id\":\"https:\/\/redeicm.org.br\/imaculadaconceicao\/#website\"},\"primaryImageOfPage\":{\"@id\":\"https:\/\/redeicm.org.br\/imaculadaconceicao\/diferenciais-colegio-seguro-ensino-qualidade-tecnologia\/#primaryimage\"},\"image\":{\"@id\":\"https:\/\/redeicm.org.br\/imaculadaconceicao\/diferenciais-colegio-seguro-ensino-qualidade-tecnologia\/#primaryimage\"},\"thumbnailUrl\":\"https:\/\/redeicm.org.br\/imaculadaconceicao\/wp-content\/uploads\/sites\/12\/2026\/02\/20260218_131849.jpg\",\"datePublished\":\"2024-08-21T15:21:13+00:00\",\"dateModified\":\"2026-03-06T13:35:03+00:00\",\"description\":\"Col\u00e9gio seguro com ensino de qualidade e tecnologia, atividades extracurriculares, projetos socioeducativos e infraestrutura completa para crian\u00e7as e adolescentes.\",\"breadcrumb\":{\"@id\":\"https:\/\/redeicm.org.br\/imaculadaconceicao\/diferenciais-colegio-seguro-ensino-qualidade-tecnologia\/#breadcrumb\"},\"inLanguage\":\"pt-BR\",\"potentialAction\":[{\"@type\":\"ReadAction\",\"target\":[\"https:\/\/redeicm.org.br\/imaculadaconceicao\/diferenciais-colegio-seguro-ensino-qualidade-tecnologia\/\"]}]},{\"@type\":\"ImageObject\",\"inLanguage\":\"pt-BR\",\"@id\":\"https:\/\/redeicm.org.br\/imaculadaconceicao\/diferenciais-colegio-seguro-ensino-qualidade-tecnologia\/#primaryimage\",\"url\":\"https:\/\/redeicm.org.br\/imaculadaconceicao\/wp-content\/uploads\/sites\/12\/2026\/02\/20260218_131849.jpg\",\"contentUrl\":\"https:\/\/redeicm.org.br\/imaculadaconceicao\/wp-content\/uploads\/sites\/12\/2026\/02\/20260218_131849.jpg\",\"width\":1081,\"height\":1920},{\"@type\":\"BreadcrumbList\",\"@id\":\"https:\/\/redeicm.org.br\/imaculadaconceicao\/diferenciais-colegio-seguro-ensino-qualidade-tecnologia\/#breadcrumb\",\"itemListElement\":[{\"@type\":\"ListItem\",\"position\":1,\"name\":\"In\u00edcio\",\"item\":\"https:\/\/redeicm.org.br\/imaculadaconceicao\/\"},{\"@type\":\"ListItem\",\"position\":2,\"name\":\"Diferenciais\"}]},{\"@type\":\"WebSite\",\"@id\":\"https:\/\/redeicm.org.br\/imaculadaconceicao\/#website\",\"url\":\"https:\/\/redeicm.org.br\/imaculadaconceicao\/\",\"name\":\"Col\u00e9gio Imaculada Concei\u00e7\u00e3o | Rede ICM de educa\u00e7\u00e3o\",\"description\":\"\",\"publisher\":{\"@id\":\"https:\/\/redeicm.org.br\/imaculadaconceicao\/#organization\"},\"potentialAction\":[{\"@type\":\"SearchAction\",\"target\":{\"@type\":\"EntryPoint\",\"urlTemplate\":\"https:\/\/redeicm.org.br\/imaculadaconceicao\/?s={search_term_string}\"},\"query-input\":{\"@type\":\"PropertyValueSpecification\",\"valueRequired\":true,\"valueName\":\"search_term_string\"}}],\"inLanguage\":\"pt-BR\"},{\"@type\":\"Organization\",\"@id\":\"https:\/\/redeicm.org.br\/imaculadaconceicao\/#organization\",\"name\":\"Col\u00e9gio Imaculada Concei\u00e7\u00e3o | Rede ICM de educa\u00e7\u00e3o\",\"url\":\"https:\/\/redeicm.org.br\/imaculadaconceicao\/\",\"logo\":{\"@type\":\"ImageObject\",\"inLanguage\":\"pt-BR\",\"@id\":\"https:\/\/redeicm.org.br\/imaculadaconceicao\/#\/schema\/logo\/image\/\",\"url\":\"https:\/\/redeicm.org.br\/imaculadaconceicao\/wp-content\/uploads\/sites\/12\/2024\/08\/ICM_Educacao_Imaculada_Conceicao_Preferencial_Cores-1024x263-1.png\",\"contentUrl\":\"https:\/\/redeicm.org.br\/imaculadaconceicao\/wp-content\/uploads\/sites\/12\/2024\/08\/ICM_Educacao_Imaculada_Conceicao_Preferencial_Cores-1024x263-1.png\",\"width\":1024,\"height\":263,\"caption\":\"Col\u00e9gio Imaculada Concei\u00e7\u00e3o | Rede ICM de educa\u00e7\u00e3o\"},\"image\":{\"@id\":\"https:\/\/redeicm.org.br\/imaculadaconceicao\/#\/schema\/logo\/image\/\"}}]}<\/script>\n<!-- \/ Yoast SEO plugin. -->","yoast_head_json":{"title":"Col\u00e9gio seguro com ensino de qualidade e tecnologia \u2013 ICM","description":"Col\u00e9gio seguro com ensino de qualidade e tecnologia, atividades extracurriculares, projetos socioeducativos e infraestrutura completa para crian\u00e7as e adolescentes.","robots":{"index":"index","follow":"follow","max-snippet":"max-snippet:-1","max-image-preview":"max-image-preview:large","max-video-preview":"max-video-preview:-1"},"canonical":"https:\/\/redeicm.org.br\/imaculadaconceicao\/diferenciais-colegio-seguro-ensino-qualidade-tecnologia\/","og_locale":"pt_BR","og_type":"article","og_title":"Col\u00e9gio seguro com ensino de qualidade e tecnologia \u2013 ICM","og_description":"Col\u00e9gio seguro com ensino de qualidade e tecnologia, atividades extracurriculares, projetos socioeducativos e infraestrutura completa para crian\u00e7as e adolescentes.","og_url":"https:\/\/redeicm.org.br\/imaculadaconceicao\/diferenciais-colegio-seguro-ensino-qualidade-tecnologia\/","og_site_name":"Col\u00e9gio Imaculada Concei\u00e7\u00e3o | Rede ICM de educa\u00e7\u00e3o","article_modified_time":"2026-03-06T13:35:03+00:00","og_image":[{"width":1081,"height":1920,"url":"https:\/\/redeicm.org.br\/imaculadaconceicao\/wp-content\/uploads\/sites\/12\/2026\/02\/20260218_131849.jpg","type":"image\/jpeg"}],"twitter_card":"summary_large_image","twitter_misc":{"Est. tempo de leitura":"5 minutos"},"schema":{"@context":"https:\/\/schema.org","@graph":[{"@type":"WebPage","@id":"https:\/\/redeicm.org.br\/imaculadaconceicao\/diferenciais-colegio-seguro-ensino-qualidade-tecnologia\/","url":"https:\/\/redeicm.org.br\/imaculadaconceicao\/diferenciais-colegio-seguro-ensino-qualidade-tecnologia\/","name":"Col\u00e9gio seguro com ensino de qualidade e tecnologia \u2013 ICM","isPartOf":{"@id":"https:\/\/redeicm.org.br\/imaculadaconceicao\/#website"},"primaryImageOfPage":{"@id":"https:\/\/redeicm.org.br\/imaculadaconceicao\/diferenciais-colegio-seguro-ensino-qualidade-tecnologia\/#primaryimage"},"image":{"@id":"https:\/\/redeicm.org.br\/imaculadaconceicao\/diferenciais-colegio-seguro-ensino-qualidade-tecnologia\/#primaryimage"},"thumbnailUrl":"https:\/\/redeicm.org.br\/imaculadaconceicao\/wp-content\/uploads\/sites\/12\/2026\/02\/20260218_131849.jpg","datePublished":"2024-08-21T15:21:13+00:00","dateModified":"2026-03-06T13:35:03+00:00","description":"Col\u00e9gio seguro com ensino de qualidade e tecnologia, atividades extracurriculares, projetos socioeducativos e infraestrutura completa para crian\u00e7as e adolescentes.","breadcrumb":{"@id":"https:\/\/redeicm.org.br\/imaculadaconceicao\/diferenciais-colegio-seguro-ensino-qualidade-tecnologia\/#breadcrumb"},"inLanguage":"pt-BR","potentialAction":[{"@type":"ReadAction","target":["https:\/\/redeicm.org.br\/imaculadaconceicao\/diferenciais-colegio-seguro-ensino-qualidade-tecnologia\/"]}]},{"@type":"ImageObject","inLanguage":"pt-BR","@id":"https:\/\/redeicm.org.br\/imaculadaconceicao\/diferenciais-colegio-seguro-ensino-qualidade-tecnologia\/#primaryimage","url":"https:\/\/redeicm.org.br\/imaculadaconceicao\/wp-content\/uploads\/sites\/12\/2026\/02\/20260218_131849.jpg","contentUrl":"https:\/\/redeicm.org.br\/imaculadaconceicao\/wp-content\/uploads\/sites\/12\/2026\/02\/20260218_131849.jpg","width":1081,"height":1920},{"@type":"BreadcrumbList","@id":"https:\/\/redeicm.org.br\/imaculadaconceicao\/diferenciais-colegio-seguro-ensino-qualidade-tecnologia\/#breadcrumb","itemListElement":[{"@type":"ListItem","position":1,"name":"In\u00edcio","item":"https:\/\/redeicm.org.br\/imaculadaconceicao\/"},{"@type":"ListItem","position":2,"name":"Diferenciais"}]},{"@type":"WebSite","@id":"https:\/\/redeicm.org.br\/imaculadaconceicao\/#website","url":"https:\/\/redeicm.org.br\/imaculadaconceicao\/","name":"Col\u00e9gio Imaculada Concei\u00e7\u00e3o | Rede ICM de educa\u00e7\u00e3o","description":"","publisher":{"@id":"https:\/\/redeicm.org.br\/imaculadaconceicao\/#organization"},"potentialAction":[{"@type":"SearchAction","target":{"@type":"EntryPoint","urlTemplate":"https:\/\/redeicm.org.br\/imaculadaconceicao\/?s={search_term_string}"},"query-input":{"@type":"PropertyValueSpecification","valueRequired":true,"valueName":"search_term_string"}}],"inLanguage":"pt-BR"},{"@type":"Organization","@id":"https:\/\/redeicm.org.br\/imaculadaconceicao\/#organization","name":"Col\u00e9gio Imaculada Concei\u00e7\u00e3o | Rede ICM de educa\u00e7\u00e3o","url":"https:\/\/redeicm.org.br\/imaculadaconceicao\/","logo":{"@type":"ImageObject","inLanguage":"pt-BR","@id":"https:\/\/redeicm.org.br\/imaculadaconceicao\/#\/schema\/logo\/image\/","url":"https:\/\/redeicm.org.br\/imaculadaconceicao\/wp-content\/uploads\/sites\/12\/2024\/08\/ICM_Educacao_Imaculada_Conceicao_Preferencial_Cores-1024x263-1.png","contentUrl":"https:\/\/redeicm.org.br\/imaculadaconceicao\/wp-content\/uploads\/sites\/12\/2024\/08\/ICM_Educacao_Imaculada_Conceicao_Preferencial_Cores-1024x263-1.png","width":1024,"height":263,"caption":"Col\u00e9gio Imaculada Concei\u00e7\u00e3o | Rede ICM de educa\u00e7\u00e3o"},"image":{"@id":"https:\/\/redeicm.org.br\/imaculadaconceicao\/#\/schema\/logo\/image\/"}}]}},"_links":{"self":[{"href":"https:\/\/redeicm.org.br\/imaculadaconceicao\/wp-json\/wp\/v2\/pages\/361","targetHints":{"allow":["GET"]}}],"collection":[{"href":"https:\/\/redeicm.org.br\/imaculadaconceicao\/wp-json\/wp\/v2\/pages"}],"about":[{"href":"https:\/\/redeicm.org.br\/imaculadaconceicao\/wp-json\/wp\/v2\/types\/page"}],"author":[{"embeddable":true,"href":"https:\/\/redeicm.org.br\/imaculadaconceicao\/wp-json\/wp\/v2\/users\/1"}],"replies":[{"embeddable":true,"href":"https:\/\/redeicm.org.br\/imaculadaconceicao\/wp-json\/wp\/v2\/comments?post=361"}],"version-history":[{"count":23,"href":"https:\/\/redeicm.org.br\/imaculadaconceicao\/wp-json\/wp\/v2\/pages\/361\/revisions"}],"predecessor-version":[{"id":4018,"href":"https:\/\/redeicm.org.br\/imaculadaconceicao\/wp-json\/wp\/v2\/pages\/361\/revisions\/4018"}],"wp:featuredmedia":[{"embeddable":true,"href":"https:\/\/redeicm.org.br\/imaculadaconceicao\/wp-json\/wp\/v2\/media\/3833"}],"wp:attachment":[{"href":"https:\/\/redeicm.org.br\/imaculadaconceicao\/wp-json\/wp\/v2\/media?parent=361"}],"curies":[{"name":"wp","href":"https:\/\/api.w.org\/{rel}","templated":true}]}}