{"id":1003,"date":"2024-10-08T21:05:34","date_gmt":"2024-10-09T00:05:34","guid":{"rendered":"https:\/\/redeicm.org.br\/gloria\/?page_id=1003"},"modified":"2024-10-08T21:07:57","modified_gmt":"2024-10-09T00:07:57","slug":"extraclasse","status":"publish","type":"page","link":"https:\/\/redeicm.org.br\/gloria\/extraclasse\/","title":{"rendered":"Extraclasse"},"content":{"rendered":"\t\t<div data-elementor-type=\"wp-page\" data-elementor-id=\"1003\" class=\"elementor elementor-1003\" data-elementor-post-type=\"page\">\n\t\t\t\t<div class=\"elementor-element elementor-element-12fb1a9e e-flex e-con-boxed e-con e-parent\" data-id=\"12fb1a9e\" data-element_type=\"container\" data-e-type=\"container\" data-settings=\"{&quot;background_background&quot;:&quot;classic&quot;}\">\n\t\t\t\t\t<div class=\"e-con-inner\">\n\t\t\t\t<div class=\"elementor-element elementor-element-2eda4c7f elementor-widget elementor-widget-heading\" data-id=\"2eda4c7f\" data-element_type=\"widget\" data-e-type=\"widget\" data-widget_type=\"heading.default\">\n\t\t\t\t<div class=\"elementor-widget-container\">\n\t\t\t\t\t<h1 class=\"elementor-heading-title elementor-size-default\">Extraclasse<\/h1>\t\t\t\t<\/div>\n\t\t\t\t<\/div>\n\t\t\t\t\t<\/div>\n\t\t\t\t<\/div>\n\t\t<div class=\"elementor-element elementor-element-6c4712d e-flex e-con-boxed e-con e-parent\" data-id=\"6c4712d\" data-element_type=\"container\" data-e-type=\"container\">\n\t\t\t\t\t<div class=\"e-con-inner\">\n\t\t\t\t<div class=\"elementor-element elementor-element-c5079cb elementor-widget elementor-widget-heading\" data-id=\"c5079cb\" data-element_type=\"widget\" data-e-type=\"widget\" data-widget_type=\"heading.default\">\n\t\t\t\t<div class=\"elementor-widget-container\">\n\t\t\t\t\t<h2 class=\"elementor-heading-title elementor-size-default\">Atividades Extraclasse<\/h2>\t\t\t\t<\/div>\n\t\t\t\t<\/div>\n\t\t\t\t<div class=\"elementor-element elementor-element-0938c42 e-n-tabs-mobile elementor-widget elementor-widget-n-tabs\" data-id=\"0938c42\" data-element_type=\"widget\" data-e-type=\"widget\" data-widget_type=\"nested-tabs.default\">\n\t\t\t\t<div class=\"elementor-widget-container\">\n\t\t\t\t\t\t\t<div class=\"e-n-tabs\" data-widget-number=\"9669698\" aria-label=\"Abas. Abra itens com &quot;Enter&quot; ou &quot;Espa\u00e7o&quot;, feche com &quot;Escape&quot; e navegue usando as teclas de &quot;Seta&quot;.\">\n\t\t\t<div class=\"e-n-tabs-heading\" role=\"tablist\">\n\t\t\t\t\t<button id=\"e-n-tab-title-96696981\" data-tab-title-id=\"e-n-tab-title-96696981\" class=\"e-n-tab-title\" aria-selected=\"true\" data-tab-index=\"1\" role=\"tab\" tabindex=\"0\" aria-controls=\"e-n-tab-content-96696981\" style=\"--n-tabs-title-order: 1;\">\n\t\t\t\t\t\t<span class=\"e-n-tab-title-text\">\n\t\t\t\tBrinquedol\u00e2ndia\t\t\t<\/span>\n\t\t<\/button>\n\t\t\t\t<button id=\"e-n-tab-title-96696982\" data-tab-title-id=\"e-n-tab-title-96696982\" class=\"e-n-tab-title\" aria-selected=\"false\" data-tab-index=\"2\" role=\"tab\" tabindex=\"-1\" aria-controls=\"e-n-tab-content-96696982\" style=\"--n-tabs-title-order: 2;\">\n\t\t\t\t\t\t<span class=\"e-n-tab-title-text\">\n\t\t\t\tCurso de Ingl\u00eas\t\t\t<\/span>\n\t\t<\/button>\n\t\t\t\t<button id=\"e-n-tab-title-96696983\" data-tab-title-id=\"e-n-tab-title-96696983\" class=\"e-n-tab-title\" aria-selected=\"false\" data-tab-index=\"3\" role=\"tab\" tabindex=\"-1\" aria-controls=\"e-n-tab-content-96696983\" style=\"--n-tabs-title-order: 3;\">\n\t\t\t\t\t\t<span class=\"e-n-tab-title-text\">\n\t\t\t\tAtividades Esportivas\t\t\t<\/span>\n\t\t<\/button>\n\t\t\t\t\t<\/div>\n\t\t\t<div class=\"e-n-tabs-content\">\n\t\t\t\t<div id=\"e-n-tab-content-96696981\" role=\"tabpanel\" aria-labelledby=\"e-n-tab-title-96696981\" data-tab-index=\"1\" style=\"--n-tabs-title-order: 1;\" class=\"e-active elementor-element elementor-element-ec49af2 e-con-full e-flex e-con e-child\" data-id=\"ec49af2\" data-element_type=\"container\" data-e-type=\"container\">\n\t\t<div class=\"elementor-element elementor-element-41b8eb1 e-flex e-con-boxed e-con e-child\" data-id=\"41b8eb1\" data-element_type=\"container\" data-e-type=\"container\">\n\t\t\t\t\t<div class=\"e-con-inner\">\n\t\t\t\t<div class=\"elementor-element elementor-element-7eff77f elementor-widget elementor-widget-text-editor\" data-id=\"7eff77f\" data-element_type=\"widget\" data-e-type=\"widget\" data-widget_type=\"text-editor.default\">\n\t\t\t\t<div class=\"elementor-widget-container\">\n\t\t\t\t\t\t\t\t\t<p><strong>Projeto Cuidar, Brincar e Aprender.<\/strong><\/p><p>Objetivo: proporcionar cuidados, brincadeiras e aprendizagens orientadas de forma integrada que possam contribuir para o desenvolvimento das capacidades infantis, formando crian\u00e7as felizes e saud\u00e1veis.<\/p><p>\u00a0<\/p><p><strong>HOR\u00c1RIOS: 2\u00aas a 6\u00aas-feiras \u2013 das 17h25min \u00e0s 19horas<\/strong><\/p>\t\t\t\t\t\t\t\t<\/div>\n\t\t\t\t<\/div>\n\t\t\t\t\t<\/div>\n\t\t\t\t<\/div>\n\t\t\t\t<\/div>\n\t\t<div id=\"e-n-tab-content-96696982\" role=\"tabpanel\" aria-labelledby=\"e-n-tab-title-96696982\" data-tab-index=\"2\" style=\"--n-tabs-title-order: 2;\" class=\" elementor-element elementor-element-0f9e83d e-con-full e-flex e-con e-child\" data-id=\"0f9e83d\" data-element_type=\"container\" data-e-type=\"container\">\n\t\t<div class=\"elementor-element elementor-element-8f9f07d e-flex e-con-boxed e-con e-child\" data-id=\"8f9f07d\" data-element_type=\"container\" data-e-type=\"container\">\n\t\t\t\t\t<div class=\"e-con-inner\">\n\t\t\t\t<div class=\"elementor-element elementor-element-e58492a elementor-widget elementor-widget-text-editor\" data-id=\"e58492a\" data-element_type=\"widget\" data-e-type=\"widget\" data-widget_type=\"text-editor.default\">\n\t\t\t\t<div class=\"elementor-widget-container\">\n\t\t\t\t\t\t\t\t\t<p><strong>Wizard<\/strong><strong>\u00a0\u00a0<\/strong><\/p><p>Jualison Batista \u2013 Gerente Comercial da Wizard<\/p><p>Telefone: 3086-7200 | WhatsApp: 98269-0629<\/p>\t\t\t\t\t\t\t\t<\/div>\n\t\t\t\t<\/div>\n\t\t\t\t\t<\/div>\n\t\t\t\t<\/div>\n\t\t\t\t<\/div>\n\t\t<div id=\"e-n-tab-content-96696983\" role=\"tabpanel\" aria-labelledby=\"e-n-tab-title-96696983\" data-tab-index=\"3\" style=\"--n-tabs-title-order: 3;\" class=\" elementor-element elementor-element-5d1c597 e-con-full e-flex e-con e-child\" data-id=\"5d1c597\" data-element_type=\"container\" data-e-type=\"container\">\n\t\t<div class=\"elementor-element elementor-element-6e98e4e e-flex e-con-boxed e-con e-child\" data-id=\"6e98e4e\" data-element_type=\"container\" data-e-type=\"container\">\n\t\t\t\t\t<div class=\"e-con-inner\">\n\t\t\t\t<div class=\"elementor-element elementor-element-7abb384 elementor-widget elementor-widget-text-editor\" data-id=\"7abb384\" data-element_type=\"widget\" data-e-type=\"widget\" data-widget_type=\"text-editor.default\">\n\t\t\t\t<div class=\"elementor-widget-container\">\n\t\t\t\t\t\t\t\t\t<p>Objetivo: Visam desenvolver valores, socializa\u00e7\u00e3o, habilidade e aspecto motor.<\/p><p><strong>\u2013 Futsal Escolinha<\/strong><br \/>Prof. Nilton Luiz Cardoso Ribeiro \u2013 Fones: 3336-8890 e 99802-1747<br \/><strong>HOR\u00c1RIOS: 3\u00aas, 4\u00aas 5\u00aas e 6\u00aas feiras das 17h40min \u00e0s 18h40min.<\/strong><\/p><p><strong>\u2013 Futsal Treino<\/strong><br \/>Prof. Nilton Luiz Cardoso Ribeiro \u2013 Fones: 3336-8890 e 99802-1747<br \/><strong>HOR\u00c1RIOS: 3\u00aas e 5\u00aas feiras das 13h30min \u00e0s 14h40min, 4\u00aas feiras das 13h30min \u00e0s 17h15min e 6\u00aas feiras das 13h30min \u00e0s 15h40min.<\/strong><\/p><div dir=\"auto\"><strong>\u2013 Basquete<\/strong><\/div><div dir=\"auto\">Prof. Elomar Marques da Costa<\/div><div dir=\"auto\">\u00a0<\/div><div dir=\"auto\">Fones: 99262-8262 \u2013\u00a0 99141-2669<\/div><div dir=\"auto\">\u00a0<\/div><div dir=\"auto\"><strong>Segundas e Quartas:\u00a04\u00ba, 5\u00ba e 6\u00b0 anos EF<\/strong><\/div><div dir=\"auto\">\u00a0<\/div><div dir=\"auto\"><strong>Segundas e Quartas: de 7\u00ba EF ao EM<\/strong><\/div><div dir=\"auto\">\u00a0<\/div><div dir=\"auto\"><strong>Ter\u00e7as e Quintas: 1\u00ba, 2\u00b0 e 3\u00ba anos EF<\/strong><\/div><p>\u00a0<\/p><p><strong>\u2013 Patina\u00e7\u00e3o Art\u00edstica \u2013 Let\u00b4s Patina\u00e7\u00e3o<\/strong><br \/>Objetivo: A Patina\u00e7\u00e3o \u00e9 um exerc\u00edcio f\u00edsico que desenvolve a parte motora bem como a coordena\u00e7\u00e3o dos movimentos. Este esporte faz um trabalho paralelo entre o corpo e a mente.<br \/>Prof\u00aa Natalia Carriconde \u2013 Fone: 99292-1873<br \/><strong>HOR\u00c1RIOS: 2\u00aas e 4\u00aas feiras das 17h40min \u00e0s 18h40min.<\/strong><\/p><p><strong>\u2013 Jud\u00f4<\/strong><br \/>Objetivo: concentra\u00e7\u00e3o, disciplina, sa\u00fade, respeito, organiza\u00e7\u00e3o, psicomotricidade e coleguismo.<br \/>Prof. Aderney Novaes Ramos Jr \u2013 Fone: 99916-1626 \u2013 E-mail: judojunior@hotmail.com<br \/><strong>HOR\u00c1RIOS: Ed. Infantil ao 1\u00ba ano do EF \u2013 5\u00aas feiras das 17h40min \u00e0s 18h30min | 1\u00ba ao 3\u00ba ano \u2013 3\u00aas feiras das 17h40min \u00e0s 18h40min | 3\u00ba ano em diante \u2013 6\u00aas feiras das 17h40min \u00e0s 18h40min no sagu\u00e3o.<\/strong><br \/>LOCAL: Sala do Ballet.<\/p><p><strong>\u2013 Ballet<\/strong><br \/>Objetivo: Desenvolver a parte psicomotora e afetiva da crian\u00e7a. Corrigir a postura e a coordena\u00e7\u00e3o motora.<br \/>Prof\u00aa Rejane da R. Rodrigues \u2013 Fones: 3024-3032, 3219-9258 e 99804-2398.<br \/><strong>HOR\u00c1RIOS: 2\u00aas e 4\u00aas das 17h45min \u00e0s 18h45min \u2013 a partir de 7 anos e\u00a0<\/strong><strong>6\u00aas feiras das 17h45min \u00e0s 18h30min \u2013 Baby-Class (dos 4 aos 6 anos).<\/strong><br \/>LOCAL: Sala do Ballet.<\/p>\t\t\t\t\t\t\t\t<\/div>\n\t\t\t\t<\/div>\n\t\t\t\t\t<\/div>\n\t\t\t\t<\/div>\n\t\t\t\t<\/div>\n\t\t\t\t\t<\/div>\n\t\t<\/div>\n\t\t\t\t\t\t<\/div>\n\t\t\t\t<\/div>\n\t\t\t\t\t<\/div>\n\t\t\t\t<\/div>\n\t\t\t\t<\/div>\n\t\t","protected":false},"excerpt":{"rendered":"<p>Atividades Extraclasse Brinquedol\u00e2ndia Curso de Ingl\u00eas Atividades Esportivas Projeto Cuidar, Brincar e Aprender. Objetivo: proporcionar cuidados, brincadeiras e aprendizagens orientadas de forma integrada que possam contribuir para o desenvolvimento das capacidades infantis, formando crian\u00e7as felizes e saud\u00e1veis. \u00a0 HOR\u00c1RIOS: 2\u00aas a 6\u00aas-feiras \u2013 das 17h25min \u00e0s 19horas Wizard\u00a0\u00a0 Jualison Batista \u2013 Gerente Comercial da Wizard [&hellip;]<\/p>\n","protected":false},"author":1,"featured_media":172,"parent":0,"menu_order":0,"comment_status":"closed","ping_status":"closed","template":"","meta":{"_acf_changed":false,"footnotes":""},"class_list":["post-1003","page","type-page","status-publish","has-post-thumbnail","hentry"],"acf":[],"yoast_head":"<!-- This site is optimized with the Yoast SEO plugin v26.3 - https:\/\/yoast.com\/wordpress\/plugins\/seo\/ -->\n<title>Extraclasse - Col\u00e9gio Nossa Senhora da Gl\u00f3ria | Rede ICM de Educa\u00e7\u00e3o<\/title>\n<meta name=\"robots\" content=\"index, follow, max-snippet:-1, max-image-preview:large, max-video-preview:-1\" \/>\n<link rel=\"canonical\" href=\"https:\/\/redeicm.org.br\/gloria\/extraclasse\/\" \/>\n<meta property=\"og:locale\" content=\"pt_BR\" \/>\n<meta property=\"og:type\" content=\"article\" \/>\n<meta property=\"og:title\" content=\"Extraclasse - Col\u00e9gio Nossa Senhora da Gl\u00f3ria | Rede ICM de Educa\u00e7\u00e3o\" \/>\n<meta property=\"og:description\" content=\"Atividades Extraclasse Brinquedol\u00e2ndia Curso de Ingl\u00eas Atividades Esportivas Projeto Cuidar, Brincar e Aprender. Objetivo: proporcionar cuidados, brincadeiras e aprendizagens orientadas de forma integrada que possam contribuir para o desenvolvimento das capacidades infantis, formando crian\u00e7as felizes e saud\u00e1veis. \u00a0 HOR\u00c1RIOS: 2\u00aas a 6\u00aas-feiras \u2013 das 17h25min \u00e0s 19horas Wizard\u00a0\u00a0 Jualison Batista \u2013 Gerente Comercial da Wizard [&hellip;]\" \/>\n<meta property=\"og:url\" content=\"https:\/\/redeicm.org.br\/gloria\/extraclasse\/\" \/>\n<meta property=\"og:site_name\" content=\"Col\u00e9gio Nossa Senhora da Gl\u00f3ria | Rede ICM de Educa\u00e7\u00e3o\" \/>\n<meta property=\"article:modified_time\" content=\"2024-10-09T00:07:57+00:00\" \/>\n<meta property=\"og:image\" content=\"https:\/\/redeicm.org.br\/gloria\/wp-content\/uploads\/sites\/11\/2024\/08\/banner-projetos-educativos-1.jpg\" \/>\n\t<meta property=\"og:image:width\" content=\"1440\" \/>\n\t<meta property=\"og:image:height\" content=\"400\" \/>\n\t<meta property=\"og:image:type\" content=\"image\/jpeg\" \/>\n<meta name=\"twitter:card\" content=\"summary_large_image\" \/>\n<meta name=\"twitter:label1\" content=\"Est. tempo de leitura\" \/>\n\t<meta name=\"twitter:data1\" content=\"3 minutos\" \/>\n<script type=\"application\/ld+json\" class=\"yoast-schema-graph\">{\"@context\":\"https:\/\/schema.org\",\"@graph\":[{\"@type\":\"WebPage\",\"@id\":\"https:\/\/redeicm.org.br\/gloria\/extraclasse\/\",\"url\":\"https:\/\/redeicm.org.br\/gloria\/extraclasse\/\",\"name\":\"Extraclasse - Col\u00e9gio Nossa Senhora da Gl\u00f3ria | Rede ICM de Educa\u00e7\u00e3o\",\"isPartOf\":{\"@id\":\"https:\/\/redeicm.org.br\/gloria\/#website\"},\"primaryImageOfPage\":{\"@id\":\"https:\/\/redeicm.org.br\/gloria\/extraclasse\/#primaryimage\"},\"image\":{\"@id\":\"https:\/\/redeicm.org.br\/gloria\/extraclasse\/#primaryimage\"},\"thumbnailUrl\":\"https:\/\/redeicm.org.br\/gloria\/wp-content\/uploads\/sites\/11\/2024\/08\/banner-projetos-educativos-1.jpg\",\"datePublished\":\"2024-10-09T00:05:34+00:00\",\"dateModified\":\"2024-10-09T00:07:57+00:00\",\"breadcrumb\":{\"@id\":\"https:\/\/redeicm.org.br\/gloria\/extraclasse\/#breadcrumb\"},\"inLanguage\":\"pt-BR\",\"potentialAction\":[{\"@type\":\"ReadAction\",\"target\":[\"https:\/\/redeicm.org.br\/gloria\/extraclasse\/\"]}]},{\"@type\":\"ImageObject\",\"inLanguage\":\"pt-BR\",\"@id\":\"https:\/\/redeicm.org.br\/gloria\/extraclasse\/#primaryimage\",\"url\":\"https:\/\/redeicm.org.br\/gloria\/wp-content\/uploads\/sites\/11\/2024\/08\/banner-projetos-educativos-1.jpg\",\"contentUrl\":\"https:\/\/redeicm.org.br\/gloria\/wp-content\/uploads\/sites\/11\/2024\/08\/banner-projetos-educativos-1.jpg\",\"width\":1440,\"height\":400},{\"@type\":\"BreadcrumbList\",\"@id\":\"https:\/\/redeicm.org.br\/gloria\/extraclasse\/#breadcrumb\",\"itemListElement\":[{\"@type\":\"ListItem\",\"position\":1,\"name\":\"In\u00edcio\",\"item\":\"https:\/\/redeicm.org.br\/gloria\/\"},{\"@type\":\"ListItem\",\"position\":2,\"name\":\"Extraclasse\"}]},{\"@type\":\"WebSite\",\"@id\":\"https:\/\/redeicm.org.br\/gloria\/#website\",\"url\":\"https:\/\/redeicm.org.br\/gloria\/\",\"name\":\"Col\u00e9gio Nossa Senhora da Gl\u00f3ria | Rede ICM de Educa\u00e7\u00e3o\",\"description\":\"\",\"publisher\":{\"@id\":\"https:\/\/redeicm.org.br\/gloria\/#organization\"},\"potentialAction\":[{\"@type\":\"SearchAction\",\"target\":{\"@type\":\"EntryPoint\",\"urlTemplate\":\"https:\/\/redeicm.org.br\/gloria\/?s={search_term_string}\"},\"query-input\":{\"@type\":\"PropertyValueSpecification\",\"valueRequired\":true,\"valueName\":\"search_term_string\"}}],\"inLanguage\":\"pt-BR\"},{\"@type\":\"Organization\",\"@id\":\"https:\/\/redeicm.org.br\/gloria\/#organization\",\"name\":\"Col\u00e9gio Nossa Senhora da Gl\u00f3ria | Rede ICM de Educa\u00e7\u00e3o\",\"url\":\"https:\/\/redeicm.org.br\/gloria\/\",\"logo\":{\"@type\":\"ImageObject\",\"inLanguage\":\"pt-BR\",\"@id\":\"https:\/\/redeicm.org.br\/gloria\/#\/schema\/logo\/image\/\",\"url\":\"https:\/\/redeicm.org.br\/gloria\/wp-content\/uploads\/sites\/11\/2024\/08\/icm_educacao_gloria_preferencial_cores-1024x512-1.webp\",\"contentUrl\":\"https:\/\/redeicm.org.br\/gloria\/wp-content\/uploads\/sites\/11\/2024\/08\/icm_educacao_gloria_preferencial_cores-1024x512-1.webp\",\"width\":1024,\"height\":512,\"caption\":\"Col\u00e9gio Nossa Senhora da Gl\u00f3ria | Rede ICM de Educa\u00e7\u00e3o\"},\"image\":{\"@id\":\"https:\/\/redeicm.org.br\/gloria\/#\/schema\/logo\/image\/\"}}]}<\/script>\n<!-- \/ Yoast SEO plugin. -->","yoast_head_json":{"title":"Extraclasse - Col\u00e9gio Nossa Senhora da Gl\u00f3ria | Rede ICM de Educa\u00e7\u00e3o","robots":{"index":"index","follow":"follow","max-snippet":"max-snippet:-1","max-image-preview":"max-image-preview:large","max-video-preview":"max-video-preview:-1"},"canonical":"https:\/\/redeicm.org.br\/gloria\/extraclasse\/","og_locale":"pt_BR","og_type":"article","og_title":"Extraclasse - Col\u00e9gio Nossa Senhora da Gl\u00f3ria | Rede ICM de Educa\u00e7\u00e3o","og_description":"Atividades Extraclasse Brinquedol\u00e2ndia Curso de Ingl\u00eas Atividades Esportivas Projeto Cuidar, Brincar e Aprender. Objetivo: proporcionar cuidados, brincadeiras e aprendizagens orientadas de forma integrada que possam contribuir para o desenvolvimento das capacidades infantis, formando crian\u00e7as felizes e saud\u00e1veis. \u00a0 HOR\u00c1RIOS: 2\u00aas a 6\u00aas-feiras \u2013 das 17h25min \u00e0s 19horas Wizard\u00a0\u00a0 Jualison Batista \u2013 Gerente Comercial da Wizard [&hellip;]","og_url":"https:\/\/redeicm.org.br\/gloria\/extraclasse\/","og_site_name":"Col\u00e9gio Nossa Senhora da Gl\u00f3ria | Rede ICM de Educa\u00e7\u00e3o","article_modified_time":"2024-10-09T00:07:57+00:00","og_image":[{"width":1440,"height":400,"url":"https:\/\/redeicm.org.br\/gloria\/wp-content\/uploads\/sites\/11\/2024\/08\/banner-projetos-educativos-1.jpg","type":"image\/jpeg"}],"twitter_card":"summary_large_image","twitter_misc":{"Est. tempo de leitura":"3 minutos"},"schema":{"@context":"https:\/\/schema.org","@graph":[{"@type":"WebPage","@id":"https:\/\/redeicm.org.br\/gloria\/extraclasse\/","url":"https:\/\/redeicm.org.br\/gloria\/extraclasse\/","name":"Extraclasse - Col\u00e9gio Nossa Senhora da Gl\u00f3ria | Rede ICM de Educa\u00e7\u00e3o","isPartOf":{"@id":"https:\/\/redeicm.org.br\/gloria\/#website"},"primaryImageOfPage":{"@id":"https:\/\/redeicm.org.br\/gloria\/extraclasse\/#primaryimage"},"image":{"@id":"https:\/\/redeicm.org.br\/gloria\/extraclasse\/#primaryimage"},"thumbnailUrl":"https:\/\/redeicm.org.br\/gloria\/wp-content\/uploads\/sites\/11\/2024\/08\/banner-projetos-educativos-1.jpg","datePublished":"2024-10-09T00:05:34+00:00","dateModified":"2024-10-09T00:07:57+00:00","breadcrumb":{"@id":"https:\/\/redeicm.org.br\/gloria\/extraclasse\/#breadcrumb"},"inLanguage":"pt-BR","potentialAction":[{"@type":"ReadAction","target":["https:\/\/redeicm.org.br\/gloria\/extraclasse\/"]}]},{"@type":"ImageObject","inLanguage":"pt-BR","@id":"https:\/\/redeicm.org.br\/gloria\/extraclasse\/#primaryimage","url":"https:\/\/redeicm.org.br\/gloria\/wp-content\/uploads\/sites\/11\/2024\/08\/banner-projetos-educativos-1.jpg","contentUrl":"https:\/\/redeicm.org.br\/gloria\/wp-content\/uploads\/sites\/11\/2024\/08\/banner-projetos-educativos-1.jpg","width":1440,"height":400},{"@type":"BreadcrumbList","@id":"https:\/\/redeicm.org.br\/gloria\/extraclasse\/#breadcrumb","itemListElement":[{"@type":"ListItem","position":1,"name":"In\u00edcio","item":"https:\/\/redeicm.org.br\/gloria\/"},{"@type":"ListItem","position":2,"name":"Extraclasse"}]},{"@type":"WebSite","@id":"https:\/\/redeicm.org.br\/gloria\/#website","url":"https:\/\/redeicm.org.br\/gloria\/","name":"Col\u00e9gio Nossa Senhora da Gl\u00f3ria | Rede ICM de Educa\u00e7\u00e3o","description":"","publisher":{"@id":"https:\/\/redeicm.org.br\/gloria\/#organization"},"potentialAction":[{"@type":"SearchAction","target":{"@type":"EntryPoint","urlTemplate":"https:\/\/redeicm.org.br\/gloria\/?s={search_term_string}"},"query-input":{"@type":"PropertyValueSpecification","valueRequired":true,"valueName":"search_term_string"}}],"inLanguage":"pt-BR"},{"@type":"Organization","@id":"https:\/\/redeicm.org.br\/gloria\/#organization","name":"Col\u00e9gio Nossa Senhora da Gl\u00f3ria | Rede ICM de Educa\u00e7\u00e3o","url":"https:\/\/redeicm.org.br\/gloria\/","logo":{"@type":"ImageObject","inLanguage":"pt-BR","@id":"https:\/\/redeicm.org.br\/gloria\/#\/schema\/logo\/image\/","url":"https:\/\/redeicm.org.br\/gloria\/wp-content\/uploads\/sites\/11\/2024\/08\/icm_educacao_gloria_preferencial_cores-1024x512-1.webp","contentUrl":"https:\/\/redeicm.org.br\/gloria\/wp-content\/uploads\/sites\/11\/2024\/08\/icm_educacao_gloria_preferencial_cores-1024x512-1.webp","width":1024,"height":512,"caption":"Col\u00e9gio Nossa Senhora da Gl\u00f3ria | Rede ICM de Educa\u00e7\u00e3o"},"image":{"@id":"https:\/\/redeicm.org.br\/gloria\/#\/schema\/logo\/image\/"}}]}},"_links":{"self":[{"href":"https:\/\/redeicm.org.br\/gloria\/wp-json\/wp\/v2\/pages\/1003","targetHints":{"allow":["GET"]}}],"collection":[{"href":"https:\/\/redeicm.org.br\/gloria\/wp-json\/wp\/v2\/pages"}],"about":[{"href":"https:\/\/redeicm.org.br\/gloria\/wp-json\/wp\/v2\/types\/page"}],"author":[{"embeddable":true,"href":"https:\/\/redeicm.org.br\/gloria\/wp-json\/wp\/v2\/users\/1"}],"replies":[{"embeddable":true,"href":"https:\/\/redeicm.org.br\/gloria\/wp-json\/wp\/v2\/comments?post=1003"}],"version-history":[{"count":0,"href":"https:\/\/redeicm.org.br\/gloria\/wp-json\/wp\/v2\/pages\/1003\/revisions"}],"wp:featuredmedia":[{"embeddable":true,"href":"https:\/\/redeicm.org.br\/gloria\/wp-json\/wp\/v2\/media\/172"}],"wp:attachment":[{"href":"https:\/\/redeicm.org.br\/gloria\/wp-json\/wp\/v2\/media?parent=1003"}],"curies":[{"name":"wp","href":"https:\/\/api.w.org\/{rel}","templated":true}]}}