{"id":314,"date":"2024-09-20T15:29:50","date_gmt":"2024-09-20T18:29:50","guid":{"rendered":"https:\/\/redeicm.org.br\/coracaodemaria\/?page_id=314"},"modified":"2025-05-28T14:00:27","modified_gmt":"2025-05-28T17:00:27","slug":"sistema-de-avaliacao","status":"publish","type":"page","link":"https:\/\/redeicm.org.br\/coracaodemaria\/sistema-de-avaliacao\/","title":{"rendered":"Sistema de Avalia\u00e7\u00e3o"},"content":{"rendered":"\t\t<div data-elementor-type=\"wp-page\" data-elementor-id=\"314\" class=\"elementor elementor-314\" data-elementor-post-type=\"page\">\n\t\t\t\t<div class=\"elementor-element elementor-element-5c566f3 e-flex e-con-boxed e-con e-parent\" data-id=\"5c566f3\" data-element_type=\"container\" data-e-type=\"container\" data-settings=\"{&quot;background_background&quot;:&quot;classic&quot;}\">\n\t\t\t\t\t<div class=\"e-con-inner\">\n\t\t\t\t<div class=\"elementor-element elementor-element-6ca89c6 elementor-widget elementor-widget-heading\" data-id=\"6ca89c6\" data-element_type=\"widget\" data-e-type=\"widget\" data-widget_type=\"heading.default\">\n\t\t\t\t<div class=\"elementor-widget-container\">\n\t\t\t\t\t<h1 class=\"elementor-heading-title elementor-size-default\">Sistema de Avalia\u00e7\u00e3o<\/h1>\t\t\t\t<\/div>\n\t\t\t\t<\/div>\n\t\t\t\t\t<\/div>\n\t\t\t\t<\/div>\n\t\t<div class=\"elementor-element elementor-element-9c58efe e-con-full e-flex e-con e-parent\" data-id=\"9c58efe\" data-element_type=\"container\" data-e-type=\"container\">\n\t\t<div class=\"elementor-element elementor-element-95cb681 e-flex e-con-boxed e-con e-child\" data-id=\"95cb681\" data-element_type=\"container\" data-e-type=\"container\">\n\t\t\t\t\t<div class=\"e-con-inner\">\n\t\t\t\t<div class=\"elementor-element elementor-element-de2165a elementor-invisible elementor-widget elementor-widget-text-editor\" data-id=\"de2165a\" data-element_type=\"widget\" data-e-type=\"widget\" data-settings=\"{&quot;_animation&quot;:&quot;fadeInUp&quot;}\" data-widget_type=\"text-editor.default\">\n\t\t\t\t<div class=\"elementor-widget-container\">\n\t\t\t\t\t\t\t\t\t<p><span style=\"font-weight: 400\">A avalia\u00e7\u00e3o \u00e9&nbsp;<\/span><b>parte integrante do processo de ensino e de aprendizagem<\/b><span style=\"font-weight: 400\">&nbsp;e \u00e9 realizada durante o processo de constru\u00e7\u00e3o e de reconstru\u00e7\u00e3o do conhecimento. A avalia\u00e7\u00e3o oferece diferentes percep\u00e7\u00f5es: ao&nbsp;<\/span><b>aluno<\/b><span style=\"font-weight: 400\">, permite perceber como o seu aprendizado acontece; ao&nbsp;<\/span><b>professor<\/b><span style=\"font-weight: 400\">, atesta a efetividade de suas estrat\u00e9gias pedag\u00f3gicas e sinaliza mudan\u00e7as e interven\u00e7\u00f5es necess\u00e1rias para auxiliar o aluno no seu percurso de aprendizagem.&nbsp;<\/span><\/p>\n<p><span style=\"font-weight: 400\">Os processos avaliativos acompanham o&nbsp;<\/span><b>desenvolvimento das compet\u00eancias, das habilidades e dos valores<\/b><span style=\"font-weight: 400\">, de acordo com as expectativas de aprendizagem definidas pelo professor em seu planejamento de ensino. Esses processos compreendem as seguintes dimens\u00f5es da avalia\u00e7\u00e3o:<\/span><\/p>\n<ol>\n<li><b>Diagn\u00f3stica, mediadora, inclusiva e reguladora<\/b><span style=\"font-weight: 400\">\u2013 \u00c9 a avalia\u00e7\u00e3o do que j\u00e1 foi aprendido, visando ao reconhecimento dos caminhos percorridos e \u00e0 identifica\u00e7\u00e3o daqueles a serem redimensionados no processo de constru\u00e7\u00e3o de conhecimentos e de saberes e na dinamiza\u00e7\u00e3o de n\u00edveis mais complexos de conhecimento.<\/span><\/li>\n<li><b>Cont\u00ednua e processual, formativa e integradora<\/b><span style=\"font-weight: 400\">\u2013 Busca privilegiar as potencialidades, as habilidades, as compet\u00eancias e o crescimento para a autonomia e a cidadania, efetivados por meio de atividades formais e informais, realizadas em sala ou extraclasse para orientar o professor e o aluno sobre estrat\u00e9gias a serem adotadas para melhorar o desempenho acad\u00eamico e facilitar o processo de aprendizagem de cada aluno. S\u00e3o utilizados instrumentos avaliativos de registro das mais diversas formas e possibilidades do aluno.<\/span><\/li>\n<li><b>Atitudinal<\/b>&nbsp;\u2013 Avalia-se a capacidade de resili\u00eancia, persist\u00eancia, aplica\u00e7\u00e3o ao trabalho, foco, determina\u00e7\u00e3o, participa\u00e7\u00e3o colaborativa em sala de aula, esclarecimento de d\u00favidas, regularidade na entrega de tarefas e de trabalhos, h\u00e1bitos de estudo entre outras habilidades que agregam \u00e0 pr\u00e1tica pedag\u00f3gica a dialogicidade como meio para o desenvolvimento do processo de aprendizagem e para a busca da constru\u00e7\u00e3o de um sujeito interativo, \u00e9tico, cr\u00edtico e solid\u00e1rio.<\/li>\n<\/ol>\t\t\t\t\t\t\t\t<\/div>\n\t\t\t\t<\/div>\n\t\t\t\t<div class=\"elementor-element elementor-element-da218e0 elementor-widget elementor-widget-image\" data-id=\"da218e0\" data-element_type=\"widget\" data-e-type=\"widget\" data-widget_type=\"image.default\">\n\t\t\t\t<div class=\"elementor-widget-container\">\n\t\t\t\t\t\t\t\t\t\t\t\t\t\t\t<img fetchpriority=\"high\" decoding=\"async\" width=\"800\" height=\"800\" src=\"https:\/\/redeicm.org.br\/coracaodemaria\/wp-content\/uploads\/sites\/7\/2025\/04\/avaliacao_ccm2-2.png\" class=\"attachment-large size-large wp-image-895\" alt=\"\" srcset=\"https:\/\/redeicm.org.br\/coracaodemaria\/wp-content\/uploads\/sites\/7\/2025\/04\/avaliacao_ccm2-2.png 1024w, https:\/\/redeicm.org.br\/coracaodemaria\/wp-content\/uploads\/sites\/7\/2025\/04\/avaliacao_ccm2-2-300x300.png 300w, https:\/\/redeicm.org.br\/coracaodemaria\/wp-content\/uploads\/sites\/7\/2025\/04\/avaliacao_ccm2-2-150x150.png 150w, https:\/\/redeicm.org.br\/coracaodemaria\/wp-content\/uploads\/sites\/7\/2025\/04\/avaliacao_ccm2-2-768x768.png 768w\" sizes=\"(max-width: 800px) 100vw, 800px\" \/>\t\t\t\t\t\t\t\t\t\t\t\t\t\t\t<\/div>\n\t\t\t\t<\/div>\n\t\t\t\t<div class=\"elementor-element elementor-element-b2d2633 elementor-invisible elementor-widget elementor-widget-text-editor\" data-id=\"b2d2633\" data-element_type=\"widget\" data-e-type=\"widget\" data-settings=\"{&quot;_animation&quot;:&quot;fadeInUp&quot;}\" data-widget_type=\"text-editor.default\">\n\t\t\t\t<div class=\"elementor-widget-container\">\n\t\t\t\t\t\t\t\t\t<p>\u00a0<\/p><p>\u00a0<\/p><p><span style=\"font-weight: 400\">A<\/span><b>\u00a0EXPRESS\u00c3O DOS RESULTADOS<\/b><span style=\"font-weight: 400\"> \u00a0d\u00e1-se da seguinte forma:<\/span><\/p><p><b>Educa\u00e7\u00e3o Infantil<\/b><span style=\"font-weight: 400\"> \u2013 Parecer Descritivo, semestralmente.<\/span><\/p><p><b>Ensino Fundamental &#8211;\u00a0<\/b><\/p><ul><li style=\"font-weight: 400\"><span style=\"font-weight: 400\">1\u00ba ao 3\u00ba ano \u2013 Parecer Descritivo, trimestral.<\/span><\/li><\/ul><p><span style=\"font-weight: 400\">\u00a0<\/span><\/p><ul><li style=\"font-weight: 400\"><span style=\"font-weight: 400\">4\u00ba e 5\u00ba ano \u2013 Em forma de nota num\u00e9rica de zero a 10\u00a0 trimestral, por \u00c1rea de Conhecimento.<\/span><\/li><\/ul><p><span style=\"font-weight: 400\">\u00a0<\/span><\/p><ul><li style=\"font-weight: 400\"><span style=\"font-weight: 400\">6\u00ba ao 9\u00ba ano \u2013\u00a0 Trimestral, em forma de nota , num\u00e9rica de zero a 10, por Componente Curricular. Primeiro e segundo trimestre peso 1 e terceiro trimestre peso 2.<\/span><\/li><\/ul><p><b>\u00a0<\/b><\/p><p><b>Ensino M\u00e9dio<\/b><span style=\"font-weight: 400\">\u00a0\u2013 Semestral, em forma de nota de zero a 10, por componente curricular.<\/span><\/p><p><b>PARA APROVA\u00c7\u00c3O<\/b><span style=\"font-weight: 400\">:\u00a0 O estudante deve obter nota entre 7 e 10.<\/span><\/p><p><span style=\"font-weight: 400\">Notas abaixo de 7 o estudante realizar\u00e1 Estudos de Recupera\u00e7\u00e3o ao final do ano letivo, visando a nota m\u00ednima de 5 para aprova\u00e7\u00e3o.<\/span><\/p>\t\t\t\t\t\t\t\t<\/div>\n\t\t\t\t<\/div>\n\t\t\t\t\t<\/div>\n\t\t\t\t<\/div>\n\t\t\t\t<div class=\"elementor-element elementor-element-ae3f943 elementor-widget elementor-widget-image\" data-id=\"ae3f943\" data-element_type=\"widget\" data-e-type=\"widget\" data-widget_type=\"image.default\">\n\t\t\t\t<div class=\"elementor-widget-container\">\n\t\t\t\t\t\t\t\t\t\t\t\t\t\t\t<img decoding=\"async\" width=\"800\" height=\"800\" src=\"https:\/\/redeicm.org.br\/coracaodemaria\/wp-content\/uploads\/sites\/7\/2025\/04\/avaliacao_ccm2-1.png\" class=\"attachment-large size-large wp-image-894\" alt=\"\" srcset=\"https:\/\/redeicm.org.br\/coracaodemaria\/wp-content\/uploads\/sites\/7\/2025\/04\/avaliacao_ccm2-1.png 1024w, https:\/\/redeicm.org.br\/coracaodemaria\/wp-content\/uploads\/sites\/7\/2025\/04\/avaliacao_ccm2-1-300x300.png 300w, https:\/\/redeicm.org.br\/coracaodemaria\/wp-content\/uploads\/sites\/7\/2025\/04\/avaliacao_ccm2-1-150x150.png 150w, https:\/\/redeicm.org.br\/coracaodemaria\/wp-content\/uploads\/sites\/7\/2025\/04\/avaliacao_ccm2-1-768x768.png 768w\" sizes=\"(max-width: 800px) 100vw, 800px\" \/>\t\t\t\t\t\t\t\t\t\t\t\t\t\t\t<\/div>\n\t\t\t\t<\/div>\n\t\t\t\t<\/div>\n\t\t\t\t<\/div>\n\t\t","protected":false},"excerpt":{"rendered":"<p>A avalia\u00e7\u00e3o \u00e9&nbsp;parte integrante do processo de ensino e de aprendizagem&nbsp;e \u00e9 realizada durante o processo de constru\u00e7\u00e3o e de reconstru\u00e7\u00e3o do conhecimento. A avalia\u00e7\u00e3o oferece diferentes percep\u00e7\u00f5es: ao&nbsp;aluno, permite perceber como o seu aprendizado acontece; ao&nbsp;professor, atesta a efetividade de suas estrat\u00e9gias pedag\u00f3gicas e sinaliza mudan\u00e7as e interven\u00e7\u00f5es necess\u00e1rias para auxiliar o aluno no [&hellip;]<\/p>\n","protected":false},"author":1,"featured_media":0,"parent":0,"menu_order":0,"comment_status":"closed","ping_status":"closed","template":"","meta":{"_acf_changed":false,"footnotes":""},"class_list":["post-314","page","type-page","status-publish","hentry"],"acf":[],"yoast_head":"<!-- This site is optimized with the Yoast SEO plugin v26.3 - https:\/\/yoast.com\/wordpress\/plugins\/seo\/ -->\n<title>Sistema de Avalia\u00e7\u00e3o - Col\u00e9gio Cora\u00e7\u00e3o de Maria | Rede ICM<\/title>\n<meta name=\"robots\" content=\"index, follow, max-snippet:-1, max-image-preview:large, max-video-preview:-1\" \/>\n<link rel=\"canonical\" href=\"https:\/\/redeicm.org.br\/coracaodemaria\/sistema-de-avaliacao\/\" \/>\n<meta property=\"og:locale\" content=\"pt_BR\" \/>\n<meta property=\"og:type\" content=\"article\" \/>\n<meta property=\"og:title\" content=\"Sistema de Avalia\u00e7\u00e3o - Col\u00e9gio Cora\u00e7\u00e3o de Maria | Rede ICM\" \/>\n<meta property=\"og:description\" content=\"A avalia\u00e7\u00e3o \u00e9&nbsp;parte integrante do processo de ensino e de aprendizagem&nbsp;e \u00e9 realizada durante o processo de constru\u00e7\u00e3o e de reconstru\u00e7\u00e3o do conhecimento. A avalia\u00e7\u00e3o oferece diferentes percep\u00e7\u00f5es: ao&nbsp;aluno, permite perceber como o seu aprendizado acontece; ao&nbsp;professor, atesta a efetividade de suas estrat\u00e9gias pedag\u00f3gicas e sinaliza mudan\u00e7as e interven\u00e7\u00f5es necess\u00e1rias para auxiliar o aluno no [&hellip;]\" \/>\n<meta property=\"og:url\" content=\"https:\/\/redeicm.org.br\/coracaodemaria\/sistema-de-avaliacao\/\" \/>\n<meta property=\"og:site_name\" content=\"Col\u00e9gio Cora\u00e7\u00e3o de Maria | Rede ICM\" \/>\n<meta property=\"article:modified_time\" content=\"2025-05-28T17:00:27+00:00\" \/>\n<meta property=\"og:image\" content=\"https:\/\/redeicm.org.br\/coracaodemaria\/wp-content\/uploads\/sites\/7\/2025\/04\/avaliacao_ccm2-2.png\" \/>\n\t<meta property=\"og:image:width\" content=\"800\" \/>\n\t<meta property=\"og:image:height\" content=\"800\" \/>\n\t<meta property=\"og:image:type\" content=\"image\/png\" \/>\n<meta name=\"twitter:card\" content=\"summary_large_image\" \/>\n<meta name=\"twitter:label1\" content=\"Est. tempo de leitura\" \/>\n\t<meta name=\"twitter:data1\" content=\"3 minutos\" \/>\n<script type=\"application\/ld+json\" class=\"yoast-schema-graph\">{\"@context\":\"https:\/\/schema.org\",\"@graph\":[{\"@type\":\"WebPage\",\"@id\":\"https:\/\/redeicm.org.br\/coracaodemaria\/sistema-de-avaliacao\/\",\"url\":\"https:\/\/redeicm.org.br\/coracaodemaria\/sistema-de-avaliacao\/\",\"name\":\"Sistema de Avalia\u00e7\u00e3o - Col\u00e9gio Cora\u00e7\u00e3o de Maria | Rede ICM\",\"isPartOf\":{\"@id\":\"https:\/\/redeicm.org.br\/coracaodemaria\/#website\"},\"primaryImageOfPage\":{\"@id\":\"https:\/\/redeicm.org.br\/coracaodemaria\/sistema-de-avaliacao\/#primaryimage\"},\"image\":{\"@id\":\"https:\/\/redeicm.org.br\/coracaodemaria\/sistema-de-avaliacao\/#primaryimage\"},\"thumbnailUrl\":\"https:\/\/redeicm.org.br\/coracaodemaria\/wp-content\/uploads\/sites\/7\/2025\/04\/avaliacao_ccm2-2.png\",\"datePublished\":\"2024-09-20T18:29:50+00:00\",\"dateModified\":\"2025-05-28T17:00:27+00:00\",\"breadcrumb\":{\"@id\":\"https:\/\/redeicm.org.br\/coracaodemaria\/sistema-de-avaliacao\/#breadcrumb\"},\"inLanguage\":\"pt-BR\",\"potentialAction\":[{\"@type\":\"ReadAction\",\"target\":[\"https:\/\/redeicm.org.br\/coracaodemaria\/sistema-de-avaliacao\/\"]}]},{\"@type\":\"ImageObject\",\"inLanguage\":\"pt-BR\",\"@id\":\"https:\/\/redeicm.org.br\/coracaodemaria\/sistema-de-avaliacao\/#primaryimage\",\"url\":\"https:\/\/redeicm.org.br\/coracaodemaria\/wp-content\/uploads\/sites\/7\/2025\/04\/avaliacao_ccm2-2.png\",\"contentUrl\":\"https:\/\/redeicm.org.br\/coracaodemaria\/wp-content\/uploads\/sites\/7\/2025\/04\/avaliacao_ccm2-2.png\",\"width\":1024,\"height\":1024},{\"@type\":\"BreadcrumbList\",\"@id\":\"https:\/\/redeicm.org.br\/coracaodemaria\/sistema-de-avaliacao\/#breadcrumb\",\"itemListElement\":[{\"@type\":\"ListItem\",\"position\":1,\"name\":\"In\u00edcio\",\"item\":\"https:\/\/redeicm.org.br\/coracaodemaria\/\"},{\"@type\":\"ListItem\",\"position\":2,\"name\":\"Sistema de Avalia\u00e7\u00e3o\"}]},{\"@type\":\"WebSite\",\"@id\":\"https:\/\/redeicm.org.br\/coracaodemaria\/#website\",\"url\":\"https:\/\/redeicm.org.br\/coracaodemaria\/\",\"name\":\"Col\u00e9gio Cora\u00e7\u00e3o de Maria | Rede ICM\",\"description\":\"\",\"publisher\":{\"@id\":\"https:\/\/redeicm.org.br\/coracaodemaria\/#organization\"},\"potentialAction\":[{\"@type\":\"SearchAction\",\"target\":{\"@type\":\"EntryPoint\",\"urlTemplate\":\"https:\/\/redeicm.org.br\/coracaodemaria\/?s={search_term_string}\"},\"query-input\":{\"@type\":\"PropertyValueSpecification\",\"valueRequired\":true,\"valueName\":\"search_term_string\"}}],\"inLanguage\":\"pt-BR\"},{\"@type\":\"Organization\",\"@id\":\"https:\/\/redeicm.org.br\/coracaodemaria\/#organization\",\"name\":\"Col\u00e9gio Cora\u00e7\u00e3o de Maria | Rede ICM\",\"url\":\"https:\/\/redeicm.org.br\/coracaodemaria\/\",\"logo\":{\"@type\":\"ImageObject\",\"inLanguage\":\"pt-BR\",\"@id\":\"https:\/\/redeicm.org.br\/coracaodemaria\/#\/schema\/logo\/image\/\",\"url\":\"https:\/\/redeicm.org.br\/coracaodemaria\/wp-content\/uploads\/sites\/7\/2024\/08\/icm-educacao-coracao-de-maria-rs.webp\",\"contentUrl\":\"https:\/\/redeicm.org.br\/coracaodemaria\/wp-content\/uploads\/sites\/7\/2024\/08\/icm-educacao-coracao-de-maria-rs.webp\",\"width\":1024,\"height\":297,\"caption\":\"Col\u00e9gio Cora\u00e7\u00e3o de Maria | Rede ICM\"},\"image\":{\"@id\":\"https:\/\/redeicm.org.br\/coracaodemaria\/#\/schema\/logo\/image\/\"}}]}<\/script>\n<!-- \/ Yoast SEO plugin. -->","yoast_head_json":{"title":"Sistema de Avalia\u00e7\u00e3o - Col\u00e9gio Cora\u00e7\u00e3o de Maria | Rede ICM","robots":{"index":"index","follow":"follow","max-snippet":"max-snippet:-1","max-image-preview":"max-image-preview:large","max-video-preview":"max-video-preview:-1"},"canonical":"https:\/\/redeicm.org.br\/coracaodemaria\/sistema-de-avaliacao\/","og_locale":"pt_BR","og_type":"article","og_title":"Sistema de Avalia\u00e7\u00e3o - Col\u00e9gio Cora\u00e7\u00e3o de Maria | Rede ICM","og_description":"A avalia\u00e7\u00e3o \u00e9&nbsp;parte integrante do processo de ensino e de aprendizagem&nbsp;e \u00e9 realizada durante o processo de constru\u00e7\u00e3o e de reconstru\u00e7\u00e3o do conhecimento. A avalia\u00e7\u00e3o oferece diferentes percep\u00e7\u00f5es: ao&nbsp;aluno, permite perceber como o seu aprendizado acontece; ao&nbsp;professor, atesta a efetividade de suas estrat\u00e9gias pedag\u00f3gicas e sinaliza mudan\u00e7as e interven\u00e7\u00f5es necess\u00e1rias para auxiliar o aluno no [&hellip;]","og_url":"https:\/\/redeicm.org.br\/coracaodemaria\/sistema-de-avaliacao\/","og_site_name":"Col\u00e9gio Cora\u00e7\u00e3o de Maria | Rede ICM","article_modified_time":"2025-05-28T17:00:27+00:00","og_image":[{"url":"https:\/\/redeicm.org.br\/coracaodemaria\/wp-content\/uploads\/sites\/7\/2025\/04\/avaliacao_ccm2-2.png","width":800,"height":800,"type":"image\/png"}],"twitter_card":"summary_large_image","twitter_misc":{"Est. tempo de leitura":"3 minutos"},"schema":{"@context":"https:\/\/schema.org","@graph":[{"@type":"WebPage","@id":"https:\/\/redeicm.org.br\/coracaodemaria\/sistema-de-avaliacao\/","url":"https:\/\/redeicm.org.br\/coracaodemaria\/sistema-de-avaliacao\/","name":"Sistema de Avalia\u00e7\u00e3o - Col\u00e9gio Cora\u00e7\u00e3o de Maria | Rede ICM","isPartOf":{"@id":"https:\/\/redeicm.org.br\/coracaodemaria\/#website"},"primaryImageOfPage":{"@id":"https:\/\/redeicm.org.br\/coracaodemaria\/sistema-de-avaliacao\/#primaryimage"},"image":{"@id":"https:\/\/redeicm.org.br\/coracaodemaria\/sistema-de-avaliacao\/#primaryimage"},"thumbnailUrl":"https:\/\/redeicm.org.br\/coracaodemaria\/wp-content\/uploads\/sites\/7\/2025\/04\/avaliacao_ccm2-2.png","datePublished":"2024-09-20T18:29:50+00:00","dateModified":"2025-05-28T17:00:27+00:00","breadcrumb":{"@id":"https:\/\/redeicm.org.br\/coracaodemaria\/sistema-de-avaliacao\/#breadcrumb"},"inLanguage":"pt-BR","potentialAction":[{"@type":"ReadAction","target":["https:\/\/redeicm.org.br\/coracaodemaria\/sistema-de-avaliacao\/"]}]},{"@type":"ImageObject","inLanguage":"pt-BR","@id":"https:\/\/redeicm.org.br\/coracaodemaria\/sistema-de-avaliacao\/#primaryimage","url":"https:\/\/redeicm.org.br\/coracaodemaria\/wp-content\/uploads\/sites\/7\/2025\/04\/avaliacao_ccm2-2.png","contentUrl":"https:\/\/redeicm.org.br\/coracaodemaria\/wp-content\/uploads\/sites\/7\/2025\/04\/avaliacao_ccm2-2.png","width":1024,"height":1024},{"@type":"BreadcrumbList","@id":"https:\/\/redeicm.org.br\/coracaodemaria\/sistema-de-avaliacao\/#breadcrumb","itemListElement":[{"@type":"ListItem","position":1,"name":"In\u00edcio","item":"https:\/\/redeicm.org.br\/coracaodemaria\/"},{"@type":"ListItem","position":2,"name":"Sistema de Avalia\u00e7\u00e3o"}]},{"@type":"WebSite","@id":"https:\/\/redeicm.org.br\/coracaodemaria\/#website","url":"https:\/\/redeicm.org.br\/coracaodemaria\/","name":"Col\u00e9gio Cora\u00e7\u00e3o de Maria | Rede ICM","description":"","publisher":{"@id":"https:\/\/redeicm.org.br\/coracaodemaria\/#organization"},"potentialAction":[{"@type":"SearchAction","target":{"@type":"EntryPoint","urlTemplate":"https:\/\/redeicm.org.br\/coracaodemaria\/?s={search_term_string}"},"query-input":{"@type":"PropertyValueSpecification","valueRequired":true,"valueName":"search_term_string"}}],"inLanguage":"pt-BR"},{"@type":"Organization","@id":"https:\/\/redeicm.org.br\/coracaodemaria\/#organization","name":"Col\u00e9gio Cora\u00e7\u00e3o de Maria | Rede ICM","url":"https:\/\/redeicm.org.br\/coracaodemaria\/","logo":{"@type":"ImageObject","inLanguage":"pt-BR","@id":"https:\/\/redeicm.org.br\/coracaodemaria\/#\/schema\/logo\/image\/","url":"https:\/\/redeicm.org.br\/coracaodemaria\/wp-content\/uploads\/sites\/7\/2024\/08\/icm-educacao-coracao-de-maria-rs.webp","contentUrl":"https:\/\/redeicm.org.br\/coracaodemaria\/wp-content\/uploads\/sites\/7\/2024\/08\/icm-educacao-coracao-de-maria-rs.webp","width":1024,"height":297,"caption":"Col\u00e9gio Cora\u00e7\u00e3o de Maria | Rede ICM"},"image":{"@id":"https:\/\/redeicm.org.br\/coracaodemaria\/#\/schema\/logo\/image\/"}}]}},"_links":{"self":[{"href":"https:\/\/redeicm.org.br\/coracaodemaria\/wp-json\/wp\/v2\/pages\/314","targetHints":{"allow":["GET"]}}],"collection":[{"href":"https:\/\/redeicm.org.br\/coracaodemaria\/wp-json\/wp\/v2\/pages"}],"about":[{"href":"https:\/\/redeicm.org.br\/coracaodemaria\/wp-json\/wp\/v2\/types\/page"}],"author":[{"embeddable":true,"href":"https:\/\/redeicm.org.br\/coracaodemaria\/wp-json\/wp\/v2\/users\/1"}],"replies":[{"embeddable":true,"href":"https:\/\/redeicm.org.br\/coracaodemaria\/wp-json\/wp\/v2\/comments?post=314"}],"version-history":[{"count":6,"href":"https:\/\/redeicm.org.br\/coracaodemaria\/wp-json\/wp\/v2\/pages\/314\/revisions"}],"predecessor-version":[{"id":1400,"href":"https:\/\/redeicm.org.br\/coracaodemaria\/wp-json\/wp\/v2\/pages\/314\/revisions\/1400"}],"wp:attachment":[{"href":"https:\/\/redeicm.org.br\/coracaodemaria\/wp-json\/wp\/v2\/media?parent=314"}],"curies":[{"name":"wp","href":"https:\/\/api.w.org\/{rel}","templated":true}]}}