{"id":114,"date":"2024-08-14T15:43:25","date_gmt":"2024-08-14T18:43:25","guid":{"rendered":"https:\/\/redeicm.org.br\/coracaodemaria\/ensino-fundamental-anos-iniciais\/"},"modified":"2025-04-11T14:49:00","modified_gmt":"2025-04-11T17:49:00","slug":"ensino-fundamental-anos-iniciais","status":"publish","type":"page","link":"https:\/\/redeicm.org.br\/coracaodemaria\/ensino-fundamental-anos-iniciais\/","title":{"rendered":"Ensino Fundamental \u2013 Anos Iniciais"},"content":{"rendered":"\t\t<div data-elementor-type=\"wp-page\" data-elementor-id=\"114\" class=\"elementor elementor-114\" data-elementor-post-type=\"page\">\n\t\t\t\t<div class=\"elementor-element elementor-element-b7867ec e-flex e-con-boxed e-con e-parent\" data-id=\"b7867ec\" data-element_type=\"container\" data-e-type=\"container\" data-settings=\"{&quot;background_background&quot;:&quot;classic&quot;}\">\n\t\t\t\t\t<div class=\"e-con-inner\">\n\t\t\t\t\t<\/div>\n\t\t\t\t<\/div>\n\t\t<div class=\"elementor-element elementor-element-4dd6e2b2 e-flex e-con-boxed e-con e-parent\" data-id=\"4dd6e2b2\" data-element_type=\"container\" data-e-type=\"container\">\n\t\t\t\t\t<div class=\"e-con-inner\">\n\t\t\t\t<div class=\"elementor-element elementor-element-31416ef elementor-widget elementor-widget-heading\" data-id=\"31416ef\" data-element_type=\"widget\" data-e-type=\"widget\" data-widget_type=\"heading.default\">\n\t\t\t\t<div class=\"elementor-widget-container\">\n\t\t\t\t\t<h1 class=\"elementor-heading-title elementor-size-default\">Ensino Fundamental \u2013 Anos Iniciais<\/h1>\t\t\t\t<\/div>\n\t\t\t\t<\/div>\n\t\t\t\t\t<\/div>\n\t\t\t\t<\/div>\n\t\t<div class=\"elementor-element elementor-element-438da3b8 e-con-full e-flex e-con e-parent\" data-id=\"438da3b8\" data-element_type=\"container\" data-e-type=\"container\">\n\t\t<div class=\"elementor-element elementor-element-2f2db1da e-flex e-con-boxed e-con e-child\" data-id=\"2f2db1da\" data-element_type=\"container\" data-e-type=\"container\">\n\t\t\t\t\t<div class=\"e-con-inner\">\n\t\t\t\t<div class=\"elementor-element elementor-element-1f15dc65 elementor-invisible elementor-widget elementor-widget-text-editor\" data-id=\"1f15dc65\" data-element_type=\"widget\" data-e-type=\"widget\" data-settings=\"{&quot;_animation&quot;:&quot;fadeInUp&quot;}\" data-widget_type=\"text-editor.default\">\n\t\t\t\t<div class=\"elementor-widget-container\">\n\t\t\t\t\t\t\t\t\t<p><span style=\"font-weight: 400\">Os\u00a0<em><strong>Anos Iniciais do Ensino Fundamental, no Col\u00e9gio Cora\u00e7\u00e3o de Maria \u2013 Rede ICM de Educa\u00e7\u00e3o<\/strong><\/em>, desenvolvem um processo formativo integral, ampliando a socializa\u00e7\u00e3o e o conhecimento atrav\u00e9s de:<\/span><\/p><p><b>COOPERA\u00c7\u00c3O E CONSCI\u00caNCIA COLETIVA<\/b><\/p><p><span style=\"font-weight: 400\">Oportuniza o desenvolvimento das compet\u00eancias<\/span><span style=\"font-weight: 400\"> socioemocionais que permitem o trabalho em equipe, de forma solid\u00e1ria e interativa, respeitando as diferen\u00e7as e <\/span><span style=\"font-weight: 400\">exercitando<\/span><span style=\"font-weight: 400\"> a capacidade de estabelecer e manter rela\u00e7\u00f5es baseadas no di\u00e1logo, na \u00e9tica e na coopera\u00e7\u00e3o, <\/span><span style=\"font-weight: 400\">com vistas ao protagonismo de vida de cada estudante.<\/span><\/p><p><b>INICIA\u00c7\u00c3O CIENT\u00cdFICA E APRENDIZAGEM INVESTIGATIVA<\/b><\/p><p><span style=\"font-weight: 400\">Proporciona aos estudantes a integra\u00e7\u00e3o<\/span><span style=\"font-weight: 400\">, de forma qualificada, ci\u00eancia e tecnologia com vistas ao desenvolvimento das compet\u00eancias <\/span><span style=\"font-weight: 400\">que lhes permitem agu\u00e7ar seu olhar investigativo, sua capacidade de estabelecer rela\u00e7\u00f5es e aprender a aprender ao longo da vida.<\/span><\/p><p><b>ESPA\u00c7OS L\u00daDICOS E INOVADORES<\/b><\/p><p><span style=\"font-weight: 400\">Oferece espa\u00e7os de aprendizagem <\/span><span style=\"font-weight: 400\">alegres, interativos, organizados que <\/span><span style=\"font-weight: 400\">estimulam <\/span><span style=\"font-weight: 400\">\u00a0a criatividade, agregando a import\u00e2ncia do pensar e argumentar com a ludicidade, a intera\u00e7\u00e3o, a autonomia e a viv\u00eancia <\/span><span style=\"font-weight: 400\">de valores.<\/span><\/p><p><b>COMPET\u00caNCIA COMUNICATIVA<\/b><\/p><p><span style=\"font-weight: 400\">Potencializa a capacidade <\/span><span style=\"font-weight: 400\">comunicativa<\/span><span style=\"font-weight: 400\">, possibilitando ao<\/span><span style=\"font-weight: 400\"> estudante<\/span><span style=\"font-weight: 400\">\u00a0 o desenvolvimento da autoria e da criticidade, atrav\u00e9s da<\/span><span style=\"font-weight: 400\"> compreens\u00e3o leitora<\/span><span style=\"font-weight: 400\">, <\/span><span style=\"font-weight: 400\">da infer\u00eancia<\/span><span style=\"font-weight: 400\"> e da intera\u00e7\u00e3o <\/span><span style=\"font-weight: 400\">com a diversidade<\/span><span style=\"font-weight: 400\"> cultural e com as diferentes linguagens.<\/span><\/p><p><b>CONSCI\u00caNCIA ECOL\u00d3GICA<\/b><\/p><p><span style=\"font-weight: 400\">Estimula a pr\u00e1tica de uma vida saud\u00e1vel e sustent\u00e1vel, visando ao cuidado consigo, com o outro e com o ambiente, de modo a contribuir com o equil\u00edbrio ecol\u00f3gico<\/span> <span style=\"font-weight: 400\">\u00a0e com a melhoria da qualidade de vida no Planeta.<\/span><\/p><p><b>EDUCA\u00c7\u00c3O FINANCEIRA<\/b><\/p><p><span style=\"font-weight: 400\">Desenvolve o senso de organiza\u00e7\u00e3o e <\/span><span style=\"font-weight: 400\">\u00a0de sustentabilidade para <\/span><span style=\"font-weight: 400\">a compreens\u00e3o <\/span><span style=\"font-weight: 400\">financeira <\/span><span style=\"font-weight: 400\">\u00a0de que as coisas t\u00eam pre\u00e7o e t\u00eam valor. Incentiva a administra\u00e7\u00e3o de recursos e o consumo consciente numa vis\u00e3o coletiva e humanit\u00e1ria.<\/span><\/p>\t\t\t\t\t\t\t\t<\/div>\n\t\t\t\t<\/div>\n\t\t\t\t\t<\/div>\n\t\t\t\t<\/div>\n\t\t\t\t<\/div>\n\t\t\t\t<\/div>\n\t\t","protected":false},"excerpt":{"rendered":"<p>Os\u00a0Anos Iniciais do Ensino Fundamental, no Col\u00e9gio Cora\u00e7\u00e3o de Maria \u2013 Rede ICM de Educa\u00e7\u00e3o, desenvolvem um processo formativo integral, ampliando a socializa\u00e7\u00e3o e o conhecimento atrav\u00e9s de: COOPERA\u00c7\u00c3O E CONSCI\u00caNCIA COLETIVA Oportuniza o desenvolvimento das compet\u00eancias socioemocionais que permitem o trabalho em equipe, de forma solid\u00e1ria e interativa, respeitando as diferen\u00e7as e exercitando a [&hellip;]<\/p>\n","protected":false},"author":1,"featured_media":117,"parent":0,"menu_order":0,"comment_status":"closed","ping_status":"closed","template":"","meta":{"_acf_changed":false,"footnotes":""},"class_list":["post-114","page","type-page","status-publish","has-post-thumbnail","hentry"],"acf":[],"yoast_head":"<!-- This site is optimized with the Yoast SEO plugin v26.3 - https:\/\/yoast.com\/wordpress\/plugins\/seo\/ -->\n<title>Ensino Fundamental \u2013 Anos Iniciais - Col\u00e9gio Cora\u00e7\u00e3o de Maria | Rede ICM<\/title>\n<meta name=\"robots\" content=\"index, follow, max-snippet:-1, max-image-preview:large, max-video-preview:-1\" \/>\n<link rel=\"canonical\" href=\"https:\/\/redeicm.org.br\/coracaodemaria\/ensino-fundamental-anos-iniciais\/\" \/>\n<meta property=\"og:locale\" content=\"pt_BR\" \/>\n<meta property=\"og:type\" content=\"article\" \/>\n<meta property=\"og:title\" content=\"Ensino Fundamental \u2013 Anos Iniciais - Col\u00e9gio Cora\u00e7\u00e3o de Maria | Rede ICM\" \/>\n<meta property=\"og:description\" content=\"Os\u00a0Anos Iniciais do Ensino Fundamental, no Col\u00e9gio Cora\u00e7\u00e3o de Maria \u2013 Rede ICM de Educa\u00e7\u00e3o, desenvolvem um processo formativo integral, ampliando a socializa\u00e7\u00e3o e o conhecimento atrav\u00e9s de: COOPERA\u00c7\u00c3O E CONSCI\u00caNCIA COLETIVA Oportuniza o desenvolvimento das compet\u00eancias socioemocionais que permitem o trabalho em equipe, de forma solid\u00e1ria e interativa, respeitando as diferen\u00e7as e exercitando a [&hellip;]\" \/>\n<meta property=\"og:url\" content=\"https:\/\/redeicm.org.br\/coracaodemaria\/ensino-fundamental-anos-iniciais\/\" \/>\n<meta property=\"og:site_name\" content=\"Col\u00e9gio Cora\u00e7\u00e3o de Maria | Rede ICM\" \/>\n<meta property=\"article:modified_time\" content=\"2025-04-11T17:49:00+00:00\" \/>\n<meta property=\"og:image\" content=\"https:\/\/redeicm.org.br\/coracaodemaria\/wp-content\/uploads\/sites\/7\/2024\/08\/banner-ensino-fundamental-iniciais.jpg\" \/>\n\t<meta property=\"og:image:width\" content=\"1440\" \/>\n\t<meta property=\"og:image:height\" content=\"400\" \/>\n\t<meta property=\"og:image:type\" content=\"image\/jpeg\" \/>\n<meta name=\"twitter:card\" content=\"summary_large_image\" \/>\n<meta name=\"twitter:label1\" content=\"Est. tempo de leitura\" \/>\n\t<meta name=\"twitter:data1\" content=\"2 minutos\" \/>\n<script type=\"application\/ld+json\" class=\"yoast-schema-graph\">{\"@context\":\"https:\/\/schema.org\",\"@graph\":[{\"@type\":\"WebPage\",\"@id\":\"https:\/\/redeicm.org.br\/coracaodemaria\/ensino-fundamental-anos-iniciais\/\",\"url\":\"https:\/\/redeicm.org.br\/coracaodemaria\/ensino-fundamental-anos-iniciais\/\",\"name\":\"Ensino Fundamental \u2013 Anos Iniciais - Col\u00e9gio Cora\u00e7\u00e3o de Maria | Rede ICM\",\"isPartOf\":{\"@id\":\"https:\/\/redeicm.org.br\/coracaodemaria\/#website\"},\"primaryImageOfPage\":{\"@id\":\"https:\/\/redeicm.org.br\/coracaodemaria\/ensino-fundamental-anos-iniciais\/#primaryimage\"},\"image\":{\"@id\":\"https:\/\/redeicm.org.br\/coracaodemaria\/ensino-fundamental-anos-iniciais\/#primaryimage\"},\"thumbnailUrl\":\"https:\/\/redeicm.org.br\/coracaodemaria\/wp-content\/uploads\/sites\/7\/2024\/08\/banner-ensino-fundamental-iniciais.jpg\",\"datePublished\":\"2024-08-14T18:43:25+00:00\",\"dateModified\":\"2025-04-11T17:49:00+00:00\",\"breadcrumb\":{\"@id\":\"https:\/\/redeicm.org.br\/coracaodemaria\/ensino-fundamental-anos-iniciais\/#breadcrumb\"},\"inLanguage\":\"pt-BR\",\"potentialAction\":[{\"@type\":\"ReadAction\",\"target\":[\"https:\/\/redeicm.org.br\/coracaodemaria\/ensino-fundamental-anos-iniciais\/\"]}]},{\"@type\":\"ImageObject\",\"inLanguage\":\"pt-BR\",\"@id\":\"https:\/\/redeicm.org.br\/coracaodemaria\/ensino-fundamental-anos-iniciais\/#primaryimage\",\"url\":\"https:\/\/redeicm.org.br\/coracaodemaria\/wp-content\/uploads\/sites\/7\/2024\/08\/banner-ensino-fundamental-iniciais.jpg\",\"contentUrl\":\"https:\/\/redeicm.org.br\/coracaodemaria\/wp-content\/uploads\/sites\/7\/2024\/08\/banner-ensino-fundamental-iniciais.jpg\",\"width\":1440,\"height\":400},{\"@type\":\"BreadcrumbList\",\"@id\":\"https:\/\/redeicm.org.br\/coracaodemaria\/ensino-fundamental-anos-iniciais\/#breadcrumb\",\"itemListElement\":[{\"@type\":\"ListItem\",\"position\":1,\"name\":\"In\u00edcio\",\"item\":\"https:\/\/redeicm.org.br\/coracaodemaria\/\"},{\"@type\":\"ListItem\",\"position\":2,\"name\":\"Ensino Fundamental \u2013 Anos Iniciais\"}]},{\"@type\":\"WebSite\",\"@id\":\"https:\/\/redeicm.org.br\/coracaodemaria\/#website\",\"url\":\"https:\/\/redeicm.org.br\/coracaodemaria\/\",\"name\":\"Col\u00e9gio Cora\u00e7\u00e3o de Maria | Rede ICM\",\"description\":\"\",\"publisher\":{\"@id\":\"https:\/\/redeicm.org.br\/coracaodemaria\/#organization\"},\"potentialAction\":[{\"@type\":\"SearchAction\",\"target\":{\"@type\":\"EntryPoint\",\"urlTemplate\":\"https:\/\/redeicm.org.br\/coracaodemaria\/?s={search_term_string}\"},\"query-input\":{\"@type\":\"PropertyValueSpecification\",\"valueRequired\":true,\"valueName\":\"search_term_string\"}}],\"inLanguage\":\"pt-BR\"},{\"@type\":\"Organization\",\"@id\":\"https:\/\/redeicm.org.br\/coracaodemaria\/#organization\",\"name\":\"Col\u00e9gio Cora\u00e7\u00e3o de Maria | Rede ICM\",\"url\":\"https:\/\/redeicm.org.br\/coracaodemaria\/\",\"logo\":{\"@type\":\"ImageObject\",\"inLanguage\":\"pt-BR\",\"@id\":\"https:\/\/redeicm.org.br\/coracaodemaria\/#\/schema\/logo\/image\/\",\"url\":\"https:\/\/redeicm.org.br\/coracaodemaria\/wp-content\/uploads\/sites\/7\/2024\/08\/icm-educacao-coracao-de-maria-rs.webp\",\"contentUrl\":\"https:\/\/redeicm.org.br\/coracaodemaria\/wp-content\/uploads\/sites\/7\/2024\/08\/icm-educacao-coracao-de-maria-rs.webp\",\"width\":1024,\"height\":297,\"caption\":\"Col\u00e9gio Cora\u00e7\u00e3o de Maria | Rede ICM\"},\"image\":{\"@id\":\"https:\/\/redeicm.org.br\/coracaodemaria\/#\/schema\/logo\/image\/\"}}]}<\/script>\n<!-- \/ Yoast SEO plugin. -->","yoast_head_json":{"title":"Ensino Fundamental \u2013 Anos Iniciais - Col\u00e9gio Cora\u00e7\u00e3o de Maria | Rede ICM","robots":{"index":"index","follow":"follow","max-snippet":"max-snippet:-1","max-image-preview":"max-image-preview:large","max-video-preview":"max-video-preview:-1"},"canonical":"https:\/\/redeicm.org.br\/coracaodemaria\/ensino-fundamental-anos-iniciais\/","og_locale":"pt_BR","og_type":"article","og_title":"Ensino Fundamental \u2013 Anos Iniciais - Col\u00e9gio Cora\u00e7\u00e3o de Maria | Rede ICM","og_description":"Os\u00a0Anos Iniciais do Ensino Fundamental, no Col\u00e9gio Cora\u00e7\u00e3o de Maria \u2013 Rede ICM de Educa\u00e7\u00e3o, desenvolvem um processo formativo integral, ampliando a socializa\u00e7\u00e3o e o conhecimento atrav\u00e9s de: COOPERA\u00c7\u00c3O E CONSCI\u00caNCIA COLETIVA Oportuniza o desenvolvimento das compet\u00eancias socioemocionais que permitem o trabalho em equipe, de forma solid\u00e1ria e interativa, respeitando as diferen\u00e7as e exercitando a [&hellip;]","og_url":"https:\/\/redeicm.org.br\/coracaodemaria\/ensino-fundamental-anos-iniciais\/","og_site_name":"Col\u00e9gio Cora\u00e7\u00e3o de Maria | Rede ICM","article_modified_time":"2025-04-11T17:49:00+00:00","og_image":[{"width":1440,"height":400,"url":"https:\/\/redeicm.org.br\/coracaodemaria\/wp-content\/uploads\/sites\/7\/2024\/08\/banner-ensino-fundamental-iniciais.jpg","type":"image\/jpeg"}],"twitter_card":"summary_large_image","twitter_misc":{"Est. tempo de leitura":"2 minutos"},"schema":{"@context":"https:\/\/schema.org","@graph":[{"@type":"WebPage","@id":"https:\/\/redeicm.org.br\/coracaodemaria\/ensino-fundamental-anos-iniciais\/","url":"https:\/\/redeicm.org.br\/coracaodemaria\/ensino-fundamental-anos-iniciais\/","name":"Ensino Fundamental \u2013 Anos Iniciais - Col\u00e9gio Cora\u00e7\u00e3o de Maria | Rede ICM","isPartOf":{"@id":"https:\/\/redeicm.org.br\/coracaodemaria\/#website"},"primaryImageOfPage":{"@id":"https:\/\/redeicm.org.br\/coracaodemaria\/ensino-fundamental-anos-iniciais\/#primaryimage"},"image":{"@id":"https:\/\/redeicm.org.br\/coracaodemaria\/ensino-fundamental-anos-iniciais\/#primaryimage"},"thumbnailUrl":"https:\/\/redeicm.org.br\/coracaodemaria\/wp-content\/uploads\/sites\/7\/2024\/08\/banner-ensino-fundamental-iniciais.jpg","datePublished":"2024-08-14T18:43:25+00:00","dateModified":"2025-04-11T17:49:00+00:00","breadcrumb":{"@id":"https:\/\/redeicm.org.br\/coracaodemaria\/ensino-fundamental-anos-iniciais\/#breadcrumb"},"inLanguage":"pt-BR","potentialAction":[{"@type":"ReadAction","target":["https:\/\/redeicm.org.br\/coracaodemaria\/ensino-fundamental-anos-iniciais\/"]}]},{"@type":"ImageObject","inLanguage":"pt-BR","@id":"https:\/\/redeicm.org.br\/coracaodemaria\/ensino-fundamental-anos-iniciais\/#primaryimage","url":"https:\/\/redeicm.org.br\/coracaodemaria\/wp-content\/uploads\/sites\/7\/2024\/08\/banner-ensino-fundamental-iniciais.jpg","contentUrl":"https:\/\/redeicm.org.br\/coracaodemaria\/wp-content\/uploads\/sites\/7\/2024\/08\/banner-ensino-fundamental-iniciais.jpg","width":1440,"height":400},{"@type":"BreadcrumbList","@id":"https:\/\/redeicm.org.br\/coracaodemaria\/ensino-fundamental-anos-iniciais\/#breadcrumb","itemListElement":[{"@type":"ListItem","position":1,"name":"In\u00edcio","item":"https:\/\/redeicm.org.br\/coracaodemaria\/"},{"@type":"ListItem","position":2,"name":"Ensino Fundamental \u2013 Anos Iniciais"}]},{"@type":"WebSite","@id":"https:\/\/redeicm.org.br\/coracaodemaria\/#website","url":"https:\/\/redeicm.org.br\/coracaodemaria\/","name":"Col\u00e9gio Cora\u00e7\u00e3o de Maria | Rede ICM","description":"","publisher":{"@id":"https:\/\/redeicm.org.br\/coracaodemaria\/#organization"},"potentialAction":[{"@type":"SearchAction","target":{"@type":"EntryPoint","urlTemplate":"https:\/\/redeicm.org.br\/coracaodemaria\/?s={search_term_string}"},"query-input":{"@type":"PropertyValueSpecification","valueRequired":true,"valueName":"search_term_string"}}],"inLanguage":"pt-BR"},{"@type":"Organization","@id":"https:\/\/redeicm.org.br\/coracaodemaria\/#organization","name":"Col\u00e9gio Cora\u00e7\u00e3o de Maria | Rede ICM","url":"https:\/\/redeicm.org.br\/coracaodemaria\/","logo":{"@type":"ImageObject","inLanguage":"pt-BR","@id":"https:\/\/redeicm.org.br\/coracaodemaria\/#\/schema\/logo\/image\/","url":"https:\/\/redeicm.org.br\/coracaodemaria\/wp-content\/uploads\/sites\/7\/2024\/08\/icm-educacao-coracao-de-maria-rs.webp","contentUrl":"https:\/\/redeicm.org.br\/coracaodemaria\/wp-content\/uploads\/sites\/7\/2024\/08\/icm-educacao-coracao-de-maria-rs.webp","width":1024,"height":297,"caption":"Col\u00e9gio Cora\u00e7\u00e3o de Maria | Rede ICM"},"image":{"@id":"https:\/\/redeicm.org.br\/coracaodemaria\/#\/schema\/logo\/image\/"}}]}},"_links":{"self":[{"href":"https:\/\/redeicm.org.br\/coracaodemaria\/wp-json\/wp\/v2\/pages\/114","targetHints":{"allow":["GET"]}}],"collection":[{"href":"https:\/\/redeicm.org.br\/coracaodemaria\/wp-json\/wp\/v2\/pages"}],"about":[{"href":"https:\/\/redeicm.org.br\/coracaodemaria\/wp-json\/wp\/v2\/types\/page"}],"author":[{"embeddable":true,"href":"https:\/\/redeicm.org.br\/coracaodemaria\/wp-json\/wp\/v2\/users\/1"}],"replies":[{"embeddable":true,"href":"https:\/\/redeicm.org.br\/coracaodemaria\/wp-json\/wp\/v2\/comments?post=114"}],"version-history":[{"count":0,"href":"https:\/\/redeicm.org.br\/coracaodemaria\/wp-json\/wp\/v2\/pages\/114\/revisions"}],"wp:featuredmedia":[{"embeddable":true,"href":"https:\/\/redeicm.org.br\/coracaodemaria\/wp-json\/wp\/v2\/media\/117"}],"wp:attachment":[{"href":"https:\/\/redeicm.org.br\/coracaodemaria\/wp-json\/wp\/v2\/media?parent=114"}],"curies":[{"name":"wp","href":"https:\/\/api.w.org\/{rel}","templated":true}]}}