{"id":853,"date":"2025-05-29T19:57:30","date_gmt":"2025-05-29T22:57:30","guid":{"rendered":"https:\/\/redeicm.org.br\/casadacrianca\/?page_id=853"},"modified":"2025-05-29T20:41:32","modified_gmt":"2025-05-29T23:41:32","slug":"historico","status":"publish","type":"page","link":"https:\/\/redeicm.org.br\/casadacrianca\/historico\/","title":{"rendered":"Sobre a Unidade Socioassistencial"},"content":{"rendered":"\t\t<div data-elementor-type=\"wp-page\" data-elementor-id=\"853\" class=\"elementor elementor-853\" data-elementor-post-type=\"page\">\n\t\t\t\t<div class=\"elementor-element elementor-element-13b370a3 e-flex e-con-boxed e-con e-parent\" data-id=\"13b370a3\" data-element_type=\"container\" data-e-type=\"container\" data-settings=\"{&quot;background_background&quot;:&quot;classic&quot;}\">\n\t\t\t\t\t<div class=\"e-con-inner\">\n\t\t\t\t<div class=\"elementor-element elementor-element-2ca62c84 elementor-widget elementor-widget-heading\" data-id=\"2ca62c84\" data-element_type=\"widget\" data-e-type=\"widget\" data-widget_type=\"heading.default\">\n\t\t\t\t<div class=\"elementor-widget-container\">\n\t\t\t\t\t<h1 class=\"elementor-heading-title elementor-size-default\">Sobre a Unidade Socioassistencial<\/h1>\t\t\t\t<\/div>\n\t\t\t\t<\/div>\n\t\t\t\t\t<\/div>\n\t\t\t\t<\/div>\n\t\t<div class=\"elementor-element elementor-element-494a42c7 e-con-full e-flex e-con e-parent\" data-id=\"494a42c7\" data-element_type=\"container\" data-e-type=\"container\">\n\t\t<div class=\"elementor-element elementor-element-81ab19f e-flex e-con-boxed e-con e-child\" data-id=\"81ab19f\" data-element_type=\"container\" data-e-type=\"container\">\n\t\t\t\t\t<div class=\"e-con-inner\">\n\t\t\t\t<div class=\"elementor-element elementor-element-b740dd5 elementor-invisible elementor-widget elementor-widget-text-editor\" data-id=\"b740dd5\" data-element_type=\"widget\" data-e-type=\"widget\" data-settings=\"{&quot;_animation&quot;:&quot;fadeInUp&quot;}\" data-widget_type=\"text-editor.default\">\n\t\t\t\t<div class=\"elementor-widget-container\">\n\t\t\t\t\t\t\t\t\t<p><strong>Casa da Crian\u00e7a Sagrado Cora\u00e7\u00e3o de Jesus<\/strong><\/p><p>Fundada em 1944, a\u00a0<strong>Casa da Crian\u00e7a Sagrado Cora\u00e7\u00e3o de Jesus<\/strong>\u00a0\u00e9 uma Unidade Socioassistencial que se tornou refer\u00eancia no cuidado e prote\u00e7\u00e3o de crian\u00e7as e adolescentes em situa\u00e7\u00e3o de vulnerabilidade. Ao longo de 81 anos de hist\u00f3ria, nossa miss\u00e3o sempre foi promover a vida, o bem-estar e o desenvolvimento de crian\u00e7as e adolescentes, garantindo um futuro mais digno e cheio de possibilidades.\u00a0<\/p><p>Situada na rua Conde de Porto Alegre, 845 em Cachoeira do Sul\/RS, \u00e9 mantida pela Sociedade Educa\u00e7\u00e3o e Caridade \u2013 SEC, atualmente denominada Rede ICM de Educa\u00e7\u00e3o e Assist\u00eancia Social \u2013 com Sede Geral em Porto Alegre.<\/p><p><strong>Nossa Hist\u00f3ria e Evolu\u00e7\u00e3o<\/strong><\/p><p>Esta Obra teve sua origem hist\u00f3rica na iniciativa de um grupo de Senhoras da A\u00e7\u00e3o Cat\u00f3lica de Cachoeira do Sul, que em junho de 1944, decidiram abrir uma Casa para acolhida de crian\u00e7as desamparadas.<\/p><p>Em 1950, a diretoria da mesma solicitou a Congrega\u00e7\u00e3o das Irm\u00e3s do Imaculado Cora\u00e7\u00e3o de Maria, a assumir esta Obra. Desde ent\u00e3o, as Irm\u00e3s se empenharam a organizar o ensino interno com Educa\u00e7\u00e3o infantil e, gradativamente, foi organizado o ensino fundamental, s\u00e9ries iniciais e, devidamente, a Escola foi reconhecida pelos \u00f3rg\u00e3os p\u00fablicos competentes, atendendo como Escola no turno da manh\u00e3 e como Obra Social o (semi-internato), no turno da tarde, at\u00e9 2010. Ao longo destes anos e na atualidade, a Mantenedora sempre se manteve fiel e atenta aos objetivos fundacionais e aos princ\u00edpios humanos e crist\u00e3os, adequando sua miss\u00e3o nos par\u00e2metros legais, conforme as necessidades e possibilidades, em cada \u00e9poca.<\/p><p>Em virtude da Lei n\u00ba12.101\/de 27.11.2009, na impossibilidade de manter as duas atividades: Educa\u00e7\u00e3o e Obra Social na Casa da Crian\u00e7a, a Mantenedora (SEC-Irm\u00e3s do Imaculado Cora\u00e7\u00e3o de Maria) fez um estudo da realidade local e constatou que, Cachoeira do Sul conta com uma ampla rede de Escolas p\u00fablicas e tamb\u00e9m Escolas particulares, mas carece de Institui\u00e7\u00f5es Socioassistenciais. Assim optou por assumir dentro da \u00e1rea da Assist\u00eancia Social, Prote\u00e7\u00e3o B\u00e1sica, o Servi\u00e7o de Conviv\u00eancia e Fortalecimento de V\u00ednculos.<\/p><p><strong>Servi\u00e7o de Conviv\u00eancia e Fortalecimento de V\u00ednculos (SCFV)<\/strong><\/p><p>Atualmente, a Casa da Crian\u00e7a desenvolve o\u00a0<strong>Servi\u00e7o de Conviv\u00eancia e Fortalecimento de V\u00ednculos<\/strong>\u00a0(SCFV) para crian\u00e7as e adolescentes de 6 a 15 anos, em situa\u00e7\u00e3o de vulnerabilidade e risco social e pessoal. Este servi\u00e7o tem como objetivo fortalecer as rela\u00e7\u00f5es familiares e comunit\u00e1rias, al\u00e9m de promover a integra\u00e7\u00e3o e a troca de experi\u00eancias entre os participantes.<\/p><p><strong>Exclusividade em Cachoeira do Sul<\/strong><\/p><p>Em\u00a0<strong>Cachoeira do Sul<\/strong>, a Casa da Crian\u00e7a \u00e9 a\u00a0<strong>\u00fanica Unidade que oferece o SCFV de segunda a sexta-feira<\/strong>\u00a0(turno inverso ao da escola), sem interrup\u00e7\u00e3o durante as f\u00e9rias escolares.<\/p><p>O atendimento \u00e9 gratuito para as fam\u00edlias e \u00e9 servido lanche e almo\u00e7o a todos os usu\u00e1rios da Institui\u00e7\u00e3o.<\/p><p>Al\u00e9m das refei\u00e7\u00f5es, a Unidade oferece espa\u00e7o favor\u00e1vel \u00e0 conviv\u00eancia, com \u00e1reas de lazer e recrea\u00e7\u00e3o. Oferece diversas oficinas, algumas de acordo com a idade e outras em que todos participam. Elencamos: inclus\u00e3o digital, forma\u00e7\u00e3o esportiva, dan\u00e7a, bal\u00e9, percuss\u00e3o, canto, teatro, customiza\u00e7\u00e3o, artesanato, gastronomia, oficina da cidadania, e orienta\u00e7\u00f5es formativas para a vida e a boa conviv\u00eancia cultivando valores.<\/p><p>Atualmente a Unidade atende 160 crian\u00e7as e adolescentes, e conta com 20 colaboradores e 04 Irm\u00e3s.\u00a0<\/p><p>A Casa da Crian\u00e7a Sagrado Cora\u00e7\u00e3o de Jesus segue firme em seu prop\u00f3sito, oferecendo cuidado, educa\u00e7\u00e3o e acolhimento, e construindo um futuro melhor para todos.<\/p>\t\t\t\t\t\t\t\t<\/div>\n\t\t\t\t<\/div>\n\t\t\t\t\t<\/div>\n\t\t\t\t<\/div>\n\t\t\t\t<\/div>\n\t\t\t\t<\/div>\n\t\t","protected":false},"excerpt":{"rendered":"<p>Casa da Crian\u00e7a Sagrado Cora\u00e7\u00e3o de Jesus Fundada em 1944, a\u00a0Casa da Crian\u00e7a Sagrado Cora\u00e7\u00e3o de Jesus\u00a0\u00e9 uma Unidade Socioassistencial que se tornou refer\u00eancia no cuidado e prote\u00e7\u00e3o de crian\u00e7as e adolescentes em situa\u00e7\u00e3o de vulnerabilidade. Ao longo de 81 anos de hist\u00f3ria, nossa miss\u00e3o sempre foi promover a vida, o bem-estar e o desenvolvimento [&hellip;]<\/p>\n","protected":false},"author":1,"featured_media":109,"parent":0,"menu_order":0,"comment_status":"closed","ping_status":"closed","template":"","meta":{"_acf_changed":false,"footnotes":""},"class_list":["post-853","page","type-page","status-publish","has-post-thumbnail","hentry"],"acf":[],"yoast_head":"<!-- This site is optimized with the Yoast SEO plugin v26.3 - https:\/\/yoast.com\/wordpress\/plugins\/seo\/ -->\n<title>Sobre a Unidade Socioassistencial - Casa da Crian\u00e7a Sagrado Cora\u00e7\u00e3o de Jesus | Rede ICM de Educa\u00e7\u00e3o e Assist\u00eancia Social<\/title>\n<meta name=\"robots\" content=\"index, follow, max-snippet:-1, max-image-preview:large, max-video-preview:-1\" \/>\n<link rel=\"canonical\" href=\"https:\/\/redeicm.org.br\/casadacrianca\/historico\/\" \/>\n<meta property=\"og:locale\" content=\"pt_BR\" \/>\n<meta property=\"og:type\" content=\"article\" \/>\n<meta property=\"og:title\" content=\"Sobre a Unidade Socioassistencial - Casa da Crian\u00e7a Sagrado Cora\u00e7\u00e3o de Jesus | Rede ICM de Educa\u00e7\u00e3o e Assist\u00eancia Social\" \/>\n<meta property=\"og:description\" content=\"Casa da Crian\u00e7a Sagrado Cora\u00e7\u00e3o de Jesus Fundada em 1944, a\u00a0Casa da Crian\u00e7a Sagrado Cora\u00e7\u00e3o de Jesus\u00a0\u00e9 uma Unidade Socioassistencial que se tornou refer\u00eancia no cuidado e prote\u00e7\u00e3o de crian\u00e7as e adolescentes em situa\u00e7\u00e3o de vulnerabilidade. Ao longo de 81 anos de hist\u00f3ria, nossa miss\u00e3o sempre foi promover a vida, o bem-estar e o desenvolvimento [&hellip;]\" \/>\n<meta property=\"og:url\" content=\"https:\/\/redeicm.org.br\/casadacrianca\/historico\/\" \/>\n<meta property=\"og:site_name\" content=\"Casa da Crian\u00e7a Sagrado Cora\u00e7\u00e3o de Jesus | Rede ICM de Educa\u00e7\u00e3o e Assist\u00eancia Social\" \/>\n<meta property=\"article:modified_time\" content=\"2025-05-29T23:41:32+00:00\" \/>\n<meta property=\"og:image\" content=\"https:\/\/redeicm.org.br\/casadacrianca\/wp-content\/uploads\/sites\/6\/2024\/08\/banner-educacao-infantil.jpg\" \/>\n\t<meta property=\"og:image:width\" content=\"1440\" \/>\n\t<meta property=\"og:image:height\" content=\"400\" \/>\n\t<meta property=\"og:image:type\" content=\"image\/jpeg\" \/>\n<meta name=\"twitter:card\" content=\"summary_large_image\" \/>\n<meta name=\"twitter:label1\" content=\"Est. tempo de leitura\" \/>\n\t<meta name=\"twitter:data1\" content=\"4 minutos\" \/>\n<script type=\"application\/ld+json\" class=\"yoast-schema-graph\">{\"@context\":\"https:\/\/schema.org\",\"@graph\":[{\"@type\":\"WebPage\",\"@id\":\"https:\/\/redeicm.org.br\/casadacrianca\/historico\/\",\"url\":\"https:\/\/redeicm.org.br\/casadacrianca\/historico\/\",\"name\":\"Sobre a Unidade Socioassistencial - Casa da Crian\u00e7a Sagrado Cora\u00e7\u00e3o de Jesus | Rede ICM de Educa\u00e7\u00e3o e Assist\u00eancia Social\",\"isPartOf\":{\"@id\":\"https:\/\/redeicm.org.br\/casadacrianca\/#website\"},\"primaryImageOfPage\":{\"@id\":\"https:\/\/redeicm.org.br\/casadacrianca\/historico\/#primaryimage\"},\"image\":{\"@id\":\"https:\/\/redeicm.org.br\/casadacrianca\/historico\/#primaryimage\"},\"thumbnailUrl\":\"https:\/\/redeicm.org.br\/casadacrianca\/wp-content\/uploads\/sites\/6\/2024\/08\/banner-educacao-infantil.jpg\",\"datePublished\":\"2025-05-29T22:57:30+00:00\",\"dateModified\":\"2025-05-29T23:41:32+00:00\",\"breadcrumb\":{\"@id\":\"https:\/\/redeicm.org.br\/casadacrianca\/historico\/#breadcrumb\"},\"inLanguage\":\"pt-BR\",\"potentialAction\":[{\"@type\":\"ReadAction\",\"target\":[\"https:\/\/redeicm.org.br\/casadacrianca\/historico\/\"]}]},{\"@type\":\"ImageObject\",\"inLanguage\":\"pt-BR\",\"@id\":\"https:\/\/redeicm.org.br\/casadacrianca\/historico\/#primaryimage\",\"url\":\"https:\/\/redeicm.org.br\/casadacrianca\/wp-content\/uploads\/sites\/6\/2024\/08\/banner-educacao-infantil.jpg\",\"contentUrl\":\"https:\/\/redeicm.org.br\/casadacrianca\/wp-content\/uploads\/sites\/6\/2024\/08\/banner-educacao-infantil.jpg\",\"width\":1440,\"height\":400},{\"@type\":\"BreadcrumbList\",\"@id\":\"https:\/\/redeicm.org.br\/casadacrianca\/historico\/#breadcrumb\",\"itemListElement\":[{\"@type\":\"ListItem\",\"position\":1,\"name\":\"In\u00edcio\",\"item\":\"https:\/\/redeicm.org.br\/casadacrianca\/\"},{\"@type\":\"ListItem\",\"position\":2,\"name\":\"Sobre a Unidade Socioassistencial\"}]},{\"@type\":\"WebSite\",\"@id\":\"https:\/\/redeicm.org.br\/casadacrianca\/#website\",\"url\":\"https:\/\/redeicm.org.br\/casadacrianca\/\",\"name\":\"Casa da Crian\u00e7a Sagrado Cora\u00e7\u00e3o de Jesus | Rede ICM de Educa\u00e7\u00e3o e Assist\u00eancia Social\",\"description\":\"\",\"publisher\":{\"@id\":\"https:\/\/redeicm.org.br\/casadacrianca\/#organization\"},\"potentialAction\":[{\"@type\":\"SearchAction\",\"target\":{\"@type\":\"EntryPoint\",\"urlTemplate\":\"https:\/\/redeicm.org.br\/casadacrianca\/?s={search_term_string}\"},\"query-input\":{\"@type\":\"PropertyValueSpecification\",\"valueRequired\":true,\"valueName\":\"search_term_string\"}}],\"inLanguage\":\"pt-BR\"},{\"@type\":\"Organization\",\"@id\":\"https:\/\/redeicm.org.br\/casadacrianca\/#organization\",\"name\":\"Casa da Crian\u00e7a Sagrado Cora\u00e7\u00e3o de Jesus | Rede ICM de Educa\u00e7\u00e3o e Assist\u00eancia Social\",\"url\":\"https:\/\/redeicm.org.br\/casadacrianca\/\",\"logo\":{\"@type\":\"ImageObject\",\"inLanguage\":\"pt-BR\",\"@id\":\"https:\/\/redeicm.org.br\/casadacrianca\/#\/schema\/logo\/image\/\",\"url\":\"https:\/\/redeicm.org.br\/casadacrianca\/wp-content\/uploads\/sites\/6\/2024\/08\/ICM_Socio_Casadacrianca_preferencial-1024x338-1.png\",\"contentUrl\":\"https:\/\/redeicm.org.br\/casadacrianca\/wp-content\/uploads\/sites\/6\/2024\/08\/ICM_Socio_Casadacrianca_preferencial-1024x338-1.png\",\"width\":1024,\"height\":338,\"caption\":\"Casa da Crian\u00e7a Sagrado Cora\u00e7\u00e3o de Jesus | Rede ICM de Educa\u00e7\u00e3o e Assist\u00eancia Social\"},\"image\":{\"@id\":\"https:\/\/redeicm.org.br\/casadacrianca\/#\/schema\/logo\/image\/\"}}]}<\/script>\n<!-- \/ Yoast SEO plugin. -->","yoast_head_json":{"title":"Sobre a Unidade Socioassistencial - Casa da Crian\u00e7a Sagrado Cora\u00e7\u00e3o de Jesus | Rede ICM de Educa\u00e7\u00e3o e Assist\u00eancia Social","robots":{"index":"index","follow":"follow","max-snippet":"max-snippet:-1","max-image-preview":"max-image-preview:large","max-video-preview":"max-video-preview:-1"},"canonical":"https:\/\/redeicm.org.br\/casadacrianca\/historico\/","og_locale":"pt_BR","og_type":"article","og_title":"Sobre a Unidade Socioassistencial - Casa da Crian\u00e7a Sagrado Cora\u00e7\u00e3o de Jesus | Rede ICM de Educa\u00e7\u00e3o e Assist\u00eancia Social","og_description":"Casa da Crian\u00e7a Sagrado Cora\u00e7\u00e3o de Jesus Fundada em 1944, a\u00a0Casa da Crian\u00e7a Sagrado Cora\u00e7\u00e3o de Jesus\u00a0\u00e9 uma Unidade Socioassistencial que se tornou refer\u00eancia no cuidado e prote\u00e7\u00e3o de crian\u00e7as e adolescentes em situa\u00e7\u00e3o de vulnerabilidade. Ao longo de 81 anos de hist\u00f3ria, nossa miss\u00e3o sempre foi promover a vida, o bem-estar e o desenvolvimento [&hellip;]","og_url":"https:\/\/redeicm.org.br\/casadacrianca\/historico\/","og_site_name":"Casa da Crian\u00e7a Sagrado Cora\u00e7\u00e3o de Jesus | Rede ICM de Educa\u00e7\u00e3o e Assist\u00eancia Social","article_modified_time":"2025-05-29T23:41:32+00:00","og_image":[{"width":1440,"height":400,"url":"https:\/\/redeicm.org.br\/casadacrianca\/wp-content\/uploads\/sites\/6\/2024\/08\/banner-educacao-infantil.jpg","type":"image\/jpeg"}],"twitter_card":"summary_large_image","twitter_misc":{"Est. tempo de leitura":"4 minutos"},"schema":{"@context":"https:\/\/schema.org","@graph":[{"@type":"WebPage","@id":"https:\/\/redeicm.org.br\/casadacrianca\/historico\/","url":"https:\/\/redeicm.org.br\/casadacrianca\/historico\/","name":"Sobre a Unidade Socioassistencial - Casa da Crian\u00e7a Sagrado Cora\u00e7\u00e3o de Jesus | Rede ICM de Educa\u00e7\u00e3o e Assist\u00eancia Social","isPartOf":{"@id":"https:\/\/redeicm.org.br\/casadacrianca\/#website"},"primaryImageOfPage":{"@id":"https:\/\/redeicm.org.br\/casadacrianca\/historico\/#primaryimage"},"image":{"@id":"https:\/\/redeicm.org.br\/casadacrianca\/historico\/#primaryimage"},"thumbnailUrl":"https:\/\/redeicm.org.br\/casadacrianca\/wp-content\/uploads\/sites\/6\/2024\/08\/banner-educacao-infantil.jpg","datePublished":"2025-05-29T22:57:30+00:00","dateModified":"2025-05-29T23:41:32+00:00","breadcrumb":{"@id":"https:\/\/redeicm.org.br\/casadacrianca\/historico\/#breadcrumb"},"inLanguage":"pt-BR","potentialAction":[{"@type":"ReadAction","target":["https:\/\/redeicm.org.br\/casadacrianca\/historico\/"]}]},{"@type":"ImageObject","inLanguage":"pt-BR","@id":"https:\/\/redeicm.org.br\/casadacrianca\/historico\/#primaryimage","url":"https:\/\/redeicm.org.br\/casadacrianca\/wp-content\/uploads\/sites\/6\/2024\/08\/banner-educacao-infantil.jpg","contentUrl":"https:\/\/redeicm.org.br\/casadacrianca\/wp-content\/uploads\/sites\/6\/2024\/08\/banner-educacao-infantil.jpg","width":1440,"height":400},{"@type":"BreadcrumbList","@id":"https:\/\/redeicm.org.br\/casadacrianca\/historico\/#breadcrumb","itemListElement":[{"@type":"ListItem","position":1,"name":"In\u00edcio","item":"https:\/\/redeicm.org.br\/casadacrianca\/"},{"@type":"ListItem","position":2,"name":"Sobre a Unidade Socioassistencial"}]},{"@type":"WebSite","@id":"https:\/\/redeicm.org.br\/casadacrianca\/#website","url":"https:\/\/redeicm.org.br\/casadacrianca\/","name":"Casa da Crian\u00e7a Sagrado Cora\u00e7\u00e3o de Jesus | Rede ICM de Educa\u00e7\u00e3o e Assist\u00eancia Social","description":"","publisher":{"@id":"https:\/\/redeicm.org.br\/casadacrianca\/#organization"},"potentialAction":[{"@type":"SearchAction","target":{"@type":"EntryPoint","urlTemplate":"https:\/\/redeicm.org.br\/casadacrianca\/?s={search_term_string}"},"query-input":{"@type":"PropertyValueSpecification","valueRequired":true,"valueName":"search_term_string"}}],"inLanguage":"pt-BR"},{"@type":"Organization","@id":"https:\/\/redeicm.org.br\/casadacrianca\/#organization","name":"Casa da Crian\u00e7a Sagrado Cora\u00e7\u00e3o de Jesus | Rede ICM de Educa\u00e7\u00e3o e Assist\u00eancia Social","url":"https:\/\/redeicm.org.br\/casadacrianca\/","logo":{"@type":"ImageObject","inLanguage":"pt-BR","@id":"https:\/\/redeicm.org.br\/casadacrianca\/#\/schema\/logo\/image\/","url":"https:\/\/redeicm.org.br\/casadacrianca\/wp-content\/uploads\/sites\/6\/2024\/08\/ICM_Socio_Casadacrianca_preferencial-1024x338-1.png","contentUrl":"https:\/\/redeicm.org.br\/casadacrianca\/wp-content\/uploads\/sites\/6\/2024\/08\/ICM_Socio_Casadacrianca_preferencial-1024x338-1.png","width":1024,"height":338,"caption":"Casa da Crian\u00e7a Sagrado Cora\u00e7\u00e3o de Jesus | Rede ICM de Educa\u00e7\u00e3o e Assist\u00eancia Social"},"image":{"@id":"https:\/\/redeicm.org.br\/casadacrianca\/#\/schema\/logo\/image\/"}}]}},"_links":{"self":[{"href":"https:\/\/redeicm.org.br\/casadacrianca\/wp-json\/wp\/v2\/pages\/853","targetHints":{"allow":["GET"]}}],"collection":[{"href":"https:\/\/redeicm.org.br\/casadacrianca\/wp-json\/wp\/v2\/pages"}],"about":[{"href":"https:\/\/redeicm.org.br\/casadacrianca\/wp-json\/wp\/v2\/types\/page"}],"author":[{"embeddable":true,"href":"https:\/\/redeicm.org.br\/casadacrianca\/wp-json\/wp\/v2\/users\/1"}],"replies":[{"embeddable":true,"href":"https:\/\/redeicm.org.br\/casadacrianca\/wp-json\/wp\/v2\/comments?post=853"}],"version-history":[{"count":11,"href":"https:\/\/redeicm.org.br\/casadacrianca\/wp-json\/wp\/v2\/pages\/853\/revisions"}],"predecessor-version":[{"id":907,"href":"https:\/\/redeicm.org.br\/casadacrianca\/wp-json\/wp\/v2\/pages\/853\/revisions\/907"}],"wp:featuredmedia":[{"embeddable":true,"href":"https:\/\/redeicm.org.br\/casadacrianca\/wp-json\/wp\/v2\/media\/109"}],"wp:attachment":[{"href":"https:\/\/redeicm.org.br\/casadacrianca\/wp-json\/wp\/v2\/media?parent=853"}],"curies":[{"name":"wp","href":"https:\/\/api.w.org\/{rel}","templated":true}]}}