{"id":406,"date":"2024-08-20T10:23:09","date_gmt":"2024-08-20T13:23:09","guid":{"rendered":"https:\/\/redeicm.org.br\/carmo\/?page_id=406"},"modified":"2024-08-20T10:23:36","modified_gmt":"2024-08-20T13:23:36","slug":"normas-de-convivencia","status":"publish","type":"page","link":"https:\/\/redeicm.org.br\/carmo\/normas-de-convivencia\/","title":{"rendered":"Normas de Conviv\u00eancia"},"content":{"rendered":"\t\t<div data-elementor-type=\"wp-page\" data-elementor-id=\"406\" class=\"elementor elementor-406\" data-elementor-post-type=\"page\">\n\t\t\t\t<div class=\"elementor-element elementor-element-b29bfa3 e-flex e-con-boxed e-con e-parent\" data-id=\"b29bfa3\" data-element_type=\"container\" data-e-type=\"container\" data-settings=\"{&quot;background_background&quot;:&quot;classic&quot;}\">\n\t\t\t\t\t<div class=\"e-con-inner\">\n\t\t\t\t<div class=\"elementor-element elementor-element-2297ccdd elementor-widget elementor-widget-heading\" data-id=\"2297ccdd\" data-element_type=\"widget\" data-e-type=\"widget\" data-widget_type=\"heading.default\">\n\t\t\t\t<div class=\"elementor-widget-container\">\n\t\t\t\t\t<h1 class=\"elementor-heading-title elementor-size-default\">Normas de Conviv\u00eancia<\/h1>\t\t\t\t<\/div>\n\t\t\t\t<\/div>\n\t\t\t\t\t<\/div>\n\t\t\t\t<\/div>\n\t\t<div class=\"elementor-element elementor-element-1dbca14 e-con-full e-flex e-con e-parent\" data-id=\"1dbca14\" data-element_type=\"container\" data-e-type=\"container\">\n\t\t<div class=\"elementor-element elementor-element-6d3cecf6 e-flex e-con-boxed e-con e-child\" data-id=\"6d3cecf6\" data-element_type=\"container\" data-e-type=\"container\">\n\t\t\t\t\t<div class=\"e-con-inner\">\n\t\t\t\t<div class=\"elementor-element elementor-element-3eab8309 elementor-invisible elementor-widget elementor-widget-text-editor\" data-id=\"3eab8309\" data-element_type=\"widget\" data-e-type=\"widget\" data-settings=\"{&quot;_animation&quot;:&quot;fadeInUp&quot;}\" data-widget_type=\"text-editor.default\">\n\t\t\t\t<div class=\"elementor-widget-container\">\n\t\t\t\t\t\t\t\t\t<p style=\"margin: 0px 0px 1.5rem; color: rgb(102, 102, 102); font-size: 14px;\"><strong style=\"font-weight: bold;\">NORMAS DE CONVIV\u00caNCIA ESCOLAR<\/strong><\/p><p style=\"margin: 0px 0px 1.5rem; color: rgb(102, 102, 102); font-size: 14px;\">Para o bom andamento das atividades da Escola e para um melhor atendimento tanto do aluno, como dos senhores respons\u00e1veis, seguem algumas informa\u00e7\u00f5es e normas educativas.<\/p><p style=\"margin: 0px 0px 1.5rem; color: rgb(102, 102, 102); font-size: 14px;\">HOR\u00c1RIO DE FUNCIONAMENTO<br>\u2013 Recep\u00e7\u00e3o: das 7h \u00e0s 18h.<br>\u2013 Secretaria: das 8h \u00e0s 12h e das 13h \u00e0s 17h, de segunda \u00e0 sexta-feira.<br>\u2013 Tesouraria: das 7h30min \u00e0s 12h e das 13h \u00e0s 17h30min, de segunda \u00e0 sexta-feira.<\/p><p style=\"margin: 0px 0px 1.5rem; color: rgb(102, 102, 102); font-size: 14px;\">ENTRADA E SA\u00cdDA DE ALUNOS: O port\u00e3o lateral, situado \u00e0 Rua Professor Carlos Wenceslau, 574 \u2013 abrir\u00e1 \u00e0s 6h45min (manh\u00e3) e \u00e0s 12h45min (tarde), para os alunos do 2\u00ba ao 9\u00baAE.<br>O port\u00e3o situado \u00e0 Rua General Sezefredo, 365 \u2013 abrir\u00e1 \u00e0s 7h (manh\u00e3) e \u00e0s 13h (tarde), para os alunos da Educa\u00e7\u00e3o Infantil ao 1\u00baAE e Turno Extracurricular.<br>Pela RECEP\u00c7\u00c3O, a entrada dos alunos ser\u00e1 permitida somente depois do fechamento dos port\u00f5es \u00e0s 7h15min e \u00e0s 13h15min.<br>Os respons\u00e1veis dever\u00e3o ficar atentos \u00e0 pontualidade de seus filhos, pois atrasos ou perdas de aulas implicar\u00e3o em dificuldades assumidas pela fam\u00edlia. Os pais ou respons\u00e1veis dever\u00e3o buscar os alunos, impreterivelmente no hor\u00e1rio, com toler\u00e2ncia de 15min.<\/p><p style=\"margin: 0px 0px 1.5rem; color: rgb(102, 102, 102); font-size: 14px;\">ATRASOS: A toler\u00e2ncia para atrasos ser\u00e1 de 15 minutos. Ap\u00f3s esse tempo, os alunos do 6\u00ba ao 9\u00ba AE aguardar\u00e3o o in\u00edcio do pr\u00f3ximo hor\u00e1rio, acarretando falta na disciplina n\u00e3o frequentada.<\/p><p style=\"margin: 0px 0px 1.5rem; color: rgb(102, 102, 102); font-size: 14px;\">FALTAS: A aus\u00eancia do aluno dever\u00e1 ser justificada, na Agenda (Educa\u00e7\u00e3o Infantil) e no Caderno de Recados (1\u00ba ao 9\u00ba AE), pelos pais ou respons\u00e1veis. Em caso de doen\u00e7a, o aluno dever\u00e1 apresentar atestado m\u00e9dico no dia do retorno \u00e0 escola.<\/p><p style=\"margin: 0px 0px 1.5rem; color: rgb(102, 102, 102); font-size: 14px;\">SA\u00cdDAS ANTECIPADAS DA ESCOLA: Dever\u00e3o ser evitadas, mas, quando necess\u00e1rio, ser\u00e3o concedidas, ap\u00f3s solicita\u00e7\u00e3o na Agenda e\/ou Caderno de Recados, por escrito, dos pais ou respons\u00e1veis, ou ainda se o respons\u00e1vel vier busc\u00e1-lo(a).<\/p><p style=\"margin: 0px 0px 1.5rem; color: rgb(102, 102, 102); font-size: 14px;\">TRANSPORTE ESCOLAR: A escola n\u00e3o se responsabiliza pelos ve\u00edculos que fazem transportes de seus alunos. N\u00e3o haver\u00e1 libera\u00e7\u00e3o de aluno antes do hor\u00e1rio, em fun\u00e7\u00e3o do transporte contratado, somente mediante autoriza\u00e7\u00e3o do respons\u00e1vel pelo aluno (na Agenda e\/ou Caderno de Recados por escrito ou por telefone).<\/p><p style=\"margin: 0px 0px 1.5rem; color: rgb(102, 102, 102); font-size: 14px;\">ENDERE\u00c7OS: Endere\u00e7os e telefones da resid\u00eancia e do trabalho dos pais ou respons\u00e1veis pelos alunos dever\u00e3o estar sempre atualizados, na secretaria da escola, bem como, os telefones de emerg\u00eancia, na Agenda e\/ou no Caderno de Recados do aluno, para contato em caso de necessidade.<\/p><p style=\"margin: 0px 0px 1.5rem; color: rgb(102, 102, 102); font-size: 14px;\">MEDICAMENTOS: Para seguran\u00e7a dos alunos, n\u00e3o administramos medicamentos, exceto aqueles enviados pelos pais ou respons\u00e1veis, mediante autoriza\u00e7\u00e3o, por escrito, na Agenda e\/ou Caderno de Recados, juntamente com a xerox da receita m\u00e9dica.<br>Obs.: 1. Os medicamentos devem estar na mochila do aluno ou entregues na recep\u00e7\u00e3o, juntamente, com a receita m\u00e9dica;<br>2. A Escola dever\u00e1 ser comunicada caso o aluno contraia doen\u00e7as infectocontagiosas: conjuntivites, catapora, rub\u00e9ola, entre outras. Este poder\u00e1 retornar \u00e0 escola, ap\u00f3s libera\u00e7\u00e3o feita por meio de atestado m\u00e9dico;<br>3. Caso o(a) aluno(a) precise de atendimento m\u00e9dico de urg\u00eancia, a escola avisar\u00e1 ao respons\u00e1vel, imediatamente. Encaminharemos o(a) aluno(a) \u00e0 UPA, plano de sa\u00fade (o aluno dever\u00e1 ter junto, na Agenda e\/ou no Caderno de Recados, xerox da carteirinha do plano) ou conforme orienta\u00e7\u00f5es recebidas do respons\u00e1vel;<br>4. Em caso de ACIDENTE NO ESPA\u00c7O ESCOLAR, a escola entrar\u00e1 em contato com o respons\u00e1vel e com o SEGURO ESCOLAR para os procedimentos e encaminhamentos necess\u00e1rios.<\/p><p style=\"margin: 0px 0px 1.5rem; color: rgb(102, 102, 102); font-size: 14px;\">UNIFORME ESCOLAR: \u00c9 de uso obrigat\u00f3rio para todos os alunos. Uniforme completo, no modelo adotado pela escola, incluindo o agasalho. Esse uniforme \u00e9 utilizado nas atividades da escola, no uso da biblioteca e nas Sa\u00eddas Culturais. N\u00e3o ser\u00e1 permitido o uso de maquiagens, chinelos, bon\u00e9s, sand\u00e1lias e similares. Todo uniforme dever\u00e1 ser identificado com o nome do aluno.<\/p><p style=\"margin: 0px 0px 1.5rem; color: rgb(102, 102, 102); font-size: 14px;\">MATERIAL ESCOLAR: Todo o material escolar \u00e9 de responsabilidade do aluno e deve ser identificado com o nome. O material escolar esquecido em casa dever\u00e1 ser encaminhado \u00e0 recep\u00e7\u00e3o, que entregar\u00e1 ao aluno.<\/p><p style=\"margin: 0px 0px 1.5rem; color: rgb(102, 102, 102); font-size: 14px;\">BIBLIOTECA: A biblioteca funciona no hor\u00e1rio das 8h \u00e0s 11h e das 13h30min \u00e0s 16h30min, de segunda a sexta-feira, para pesquisa e elabora\u00e7\u00e3o dos trabalhos. Para que os alunos do 7\u00ba ao 9\u00ba AE possam utilizar a biblioteca, no contraturno, \u00e9 necess\u00e1rio que procurem a bibliotec\u00e1ria e fa\u00e7am o agendamento com ANTECED\u00caNCIA. Para frequentar a biblioteca, o aluno dever\u00e1 estar obrigatoriamente uniformizado.<\/p><p style=\"margin: 0px 0px 1.5rem; color: rgb(102, 102, 102); font-size: 14px;\">SA\u00cdDAS CULTURAIS: S\u00e3o programadas com anteced\u00eancia pela escola e com pr\u00e9via autoriza\u00e7\u00e3o dos pais ou respons\u00e1veis.<\/p><p style=\"margin: 0px 0px 1.5rem; color: rgb(102, 102, 102); font-size: 14px;\">BRINQUEDOS: Os alunos da Educa\u00e7\u00e3o Infantil e do 1\u00baAE trar\u00e3o brinquedos \u00e0s sextas-feiras, com a orienta\u00e7\u00e3o e regras estipuladas pela professora.<\/p><p style=\"margin: 0px 0px 1.5rem; color: rgb(102, 102, 102); font-size: 14px;\">AVALIA\u00c7\u00d5ES: Ser\u00e3o propostas de acordo com cada ano de escolaridade (1\u00ba ao 9\u00ba ano). O BOLETIM ESCOLAR e\/ou PARECER DESCRITIVO ser\u00e1 entregue aos pais ou respons\u00e1veis, em reuni\u00e3o, no final de cada trimestre.<\/p><p style=\"margin: 0px 0px 1.5rem; color: rgb(102, 102, 102); font-size: 14px;\">DISCIPLINA NO RECINTO ESCOLAR E IMEDIA\u00c7\u00d5ES: atitudes e a\u00e7\u00f5es que prejudiquem a harmonia no ambiente, o favorecimento da aprendizagem e da conviv\u00eancia, n\u00e3o dever\u00e3o ser praticadas pelo estudante. Em caso de transgress\u00e3o das normas disciplinares, o aluno estar\u00e1 sujeito \u00e0s san\u00e7\u00f5es previstas no Regimento Escolar, n\u00e3o seguindo, necessariamente, a ordem: conversa e aconselhamento do aluno, advert\u00eancia verbal ou escrita, afastamento tempor\u00e1rio das atividades escolares, matr\u00edcula condicional e cancelamento da matr\u00edcula.<br>Obs.: 1. N\u00e3o ser\u00e1 admitida a agress\u00e3o f\u00edsica, ofensa verbal ou gestual, a qualquer pessoa no recinto escolar ou em suas imedia\u00e7\u00f5es. Provid\u00eancias ser\u00e3o tomadas de acordo com o Regimento Escolar, em caso de manifesta\u00e7\u00e3o de alguma forma dessas condutas inapropriadas;<br>2. O aluno que, por suas atitudes, prejudique o bom andamento dos trabalhos em sala de aula, \u00e9 advertido, em particular, pelo professor que procura, junto com o discente, analisar os fatos e buscar solu\u00e7\u00f5es que o ajudem a assumir suas responsabilidades;<br>3. O professor solicita aux\u00edlio do Servi\u00e7o de Orienta\u00e7\u00e3o Educacional, quando n\u00e3o surtir efeito a advert\u00eancia particular;<br>4. A Escola notifica aos pais as irregularidades disciplinares ocorridas com o aluno e esgotados os recursos, toma as provid\u00eancias necess\u00e1rias previstas no Regimento Escolar.<\/p><p style=\"margin: 0px 0px 1.5rem; color: rgb(102, 102, 102); font-size: 14px;\"><strong style=\"font-weight: bold;\">INFORMA\u00c7\u00d5ES \u00daTEIS<\/strong><\/p><p style=\"margin: 0px 0px 1.5rem; color: rgb(102, 102, 102); font-size: 14px;\">EM SALA: N\u00e3o \u00e9 permitido lanchar, tomar refrigerante, mascar chicletes, chupar pirulitos, balas ou outras guloseimas.<\/p><p style=\"margin: 0px 0px 1.5rem; color: rgb(102, 102, 102); font-size: 14px;\">OBJETOS VALIOSOS: A escola orienta os alunos a n\u00e3o portarem objetos de valor no ambiente escolar. Caso o aluno venha a trazer, s\u00e3o de sua inteira responsabilidade, e a escola n\u00e3o se responsabilizar\u00e1 por danos, perdas ou extravios.<\/p><p style=\"margin: 0px 0px 1.5rem; color: rgb(102, 102, 102); font-size: 14px;\">USO DE CELULAR E APARELHOS ELETR\u00d4NICOS: Para evitar constrangimentos e exposi\u00e7\u00e3o de imagens, aconselhamos que os alunos n\u00e3o autorizem que qualquer pessoa lhes fotografe, pois n\u00e3o h\u00e1 meios de controlar o uso dessas imagens. Caso o aluno seja flagrado usando ou manuseando celular ou aparelhos eletr\u00f4nicos, em sala, de forma indevida, o aparelho ser\u00e1 recolhido pelo professor e entregue \u00e0 Coordena\u00e7\u00e3o. O objeto ser\u00e1 devolvido somente ao respons\u00e1vel do aluno.<br>O uso em sala de aula ser\u00e1 somente quando for solicitado pelo(a) professor(a) para a realiza\u00e7\u00e3o de alguma atividade, pesquisa ou consulta e sob a orienta\u00e7\u00e3o do(a) educador(a). A Escola n\u00e3o se responsabiliza por publica\u00e7\u00f5es feitas por alunos nas redes sociais.<\/p><p style=\"margin: 0px 0px 1.5rem; color: rgb(102, 102, 102); font-size: 14px;\">DANOS MATERIAIS: Os danos a objetos, m\u00f3veis e instala\u00e7\u00f5es da escola, causados pelo aluno, dever\u00e3o ser reparados. O respons\u00e1vel pelo aluno assumir\u00e1 a responsabilidade pelos atos e custos da repara\u00e7\u00e3o ou da reposi\u00e7\u00e3o de materiais, conforme CONTRATO.<\/p><p style=\"margin: 0px 0px 1.5rem; color: rgb(102, 102, 102); font-size: 14px;\">ACHADOS E PERDIDOS: Os objetos localizados ser\u00e3o entregues aos inspetores ou levados \u00e0 recep\u00e7\u00e3o, e dever\u00e3o ser procurados pelos alunos ou respons\u00e1veis. Vale ressaltar a import\u00e2ncia do nome do aluno em todo material escolar.<\/p><p style=\"margin: 0px 0px 1.5rem; color: rgb(102, 102, 102); font-size: 14px;\">REUNI\u00c3O DE PAIS: Comparecer \u00e0s reuni\u00f5es \u00e9 uma oportunidade de esclarecer d\u00favidas e acompanhar o andamento da vida escolar de seu (sua) filho (a). Enviaremos, posteriormente, as datas e hor\u00e1rios das reuni\u00f5es presenciais. Caso haja necessidade de um atendimento individual, com o professor, o pai ou respons\u00e1vel dever\u00e1 agendar.<\/p><p style=\"margin: 0px 0px 1.5rem; color: rgb(102, 102, 102); font-size: 14px;\">CALEND\u00c1RIO ESCOLAR: Dispon\u00edvel no site da Escola. Este poder\u00e1 sofrer altera\u00e7\u00f5es caso haja necessidade.<\/p><p style=\"margin: 0px 0px 1.5rem; color: rgb(102, 102, 102); font-size: 14px;\">Atenciosamente,<\/p><p style=\"margin: 0px 0px 1.5rem; color: rgb(102, 102, 102); font-size: 14px;\">A Dire\u00e7\u00e3o.<\/p>\t\t\t\t\t\t\t\t<\/div>\n\t\t\t\t<\/div>\n\t\t\t\t\t<\/div>\n\t\t\t\t<\/div>\n\t\t\t\t<\/div>\n\t\t\t\t<\/div>\n\t\t","protected":false},"excerpt":{"rendered":"<p>NORMAS DE CONVIV\u00caNCIA ESCOLAR Para o bom andamento das atividades da Escola e para um melhor atendimento tanto do aluno, como dos senhores respons\u00e1veis, seguem algumas informa\u00e7\u00f5es e normas educativas. HOR\u00c1RIO DE FUNCIONAMENTO\u2013 Recep\u00e7\u00e3o: das 7h \u00e0s 18h.\u2013 Secretaria: das 8h \u00e0s 12h e das 13h \u00e0s 17h, de segunda \u00e0 sexta-feira.\u2013 Tesouraria: das 7h30min [&hellip;]<\/p>\n","protected":false},"author":1,"featured_media":105,"parent":0,"menu_order":0,"comment_status":"closed","ping_status":"closed","template":"","meta":{"_acf_changed":false,"footnotes":""},"class_list":["post-406","page","type-page","status-publish","has-post-thumbnail","hentry"],"acf":[],"yoast_head":"<!-- This site is optimized with the Yoast SEO plugin v26.3 - https:\/\/yoast.com\/wordpress\/plugins\/seo\/ -->\n<title>Normas de Conviv\u00eancia - Escola N. Sra. do Carmo | Rede ICM de Educa\u00e7\u00e3o<\/title>\n<meta name=\"robots\" content=\"index, follow, max-snippet:-1, max-image-preview:large, max-video-preview:-1\" \/>\n<link rel=\"canonical\" href=\"https:\/\/redeicm.org.br\/carmo\/normas-de-convivencia\/\" \/>\n<meta property=\"og:locale\" content=\"pt_BR\" \/>\n<meta property=\"og:type\" content=\"article\" \/>\n<meta property=\"og:title\" content=\"Normas de Conviv\u00eancia - Escola N. Sra. do Carmo | Rede ICM de Educa\u00e7\u00e3o\" \/>\n<meta property=\"og:description\" content=\"NORMAS DE CONVIV\u00caNCIA ESCOLAR Para o bom andamento das atividades da Escola e para um melhor atendimento tanto do aluno, como dos senhores respons\u00e1veis, seguem algumas informa\u00e7\u00f5es e normas educativas. HOR\u00c1RIO DE FUNCIONAMENTO\u2013 Recep\u00e7\u00e3o: das 7h \u00e0s 18h.\u2013 Secretaria: das 8h \u00e0s 12h e das 13h \u00e0s 17h, de segunda \u00e0 sexta-feira.\u2013 Tesouraria: das 7h30min [&hellip;]\" \/>\n<meta property=\"og:url\" content=\"https:\/\/redeicm.org.br\/carmo\/normas-de-convivencia\/\" \/>\n<meta property=\"og:site_name\" content=\"Escola N. Sra. do Carmo | Rede ICM de Educa\u00e7\u00e3o\" \/>\n<meta property=\"article:modified_time\" content=\"2024-08-20T13:23:36+00:00\" \/>\n<meta property=\"og:image\" content=\"https:\/\/redeicm.org.br\/carmo\/wp-content\/uploads\/sites\/5\/2024\/08\/banner-barbara-maix-1.jpg\" \/>\n\t<meta property=\"og:image:width\" content=\"1440\" \/>\n\t<meta property=\"og:image:height\" content=\"400\" \/>\n\t<meta property=\"og:image:type\" content=\"image\/jpeg\" \/>\n<meta name=\"twitter:card\" content=\"summary_large_image\" \/>\n<meta name=\"twitter:label1\" content=\"Est. tempo de leitura\" \/>\n\t<meta name=\"twitter:data1\" content=\"7 minutos\" \/>\n<script type=\"application\/ld+json\" class=\"yoast-schema-graph\">{\"@context\":\"https:\/\/schema.org\",\"@graph\":[{\"@type\":\"WebPage\",\"@id\":\"https:\/\/redeicm.org.br\/carmo\/normas-de-convivencia\/\",\"url\":\"https:\/\/redeicm.org.br\/carmo\/normas-de-convivencia\/\",\"name\":\"Normas de Conviv\u00eancia - Escola N. Sra. do Carmo | Rede ICM de Educa\u00e7\u00e3o\",\"isPartOf\":{\"@id\":\"https:\/\/redeicm.org.br\/carmo\/#website\"},\"primaryImageOfPage\":{\"@id\":\"https:\/\/redeicm.org.br\/carmo\/normas-de-convivencia\/#primaryimage\"},\"image\":{\"@id\":\"https:\/\/redeicm.org.br\/carmo\/normas-de-convivencia\/#primaryimage\"},\"thumbnailUrl\":\"https:\/\/redeicm.org.br\/carmo\/wp-content\/uploads\/sites\/5\/2024\/08\/banner-barbara-maix-1.jpg\",\"datePublished\":\"2024-08-20T13:23:09+00:00\",\"dateModified\":\"2024-08-20T13:23:36+00:00\",\"breadcrumb\":{\"@id\":\"https:\/\/redeicm.org.br\/carmo\/normas-de-convivencia\/#breadcrumb\"},\"inLanguage\":\"pt-BR\",\"potentialAction\":[{\"@type\":\"ReadAction\",\"target\":[\"https:\/\/redeicm.org.br\/carmo\/normas-de-convivencia\/\"]}]},{\"@type\":\"ImageObject\",\"inLanguage\":\"pt-BR\",\"@id\":\"https:\/\/redeicm.org.br\/carmo\/normas-de-convivencia\/#primaryimage\",\"url\":\"https:\/\/redeicm.org.br\/carmo\/wp-content\/uploads\/sites\/5\/2024\/08\/banner-barbara-maix-1.jpg\",\"contentUrl\":\"https:\/\/redeicm.org.br\/carmo\/wp-content\/uploads\/sites\/5\/2024\/08\/banner-barbara-maix-1.jpg\",\"width\":1440,\"height\":400},{\"@type\":\"BreadcrumbList\",\"@id\":\"https:\/\/redeicm.org.br\/carmo\/normas-de-convivencia\/#breadcrumb\",\"itemListElement\":[{\"@type\":\"ListItem\",\"position\":1,\"name\":\"In\u00edcio\",\"item\":\"https:\/\/redeicm.org.br\/carmo\/\"},{\"@type\":\"ListItem\",\"position\":2,\"name\":\"Normas de Conviv\u00eancia\"}]},{\"@type\":\"WebSite\",\"@id\":\"https:\/\/redeicm.org.br\/carmo\/#website\",\"url\":\"https:\/\/redeicm.org.br\/carmo\/\",\"name\":\"Escola N. Sra. do Carmo | Rede ICM de Educa\u00e7\u00e3o\",\"description\":\"\",\"publisher\":{\"@id\":\"https:\/\/redeicm.org.br\/carmo\/#organization\"},\"potentialAction\":[{\"@type\":\"SearchAction\",\"target\":{\"@type\":\"EntryPoint\",\"urlTemplate\":\"https:\/\/redeicm.org.br\/carmo\/?s={search_term_string}\"},\"query-input\":{\"@type\":\"PropertyValueSpecification\",\"valueRequired\":true,\"valueName\":\"search_term_string\"}}],\"inLanguage\":\"pt-BR\"},{\"@type\":\"Organization\",\"@id\":\"https:\/\/redeicm.org.br\/carmo\/#organization\",\"name\":\"Escola N. Sra. do Carmo | Rede ICM de Educa\u00e7\u00e3o\",\"url\":\"https:\/\/redeicm.org.br\/carmo\/\",\"logo\":{\"@type\":\"ImageObject\",\"inLanguage\":\"pt-BR\",\"@id\":\"https:\/\/redeicm.org.br\/carmo\/#\/schema\/logo\/image\/\",\"url\":\"https:\/\/redeicm.org.br\/carmo\/wp-content\/uploads\/sites\/5\/2024\/08\/logo_Carmo.png\",\"contentUrl\":\"https:\/\/redeicm.org.br\/carmo\/wp-content\/uploads\/sites\/5\/2024\/08\/logo_Carmo.png\",\"width\":1024,\"height\":512,\"caption\":\"Escola N. Sra. do Carmo | Rede ICM de Educa\u00e7\u00e3o\"},\"image\":{\"@id\":\"https:\/\/redeicm.org.br\/carmo\/#\/schema\/logo\/image\/\"}}]}<\/script>\n<!-- \/ Yoast SEO plugin. -->","yoast_head_json":{"title":"Normas de Conviv\u00eancia - Escola N. Sra. do Carmo | Rede ICM de Educa\u00e7\u00e3o","robots":{"index":"index","follow":"follow","max-snippet":"max-snippet:-1","max-image-preview":"max-image-preview:large","max-video-preview":"max-video-preview:-1"},"canonical":"https:\/\/redeicm.org.br\/carmo\/normas-de-convivencia\/","og_locale":"pt_BR","og_type":"article","og_title":"Normas de Conviv\u00eancia - Escola N. Sra. do Carmo | Rede ICM de Educa\u00e7\u00e3o","og_description":"NORMAS DE CONVIV\u00caNCIA ESCOLAR Para o bom andamento das atividades da Escola e para um melhor atendimento tanto do aluno, como dos senhores respons\u00e1veis, seguem algumas informa\u00e7\u00f5es e normas educativas. HOR\u00c1RIO DE FUNCIONAMENTO\u2013 Recep\u00e7\u00e3o: das 7h \u00e0s 18h.\u2013 Secretaria: das 8h \u00e0s 12h e das 13h \u00e0s 17h, de segunda \u00e0 sexta-feira.\u2013 Tesouraria: das 7h30min [&hellip;]","og_url":"https:\/\/redeicm.org.br\/carmo\/normas-de-convivencia\/","og_site_name":"Escola N. Sra. do Carmo | Rede ICM de Educa\u00e7\u00e3o","article_modified_time":"2024-08-20T13:23:36+00:00","og_image":[{"width":1440,"height":400,"url":"https:\/\/redeicm.org.br\/carmo\/wp-content\/uploads\/sites\/5\/2024\/08\/banner-barbara-maix-1.jpg","type":"image\/jpeg"}],"twitter_card":"summary_large_image","twitter_misc":{"Est. tempo de leitura":"7 minutos"},"schema":{"@context":"https:\/\/schema.org","@graph":[{"@type":"WebPage","@id":"https:\/\/redeicm.org.br\/carmo\/normas-de-convivencia\/","url":"https:\/\/redeicm.org.br\/carmo\/normas-de-convivencia\/","name":"Normas de Conviv\u00eancia - Escola N. Sra. do Carmo | Rede ICM de Educa\u00e7\u00e3o","isPartOf":{"@id":"https:\/\/redeicm.org.br\/carmo\/#website"},"primaryImageOfPage":{"@id":"https:\/\/redeicm.org.br\/carmo\/normas-de-convivencia\/#primaryimage"},"image":{"@id":"https:\/\/redeicm.org.br\/carmo\/normas-de-convivencia\/#primaryimage"},"thumbnailUrl":"https:\/\/redeicm.org.br\/carmo\/wp-content\/uploads\/sites\/5\/2024\/08\/banner-barbara-maix-1.jpg","datePublished":"2024-08-20T13:23:09+00:00","dateModified":"2024-08-20T13:23:36+00:00","breadcrumb":{"@id":"https:\/\/redeicm.org.br\/carmo\/normas-de-convivencia\/#breadcrumb"},"inLanguage":"pt-BR","potentialAction":[{"@type":"ReadAction","target":["https:\/\/redeicm.org.br\/carmo\/normas-de-convivencia\/"]}]},{"@type":"ImageObject","inLanguage":"pt-BR","@id":"https:\/\/redeicm.org.br\/carmo\/normas-de-convivencia\/#primaryimage","url":"https:\/\/redeicm.org.br\/carmo\/wp-content\/uploads\/sites\/5\/2024\/08\/banner-barbara-maix-1.jpg","contentUrl":"https:\/\/redeicm.org.br\/carmo\/wp-content\/uploads\/sites\/5\/2024\/08\/banner-barbara-maix-1.jpg","width":1440,"height":400},{"@type":"BreadcrumbList","@id":"https:\/\/redeicm.org.br\/carmo\/normas-de-convivencia\/#breadcrumb","itemListElement":[{"@type":"ListItem","position":1,"name":"In\u00edcio","item":"https:\/\/redeicm.org.br\/carmo\/"},{"@type":"ListItem","position":2,"name":"Normas de Conviv\u00eancia"}]},{"@type":"WebSite","@id":"https:\/\/redeicm.org.br\/carmo\/#website","url":"https:\/\/redeicm.org.br\/carmo\/","name":"Escola N. Sra. do Carmo | Rede ICM de Educa\u00e7\u00e3o","description":"","publisher":{"@id":"https:\/\/redeicm.org.br\/carmo\/#organization"},"potentialAction":[{"@type":"SearchAction","target":{"@type":"EntryPoint","urlTemplate":"https:\/\/redeicm.org.br\/carmo\/?s={search_term_string}"},"query-input":{"@type":"PropertyValueSpecification","valueRequired":true,"valueName":"search_term_string"}}],"inLanguage":"pt-BR"},{"@type":"Organization","@id":"https:\/\/redeicm.org.br\/carmo\/#organization","name":"Escola N. Sra. do Carmo | Rede ICM de Educa\u00e7\u00e3o","url":"https:\/\/redeicm.org.br\/carmo\/","logo":{"@type":"ImageObject","inLanguage":"pt-BR","@id":"https:\/\/redeicm.org.br\/carmo\/#\/schema\/logo\/image\/","url":"https:\/\/redeicm.org.br\/carmo\/wp-content\/uploads\/sites\/5\/2024\/08\/logo_Carmo.png","contentUrl":"https:\/\/redeicm.org.br\/carmo\/wp-content\/uploads\/sites\/5\/2024\/08\/logo_Carmo.png","width":1024,"height":512,"caption":"Escola N. Sra. do Carmo | Rede ICM de Educa\u00e7\u00e3o"},"image":{"@id":"https:\/\/redeicm.org.br\/carmo\/#\/schema\/logo\/image\/"}}]}},"_links":{"self":[{"href":"https:\/\/redeicm.org.br\/carmo\/wp-json\/wp\/v2\/pages\/406","targetHints":{"allow":["GET"]}}],"collection":[{"href":"https:\/\/redeicm.org.br\/carmo\/wp-json\/wp\/v2\/pages"}],"about":[{"href":"https:\/\/redeicm.org.br\/carmo\/wp-json\/wp\/v2\/types\/page"}],"author":[{"embeddable":true,"href":"https:\/\/redeicm.org.br\/carmo\/wp-json\/wp\/v2\/users\/1"}],"replies":[{"embeddable":true,"href":"https:\/\/redeicm.org.br\/carmo\/wp-json\/wp\/v2\/comments?post=406"}],"version-history":[{"count":0,"href":"https:\/\/redeicm.org.br\/carmo\/wp-json\/wp\/v2\/pages\/406\/revisions"}],"wp:featuredmedia":[{"embeddable":true,"href":"https:\/\/redeicm.org.br\/carmo\/wp-json\/wp\/v2\/media\/105"}],"wp:attachment":[{"href":"https:\/\/redeicm.org.br\/carmo\/wp-json\/wp\/v2\/media?parent=406"}],"curies":[{"name":"wp","href":"https:\/\/api.w.org\/{rel}","templated":true}]}}