{"id":829,"date":"2024-08-13T19:39:57","date_gmt":"2024-08-13T22:39:57","guid":{"rendered":"https:\/\/redeicm.org.br\/auxiliadora\/?page_id=829"},"modified":"2025-03-13T09:15:52","modified_gmt":"2025-03-13T12:15:52","slug":"gremio-estudantil","status":"publish","type":"page","link":"https:\/\/redeicm.org.br\/auxiliadora\/gremio-estudantil\/","title":{"rendered":"Gr\u00eamio Estudantil"},"content":{"rendered":"<h2>Gr\u00eamio Estudantil<\/h2>\n<p><strong>Gr\u00eamio Estudantil Gra\u00e7a Aranha\u00a0 \u2013 GEGA.<br \/>\n<\/strong>O Gr\u00eamio Estudantil Gra\u00e7a Aranha leva este nome, em homenagem ao escritor e diplomata brasileiro Jos\u00e9 Pereira da Gra\u00e7a Aranha, nascido em 1868 em S\u00e3o Luis no Maranh\u00e3o, formado em direito no Recife onde aderiu \u00e0 Filosofia e \u00e0\u00a0 concep\u00e7\u00e3o est\u00e9tica naturalista e materialista.<\/p>\n<p>A escola Auxiliadora, ao dar espa\u00e7o para a atua\u00e7\u00e3o dos estudantes, nos mais diferentes departamentos, como sociais, culturais, esportivos, jornal\u00edsticos, propagandas e rela\u00e7\u00f5es p\u00fablicas, brindou a comunidade, ao longo de sua hist\u00f3ria, com lideran\u00e7as capazes de assumir diferentes institui\u00e7\u00f5es de car\u00e1ter p\u00fablico e privado.<\/p>\n<p>&nbsp;<\/p>\n<p><img fetchpriority=\"high\" decoding=\"async\" src=\"https:\/\/redeicm.org.br\/auxiliadora\/wp-content\/uploads\/sites\/3\/2024\/08\/Azul-Claro.png\" alt=\"\" width=\"724\" height=\"131\" \/><\/p>\n","protected":false},"excerpt":{"rendered":"<p>Gr\u00eamio Estudantil Gr\u00eamio Estudantil Gra\u00e7a Aranha\u00a0 \u2013 GEGA. O Gr\u00eamio Estudantil Gra\u00e7a Aranha leva este nome, em homenagem ao escritor e diplomata brasileiro Jos\u00e9 Pereira da Gra\u00e7a Aranha, nascido em 1868 em S\u00e3o Luis no Maranh\u00e3o, formado em direito no Recife onde aderiu \u00e0 Filosofia e \u00e0\u00a0 concep\u00e7\u00e3o est\u00e9tica naturalista e materialista. A escola Auxiliadora, [&hellip;]<\/p>\n","protected":false},"author":1,"featured_media":145,"parent":0,"menu_order":0,"comment_status":"closed","ping_status":"closed","template":"","meta":{"_acf_changed":false,"footnotes":""},"class_list":["post-829","page","type-page","status-publish","has-post-thumbnail","hentry"],"acf":[],"yoast_head":"<!-- This site is optimized with the Yoast SEO plugin v26.3 - https:\/\/yoast.com\/wordpress\/plugins\/seo\/ -->\n<title>Gr\u00eamio Estudantil - Escola Nossa Senhora Auxiliadora<\/title>\n<meta name=\"robots\" content=\"index, follow, max-snippet:-1, max-image-preview:large, max-video-preview:-1\" \/>\n<link rel=\"canonical\" href=\"https:\/\/redeicm.org.br\/auxiliadora\/gremio-estudantil\/\" \/>\n<meta property=\"og:locale\" content=\"pt_BR\" \/>\n<meta property=\"og:type\" content=\"article\" \/>\n<meta property=\"og:title\" content=\"Gr\u00eamio Estudantil - Escola Nossa Senhora Auxiliadora\" \/>\n<meta property=\"og:description\" content=\"Gr\u00eamio Estudantil Gr\u00eamio Estudantil Gra\u00e7a Aranha\u00a0 \u2013 GEGA. O Gr\u00eamio Estudantil Gra\u00e7a Aranha leva este nome, em homenagem ao escritor e diplomata brasileiro Jos\u00e9 Pereira da Gra\u00e7a Aranha, nascido em 1868 em S\u00e3o Luis no Maranh\u00e3o, formado em direito no Recife onde aderiu \u00e0 Filosofia e \u00e0\u00a0 concep\u00e7\u00e3o est\u00e9tica naturalista e materialista. A escola Auxiliadora, [&hellip;]\" \/>\n<meta property=\"og:url\" content=\"https:\/\/redeicm.org.br\/auxiliadora\/gremio-estudantil\/\" \/>\n<meta property=\"og:site_name\" content=\"Escola Nossa Senhora Auxiliadora\" \/>\n<meta property=\"article:modified_time\" content=\"2025-03-13T12:15:52+00:00\" \/>\n<meta property=\"og:image\" content=\"https:\/\/redeicm.org.br\/auxiliadora\/wp-content\/uploads\/sites\/3\/2024\/08\/banner-educacao-infantil.jpg\" \/>\n\t<meta property=\"og:image:width\" content=\"1440\" \/>\n\t<meta property=\"og:image:height\" content=\"400\" \/>\n\t<meta property=\"og:image:type\" content=\"image\/jpeg\" \/>\n<meta name=\"twitter:card\" content=\"summary_large_image\" \/>\n<meta name=\"twitter:label1\" content=\"Est. tempo de leitura\" \/>\n\t<meta name=\"twitter:data1\" content=\"1 minuto\" \/>\n<script type=\"application\/ld+json\" class=\"yoast-schema-graph\">{\"@context\":\"https:\/\/schema.org\",\"@graph\":[{\"@type\":\"WebPage\",\"@id\":\"https:\/\/redeicm.org.br\/auxiliadora\/gremio-estudantil\/\",\"url\":\"https:\/\/redeicm.org.br\/auxiliadora\/gremio-estudantil\/\",\"name\":\"Gr\u00eamio Estudantil - Escola Nossa Senhora Auxiliadora\",\"isPartOf\":{\"@id\":\"https:\/\/redeicm.org.br\/auxiliadora\/#website\"},\"primaryImageOfPage\":{\"@id\":\"https:\/\/redeicm.org.br\/auxiliadora\/gremio-estudantil\/#primaryimage\"},\"image\":{\"@id\":\"https:\/\/redeicm.org.br\/auxiliadora\/gremio-estudantil\/#primaryimage\"},\"thumbnailUrl\":\"https:\/\/redeicm.org.br\/auxiliadora\/wp-content\/uploads\/sites\/3\/2024\/08\/banner-educacao-infantil.jpg\",\"datePublished\":\"2024-08-13T22:39:57+00:00\",\"dateModified\":\"2025-03-13T12:15:52+00:00\",\"breadcrumb\":{\"@id\":\"https:\/\/redeicm.org.br\/auxiliadora\/gremio-estudantil\/#breadcrumb\"},\"inLanguage\":\"pt-BR\",\"potentialAction\":[{\"@type\":\"ReadAction\",\"target\":[\"https:\/\/redeicm.org.br\/auxiliadora\/gremio-estudantil\/\"]}]},{\"@type\":\"ImageObject\",\"inLanguage\":\"pt-BR\",\"@id\":\"https:\/\/redeicm.org.br\/auxiliadora\/gremio-estudantil\/#primaryimage\",\"url\":\"https:\/\/redeicm.org.br\/auxiliadora\/wp-content\/uploads\/sites\/3\/2024\/08\/banner-educacao-infantil.jpg\",\"contentUrl\":\"https:\/\/redeicm.org.br\/auxiliadora\/wp-content\/uploads\/sites\/3\/2024\/08\/banner-educacao-infantil.jpg\",\"width\":1440,\"height\":400},{\"@type\":\"BreadcrumbList\",\"@id\":\"https:\/\/redeicm.org.br\/auxiliadora\/gremio-estudantil\/#breadcrumb\",\"itemListElement\":[{\"@type\":\"ListItem\",\"position\":1,\"name\":\"In\u00edcio\",\"item\":\"https:\/\/redeicm.org.br\/auxiliadora\/\"},{\"@type\":\"ListItem\",\"position\":2,\"name\":\"Gr\u00eamio Estudantil\"}]},{\"@type\":\"WebSite\",\"@id\":\"https:\/\/redeicm.org.br\/auxiliadora\/#website\",\"url\":\"https:\/\/redeicm.org.br\/auxiliadora\/\",\"name\":\"Escola Nossa Senhora Auxiliadora\",\"description\":\"\",\"publisher\":{\"@id\":\"https:\/\/redeicm.org.br\/auxiliadora\/#organization\"},\"potentialAction\":[{\"@type\":\"SearchAction\",\"target\":{\"@type\":\"EntryPoint\",\"urlTemplate\":\"https:\/\/redeicm.org.br\/auxiliadora\/?s={search_term_string}\"},\"query-input\":{\"@type\":\"PropertyValueSpecification\",\"valueRequired\":true,\"valueName\":\"search_term_string\"}}],\"inLanguage\":\"pt-BR\"},{\"@type\":\"Organization\",\"@id\":\"https:\/\/redeicm.org.br\/auxiliadora\/#organization\",\"name\":\"Escola Nossa Senhora Auxiliadora\",\"url\":\"https:\/\/redeicm.org.br\/auxiliadora\/\",\"logo\":{\"@type\":\"ImageObject\",\"inLanguage\":\"pt-BR\",\"@id\":\"https:\/\/redeicm.org.br\/auxiliadora\/#\/schema\/logo\/image\/\",\"url\":\"https:\/\/redeicm.org.br\/auxiliadora\/wp-content\/uploads\/sites\/3\/2024\/08\/ICM_Educacao_Auxiliadora_Preferencial_Cores-1024x401-1.png\",\"contentUrl\":\"https:\/\/redeicm.org.br\/auxiliadora\/wp-content\/uploads\/sites\/3\/2024\/08\/ICM_Educacao_Auxiliadora_Preferencial_Cores-1024x401-1.png\",\"width\":1024,\"height\":401,\"caption\":\"Escola Nossa Senhora Auxiliadora\"},\"image\":{\"@id\":\"https:\/\/redeicm.org.br\/auxiliadora\/#\/schema\/logo\/image\/\"}}]}<\/script>\n<!-- \/ Yoast SEO plugin. -->","yoast_head_json":{"title":"Gr\u00eamio Estudantil - Escola Nossa Senhora Auxiliadora","robots":{"index":"index","follow":"follow","max-snippet":"max-snippet:-1","max-image-preview":"max-image-preview:large","max-video-preview":"max-video-preview:-1"},"canonical":"https:\/\/redeicm.org.br\/auxiliadora\/gremio-estudantil\/","og_locale":"pt_BR","og_type":"article","og_title":"Gr\u00eamio Estudantil - Escola Nossa Senhora Auxiliadora","og_description":"Gr\u00eamio Estudantil Gr\u00eamio Estudantil Gra\u00e7a Aranha\u00a0 \u2013 GEGA. O Gr\u00eamio Estudantil Gra\u00e7a Aranha leva este nome, em homenagem ao escritor e diplomata brasileiro Jos\u00e9 Pereira da Gra\u00e7a Aranha, nascido em 1868 em S\u00e3o Luis no Maranh\u00e3o, formado em direito no Recife onde aderiu \u00e0 Filosofia e \u00e0\u00a0 concep\u00e7\u00e3o est\u00e9tica naturalista e materialista. A escola Auxiliadora, [&hellip;]","og_url":"https:\/\/redeicm.org.br\/auxiliadora\/gremio-estudantil\/","og_site_name":"Escola Nossa Senhora Auxiliadora","article_modified_time":"2025-03-13T12:15:52+00:00","og_image":[{"width":1440,"height":400,"url":"https:\/\/redeicm.org.br\/auxiliadora\/wp-content\/uploads\/sites\/3\/2024\/08\/banner-educacao-infantil.jpg","type":"image\/jpeg"}],"twitter_card":"summary_large_image","twitter_misc":{"Est. tempo de leitura":"1 minuto"},"schema":{"@context":"https:\/\/schema.org","@graph":[{"@type":"WebPage","@id":"https:\/\/redeicm.org.br\/auxiliadora\/gremio-estudantil\/","url":"https:\/\/redeicm.org.br\/auxiliadora\/gremio-estudantil\/","name":"Gr\u00eamio Estudantil - Escola Nossa Senhora Auxiliadora","isPartOf":{"@id":"https:\/\/redeicm.org.br\/auxiliadora\/#website"},"primaryImageOfPage":{"@id":"https:\/\/redeicm.org.br\/auxiliadora\/gremio-estudantil\/#primaryimage"},"image":{"@id":"https:\/\/redeicm.org.br\/auxiliadora\/gremio-estudantil\/#primaryimage"},"thumbnailUrl":"https:\/\/redeicm.org.br\/auxiliadora\/wp-content\/uploads\/sites\/3\/2024\/08\/banner-educacao-infantil.jpg","datePublished":"2024-08-13T22:39:57+00:00","dateModified":"2025-03-13T12:15:52+00:00","breadcrumb":{"@id":"https:\/\/redeicm.org.br\/auxiliadora\/gremio-estudantil\/#breadcrumb"},"inLanguage":"pt-BR","potentialAction":[{"@type":"ReadAction","target":["https:\/\/redeicm.org.br\/auxiliadora\/gremio-estudantil\/"]}]},{"@type":"ImageObject","inLanguage":"pt-BR","@id":"https:\/\/redeicm.org.br\/auxiliadora\/gremio-estudantil\/#primaryimage","url":"https:\/\/redeicm.org.br\/auxiliadora\/wp-content\/uploads\/sites\/3\/2024\/08\/banner-educacao-infantil.jpg","contentUrl":"https:\/\/redeicm.org.br\/auxiliadora\/wp-content\/uploads\/sites\/3\/2024\/08\/banner-educacao-infantil.jpg","width":1440,"height":400},{"@type":"BreadcrumbList","@id":"https:\/\/redeicm.org.br\/auxiliadora\/gremio-estudantil\/#breadcrumb","itemListElement":[{"@type":"ListItem","position":1,"name":"In\u00edcio","item":"https:\/\/redeicm.org.br\/auxiliadora\/"},{"@type":"ListItem","position":2,"name":"Gr\u00eamio Estudantil"}]},{"@type":"WebSite","@id":"https:\/\/redeicm.org.br\/auxiliadora\/#website","url":"https:\/\/redeicm.org.br\/auxiliadora\/","name":"Escola Nossa Senhora Auxiliadora","description":"","publisher":{"@id":"https:\/\/redeicm.org.br\/auxiliadora\/#organization"},"potentialAction":[{"@type":"SearchAction","target":{"@type":"EntryPoint","urlTemplate":"https:\/\/redeicm.org.br\/auxiliadora\/?s={search_term_string}"},"query-input":{"@type":"PropertyValueSpecification","valueRequired":true,"valueName":"search_term_string"}}],"inLanguage":"pt-BR"},{"@type":"Organization","@id":"https:\/\/redeicm.org.br\/auxiliadora\/#organization","name":"Escola Nossa Senhora Auxiliadora","url":"https:\/\/redeicm.org.br\/auxiliadora\/","logo":{"@type":"ImageObject","inLanguage":"pt-BR","@id":"https:\/\/redeicm.org.br\/auxiliadora\/#\/schema\/logo\/image\/","url":"https:\/\/redeicm.org.br\/auxiliadora\/wp-content\/uploads\/sites\/3\/2024\/08\/ICM_Educacao_Auxiliadora_Preferencial_Cores-1024x401-1.png","contentUrl":"https:\/\/redeicm.org.br\/auxiliadora\/wp-content\/uploads\/sites\/3\/2024\/08\/ICM_Educacao_Auxiliadora_Preferencial_Cores-1024x401-1.png","width":1024,"height":401,"caption":"Escola Nossa Senhora Auxiliadora"},"image":{"@id":"https:\/\/redeicm.org.br\/auxiliadora\/#\/schema\/logo\/image\/"}}]}},"_links":{"self":[{"href":"https:\/\/redeicm.org.br\/auxiliadora\/wp-json\/wp\/v2\/pages\/829","targetHints":{"allow":["GET"]}}],"collection":[{"href":"https:\/\/redeicm.org.br\/auxiliadora\/wp-json\/wp\/v2\/pages"}],"about":[{"href":"https:\/\/redeicm.org.br\/auxiliadora\/wp-json\/wp\/v2\/types\/page"}],"author":[{"embeddable":true,"href":"https:\/\/redeicm.org.br\/auxiliadora\/wp-json\/wp\/v2\/users\/1"}],"replies":[{"embeddable":true,"href":"https:\/\/redeicm.org.br\/auxiliadora\/wp-json\/wp\/v2\/comments?post=829"}],"version-history":[{"count":0,"href":"https:\/\/redeicm.org.br\/auxiliadora\/wp-json\/wp\/v2\/pages\/829\/revisions"}],"wp:featuredmedia":[{"embeddable":true,"href":"https:\/\/redeicm.org.br\/auxiliadora\/wp-json\/wp\/v2\/media\/145"}],"wp:attachment":[{"href":"https:\/\/redeicm.org.br\/auxiliadora\/wp-json\/wp\/v2\/media?parent=829"}],"curies":[{"name":"wp","href":"https:\/\/api.w.org\/{rel}","templated":true}]}}

Grêmio Estudantil

<h2>Grêmio Estudantil</h2>
<p><strong>Grêmio Estudantil Graça Aranha  – GEGA.<br />
</strong>O Grêmio Estudantil Graça Aranha leva este nome, em homenagem ao escritor e diplomata brasileiro José Pereira da Graça Aranha, nascido em 1868 em São Luis no Maranhão, formado em direito no Recife onde aderiu à Filosofia e à  concepção estética naturalista e materialista.</p>
<p>A escola Auxiliadora, ao dar espaço para a atuação dos estudantes, nos mais diferentes departamentos, como sociais, culturais, esportivos, jornalísticos, propagandas e relações públicas, brindou a comunidade, ao longo de sua história, com lideranças capazes de assumir diferentes instituições de caráter público e privado.</p>
<p>&nbsp;</p>
<p><img fetchpriority="high" decoding="async" src="https://redeicm.org.br/auxiliadora/wp-content/uploads/sites/3/2024/08/Azul-Claro.png" alt="" width="724" height="131" /></p>

<p>Grêmio Estudantil Grêmio Estudantil Graça Aranha  – GEGA. O Grêmio Estudantil Graça Aranha leva este nome, em homenagem ao escritor e diplomata brasileiro José Pereira da Graça Aranha, nascido em 1868 em São Luis no Maranhão, formado em direito no Recife onde aderiu à Filosofia e à  concepção estética naturalista e materialista. A escola Auxiliadora, [&hellip;]</p>

<!-- This site is optimized with the Yoast SEO plugin v26.3 - https://yoast.com/wordpress/plugins/seo/ -->
<title>Grêmio Estudantil - Escola Nossa Senhora Auxiliadora</title>
<meta name="robots" content="index, follow, max-snippet:-1, max-image-preview:large, max-video-preview:-1" />
<link rel="canonical" href="https://redeicm.org.br/auxiliadora/gremio-estudantil/" />
<meta property="og:locale" content="pt_BR" />
<meta property="og:type" content="article" />
<meta property="og:title" content="Grêmio Estudantil - Escola Nossa Senhora Auxiliadora" />
<meta property="og:description" content="Grêmio Estudantil Grêmio Estudantil Graça Aranha  – GEGA. O Grêmio Estudantil Graça Aranha leva este nome, em homenagem ao escritor e diplomata brasileiro José Pereira da Graça Aranha, nascido em 1868 em São Luis no Maranhão, formado em direito no Recife onde aderiu à Filosofia e à  concepção estética naturalista e materialista. A escola Auxiliadora, [&hellip;]" />
<meta property="og:url" content="https://redeicm.org.br/auxiliadora/gremio-estudantil/" />
<meta property="og:site_name" content="Escola Nossa Senhora Auxiliadora" />
<meta property="article:modified_time" content="2025-03-13T12:15:52+00:00" />
<meta property="og:image" content="https://redeicm.org.br/auxiliadora/wp-content/uploads/sites/3/2024/08/banner-educacao-infantil.jpg" />
	<meta property="og:image:width" content="1440" />
	<meta property="og:image:height" content="400" />
	<meta property="og:image:type" content="image/jpeg" />
<meta name="twitter:card" content="summary_large_image" />
<meta name="twitter:label1" content="Est. tempo de leitura" />
	<meta name="twitter:data1" content="1 minuto" />
<script type="application/ld+json" class="yoast-schema-graph">{"@context":"https://schema.org","@graph":[{"@type":"WebPage","@id":"https://redeicm.org.br/auxiliadora/gremio-estudantil/","url":"https://redeicm.org.br/auxiliadora/gremio-estudantil/","name":"Grêmio Estudantil - Escola Nossa Senhora Auxiliadora","isPartOf":{"@id":"https://redeicm.org.br/auxiliadora/#website"},"primaryImageOfPage":{"@id":"https://redeicm.org.br/auxiliadora/gremio-estudantil/#primaryimage"},"image":{"@id":"https://redeicm.org.br/auxiliadora/gremio-estudantil/#primaryimage"},"thumbnailUrl":"https://redeicm.org.br/auxiliadora/wp-content/uploads/sites/3/2024/08/banner-educacao-infantil.jpg","datePublished":"2024-08-13T22:39:57+00:00","dateModified":"2025-03-13T12:15:52+00:00","breadcrumb":{"@id":"https://redeicm.org.br/auxiliadora/gremio-estudantil/#breadcrumb"},"inLanguage":"pt-BR","potentialAction":[{"@type":"ReadAction","target":["https://redeicm.org.br/auxiliadora/gremio-estudantil/"]}]},{"@type":"ImageObject","inLanguage":"pt-BR","@id":"https://redeicm.org.br/auxiliadora/gremio-estudantil/#primaryimage","url":"https://redeicm.org.br/auxiliadora/wp-content/uploads/sites/3/2024/08/banner-educacao-infantil.jpg","contentUrl":"https://redeicm.org.br/auxiliadora/wp-content/uploads/sites/3/2024/08/banner-educacao-infantil.jpg","width":1440,"height":400},{"@type":"BreadcrumbList","@id":"https://redeicm.org.br/auxiliadora/gremio-estudantil/#breadcrumb","itemListElement":[{"@type":"ListItem","position":1,"name":"Início","item":"https://redeicm.org.br/auxiliadora/"},{"@type":"ListItem","position":2,"name":"Grêmio Estudantil"}]},{"@type":"WebSite","@id":"https://redeicm.org.br/auxiliadora/#website","url":"https://redeicm.org.br/auxiliadora/","name":"Escola Nossa Senhora Auxiliadora","description":"","publisher":{"@id":"https://redeicm.org.br/auxiliadora/#organization"},"potentialAction":[{"@type":"SearchAction","target":{"@type":"EntryPoint","urlTemplate":"https://redeicm.org.br/auxiliadora/?s={search_term_string}"},"query-input":{"@type":"PropertyValueSpecification","valueRequired":true,"valueName":"search_term_string"}}],"inLanguage":"pt-BR"},{"@type":"Organization","@id":"https://redeicm.org.br/auxiliadora/#organization","name":"Escola Nossa Senhora Auxiliadora","url":"https://redeicm.org.br/auxiliadora/","logo":{"@type":"ImageObject","inLanguage":"pt-BR","@id":"https://redeicm.org.br/auxiliadora/#/schema/logo/image/","url":"https://redeicm.org.br/auxiliadora/wp-content/uploads/sites/3/2024/08/ICM_Educacao_Auxiliadora_Preferencial_Cores-1024x401-1.png","contentUrl":"https://redeicm.org.br/auxiliadora/wp-content/uploads/sites/3/2024/08/ICM_Educacao_Auxiliadora_Preferencial_Cores-1024x401-1.png","width":1024,"height":401,"caption":"Escola Nossa Senhora Auxiliadora"},"image":{"@id":"https://redeicm.org.br/auxiliadora/#/schema/logo/image/"}}]}</script>
<!-- / Yoast SEO plugin. -->

Grêmio Estudantil - Escola Nossa Senhora Auxiliadora

Grêmio Estudantil Grêmio Estudantil Graça Aranha  – GEGA. O Grêmio Estudantil Graça Aranha leva este nome, em homenagem ao escritor e diplomata brasileiro José Pereira da Graça Aranha, nascido em 1868 em São Luis no Maranhão, formado em direito no Recife onde aderiu à Filosofia e à  concepção estética naturalista e materialista. A escola Auxiliadora, [&hellip;]

Início
