{"id":283,"date":"2024-08-11T09:30:31","date_gmt":"2024-08-11T12:30:31","guid":{"rendered":"https:\/\/redeicm.org.br\/auxiliadora\/?page_id=283"},"modified":"2024-08-11T09:32:44","modified_gmt":"2024-08-11T12:32:44","slug":"normas-de-convivencia","status":"publish","type":"page","link":"https:\/\/redeicm.org.br\/auxiliadora\/normas-de-convivencia\/","title":{"rendered":"Normas de Conviv\u00eancia"},"content":{"rendered":"\t\t<div data-elementor-type=\"wp-page\" data-elementor-id=\"283\" class=\"elementor elementor-283\" data-elementor-post-type=\"page\">\n\t\t\t\t<div class=\"elementor-element elementor-element-8ffd9bc e-flex e-con-boxed e-con e-parent\" data-id=\"8ffd9bc\" data-element_type=\"container\" data-e-type=\"container\" data-settings=\"{&quot;background_background&quot;:&quot;classic&quot;}\">\n\t\t\t\t\t<div class=\"e-con-inner\">\n\t\t\t\t<div class=\"elementor-element elementor-element-de9a91e elementor-widget elementor-widget-heading\" data-id=\"de9a91e\" data-element_type=\"widget\" data-e-type=\"widget\" data-widget_type=\"heading.default\">\n\t\t\t\t<div class=\"elementor-widget-container\">\n\t\t\t\t\t<h1 class=\"elementor-heading-title elementor-size-default\">Normas de Conviv\u00eancia\n<\/h1>\t\t\t\t<\/div>\n\t\t\t\t<\/div>\n\t\t\t\t\t<\/div>\n\t\t\t\t<\/div>\n\t\t<div class=\"elementor-element elementor-element-24caf02 e-con-full e-flex e-con e-parent\" data-id=\"24caf02\" data-element_type=\"container\" data-e-type=\"container\">\n\t\t<div class=\"elementor-element elementor-element-4ae2dfec e-flex e-con-boxed e-con e-child\" data-id=\"4ae2dfec\" data-element_type=\"container\" data-e-type=\"container\">\n\t\t\t\t\t<div class=\"e-con-inner\">\n\t\t\t\t<div class=\"elementor-element elementor-element-7f20682 elementor-invisible elementor-widget elementor-widget-text-editor\" data-id=\"7f20682\" data-element_type=\"widget\" data-e-type=\"widget\" data-settings=\"{&quot;_animation&quot;:&quot;fadeInUp&quot;}\" data-widget_type=\"text-editor.default\">\n\t\t\t\t<div class=\"elementor-widget-container\">\n\t\t\t\t\t\t\t\t\t<section class=\"l-section wpb_row height_medium\"><div class=\"l-section-h i-cf\"><div class=\"g-cols vc_row via_flex valign_top type_default stacking_default\"><div class=\"vc_col-sm-12 wpb_column vc_column_container has_text_color\"><div class=\"vc_column-inner us_custom_0259209c\"><div class=\"wpb_wrapper\"><div class=\"wpb_text_column us_custom_df5f4c97 has_text_color\"><div class=\"wpb_wrapper\"><section class=\"wpb-content-wrapper\"><section class=\"l-section wpb_row height_medium\"><div class=\"l-section-h i-cf\"><div class=\"g-cols vc_row via_flex valign_top type_default stacking_default\"><div class=\"vc_col-sm-12 wpb_column vc_column_container\"><div class=\"vc_column-inner\"><div class=\"wpb_wrapper\"><div class=\"wpb_text_column\"><div class=\"wpb_wrapper\"><p>Para que todos tenham a mesma refer\u00eancia na sua conduta, a Escola Auxiliadora, baseada na Proposta Educacional da Congrega\u00e7\u00e3o das Irm\u00e3s do Imaculado Cora\u00e7\u00e3o de Maria, estabelece normas, a fim de que a Comunidade Escolar mantenha uma conviv\u00eancia saud\u00e1vel.<\/p><p>1. O uso do uniforme \u00e9 obrigat\u00f3rio todos os dias, independente de lanches compartilhados, datas comemorativas e passeios da escola (camiseta da escola\/bermuda ou cal\u00e7a da escola ou jeans azul).<\/p><p>2. O uso do uniforme \u00e9 obrigat\u00f3rio para os Alunos da manh\u00e3 e da tarde, inclusive para frequentarem refor\u00e7os escolares, laborat\u00f3rios de aprendizagem, biblioteca e outros no turno inverso.<\/p><p>3. O uso do celular \u00e9 proibido, salvo quando solicitado pelo professor. Consequ\u00eancia: caso utilize o celular sem a permiss\u00e3o do professor, o mesmo ser\u00e1 retirado e levado \u00e0 dire\u00e7\u00e3o e os pais dever\u00e3o retirar.<\/p><p>4. Sa\u00eddas antecipadas, somente com a autoriza\u00e7\u00e3o dos pais via agenda. N\u00e3o ser\u00e1 aceito pedido via telefone.<\/p><p>5. Quando faltar aula, o aluno deve buscar o material com o professor ou um colega.<\/p><p>6. Trazer agenda todos os dias.<\/p><p>7. Trazer copo ou garrafinha de \u00e1gua todos os dias.<\/p><p>8. Sempre respeitar os professores, funcion\u00e1rios, irm\u00e3s e colegas.<\/p><p>9. Zelar pelo patrim\u00f4nio escolar.<\/p><p>10. Vestir roupas adequadas e cabelo amarrado para a Educa\u00e7\u00e3o F\u00edsica. Consequ\u00eancia: n\u00e3o participa da aula pr\u00e1tica e realiza um relat\u00f3rio da aula.<\/p><p>11. Responsabilizar-se pelos seus pertences e materiais, identificando-os. A escola n\u00e3o se responsabiliza pela perda dos objetos.<\/p><p>12. O n\u00e3o comparecimento na prova na data marcada pelo professor, somente ser\u00e1 realizada em data posterior e turno inverso mediante a apresenta\u00e7\u00e3o de atestado m\u00e9dico \u00e0 coordena\u00e7\u00e3o no prazo de 48h ap\u00f3s o retorno a escola.<\/p><p>13. Xerox e impress\u00f5es particulares ser\u00e3o cobradas e dever\u00e3o ser feitas na hora do recreio.<\/p><p>14. \u00c9 dever do aluno entregar os trabalhos nas datas estipuladas, bem como realizar os temas de casa.<\/p><p>15. Expressamente proibido portar canivetes, facas, lan\u00e7as ou qualquer tipo de objeto que ofere\u00e7a risco a si e aos outros.<\/p><p>16. Agress\u00f5es f\u00edsicas e verbais dentro do ambiente escolas s\u00e3o INADMISS\u00cdVEIS e receber\u00e3o sans\u00f5es de acordo com a LEI N\u00ba 13.185, de 6 de novembro de 2015.<\/p><p>17. Atestados por doen\u00e7a justificam, por\u00e9m n\u00e3o abonam faltas.<\/p><p>18. Tr\u00eas faltas consecutivas sem aviso ser\u00e3o comunicadas ao conselho tutelar.<\/p><p>19. O aluno que exceder 25% de faltas ao longo do ano ser\u00e1 reprovado.<\/p><p>20. Todas as disciplinas s\u00e3o importantes e, por isso, podem reprovar o aluno.<\/p><p>21.\u00a0Grupos de WhatsApp: professores n\u00e3o participar\u00e3o de grupos de pais e nem de alunos e n\u00e3o responder\u00e3o mensagens, incluindo demais m\u00eddias sociais. O \u00fanico meio de comunica\u00e7\u00e3o \u00e9 a agenda.<\/p><p>22. Assuntos abordados em grupos de WhatsApp e demais redes sociais s\u00e3o de responsabilidade dos alunos e dos pais \u2013 N\u00c3O SER\u00c3O ABORDADOS E NEM DISCUTIDOS NA ESCOLA.<\/p><p>23. A sa\u00edda de Alunos, durante as aulas, para irem \u00e0 biblioteca, secretaria, tesouraria, xerox, bar, sala dos Professores, recep\u00e7\u00f5es, SOP \u2026\u00a0<strong>n\u00e3o \u00e9 permitida<\/strong>. Esses servi\u00e7os atendem durante o recreio, nos per\u00edodos livres e nos turnos inversos.<\/p><p>24. A entrega de materiais e recados \u00e9 feita somente na troca de per\u00edodos, bem como a entrada e a libera\u00e7\u00e3o de Alunos. As aulas n\u00e3o s\u00e3o interrompidas.<\/p><p>25. Os Alunos que n\u00e3o est\u00e3o em sala de aula, no in\u00edcio dos per\u00edodos, aguardam a pr\u00f3xima aula na biblioteca.<\/p><p>26. Por medida de seguran\u00e7a, durante o recreio e nos per\u00edodos de aulas em salas especiais, a sala de aula \u00e9 chaveada, n\u00e3o permanecendo ali nenhum Aluno.<\/p><p>27. O material escolar e o uniforme devem ser identificados. Em caso de perda, procurar na recep\u00e7\u00e3o.<\/p><p>28. A Escola n\u00e3o se responsabiliza pelos pertences dos Alunos (jogos eletr\u00f4nicos, aparelhos, joias, valores em dinheiro, celulares, pe\u00e7as do uniforme, material escolar\u2026).<\/p><p>29. Os comunicados aos Pais\/Respons\u00e1veis e aos Professores s\u00e3o feitos via agenda da Escola, obedecendo \u00e0 data (inclusive casos de sa\u00eddas antecipadas). Pedidos feitos por telefone ou em outro local que n\u00e3o seja a referida agenda n\u00e3o s\u00e3o aceitos.<\/p><p>30. Ap\u00f3s sinal para a troca de per\u00edodos, os alunos devem permanecer em sala, preparando-se para a pr\u00f3xima aula.<\/p><p>31. A escola n\u00e3o administra qualquer tipo de medica\u00e7\u00e3o vinda de casa sem a receita m\u00e9dica \u2013 Exig\u00eancia da Vigil\u00e2ncia Sanit\u00e1ria.<\/p><p>32. N\u00e3o \u00e9 permitido o uso da internet para acesso \u00e0s redes sociais, sites de jogos, chats e afins.<\/p><p>33. A Escola n\u00e3o fornece endere\u00e7os, telefones, e-mails e afins de Alunos, Professores e respectivos familiares.<\/p><p>34. Uniformes customizados ou modificados na sua estrutura original n\u00e3o ser\u00e3o aceitos.<\/p><p>35. Bon\u00e9 n\u00e3o faz parte do uniforme escolar, portanto n\u00e3o \u00e9 permitido o uso em sala de aula.<\/p><p>36. \u00c9 proibido \u00a0gravar aulas, palestras, encontros, educadores e colegas sem autoriza\u00e7\u00e3o.<\/p><p>37. \u00c9 proibido publicar na internet, fotos, filmagens ou brincadeiras que envolvam educadores, colegas ou a Escola em geral sem autoriza\u00e7\u00e3o.<\/p><p>38. \u00c9 proibido fraudar trabalhos, provas ou objetos, pois implicar\u00e1 em penalidades.<\/p><p>39. Alunos e familiares devem acatar os crit\u00e9rios utilizados pela Escola para a organiza\u00e7\u00e3o das turmas, dos hor\u00e1rios e das regras.<\/p><\/div><\/div><\/div><\/div><\/div><\/div><\/div><\/section><\/section><\/div><\/div><\/div><\/div><\/div><\/div><\/div><\/section>\t\t\t\t\t\t\t\t<\/div>\n\t\t\t\t<\/div>\n\t\t\t\t\t<\/div>\n\t\t\t\t<\/div>\n\t\t\t\t<\/div>\n\t\t\t\t<\/div>\n\t\t","protected":false},"excerpt":{"rendered":"<p>Normas de Conviv\u00eancia Para que todos tenham a mesma refer\u00eancia na sua conduta, a Escola Auxiliadora, baseada na Proposta Educacional da Congrega\u00e7\u00e3o das Irm\u00e3s do Imaculado Cora\u00e7\u00e3o de Maria, estabelece normas, a fim de que a Comunidade Escolar mantenha uma conviv\u00eancia saud\u00e1vel. 1. O uso do uniforme \u00e9 obrigat\u00f3rio todos os dias, independente de lanches [&hellip;]<\/p>\n","protected":false},"author":1,"featured_media":133,"parent":0,"menu_order":0,"comment_status":"closed","ping_status":"closed","template":"","meta":{"_acf_changed":false,"footnotes":""},"class_list":["post-283","page","type-page","status-publish","has-post-thumbnail","hentry"],"acf":[],"yoast_head":"<!-- This site is optimized with the Yoast SEO plugin v26.3 - https:\/\/yoast.com\/wordpress\/plugins\/seo\/ -->\n<title>Normas de Conviv\u00eancia - Escola Nossa Senhora Auxiliadora<\/title>\n<meta name=\"robots\" content=\"index, follow, max-snippet:-1, max-image-preview:large, max-video-preview:-1\" \/>\n<link rel=\"canonical\" href=\"https:\/\/redeicm.org.br\/auxiliadora\/normas-de-convivencia\/\" \/>\n<meta property=\"og:locale\" content=\"pt_BR\" \/>\n<meta property=\"og:type\" content=\"article\" \/>\n<meta property=\"og:title\" content=\"Normas de Conviv\u00eancia - Escola Nossa Senhora Auxiliadora\" \/>\n<meta property=\"og:description\" content=\"Normas de Conviv\u00eancia Para que todos tenham a mesma refer\u00eancia na sua conduta, a Escola Auxiliadora, baseada na Proposta Educacional da Congrega\u00e7\u00e3o das Irm\u00e3s do Imaculado Cora\u00e7\u00e3o de Maria, estabelece normas, a fim de que a Comunidade Escolar mantenha uma conviv\u00eancia saud\u00e1vel. 1. O uso do uniforme \u00e9 obrigat\u00f3rio todos os dias, independente de lanches [&hellip;]\" \/>\n<meta property=\"og:url\" content=\"https:\/\/redeicm.org.br\/auxiliadora\/normas-de-convivencia\/\" \/>\n<meta property=\"og:site_name\" content=\"Escola Nossa Senhora Auxiliadora\" \/>\n<meta property=\"article:modified_time\" content=\"2024-08-11T12:32:44+00:00\" \/>\n<meta property=\"og:image\" content=\"https:\/\/redeicm.org.br\/auxiliadora\/wp-content\/uploads\/sites\/3\/2024\/08\/banner-ensino-medio.jpg\" \/>\n\t<meta property=\"og:image:width\" content=\"1440\" \/>\n\t<meta property=\"og:image:height\" content=\"401\" \/>\n\t<meta property=\"og:image:type\" content=\"image\/jpeg\" \/>\n<meta name=\"twitter:card\" content=\"summary_large_image\" \/>\n<meta name=\"twitter:label1\" content=\"Est. tempo de leitura\" \/>\n\t<meta name=\"twitter:data1\" content=\"4 minutos\" \/>\n<script type=\"application\/ld+json\" class=\"yoast-schema-graph\">{\"@context\":\"https:\/\/schema.org\",\"@graph\":[{\"@type\":\"WebPage\",\"@id\":\"https:\/\/redeicm.org.br\/auxiliadora\/normas-de-convivencia\/\",\"url\":\"https:\/\/redeicm.org.br\/auxiliadora\/normas-de-convivencia\/\",\"name\":\"Normas de Conviv\u00eancia - Escola Nossa Senhora Auxiliadora\",\"isPartOf\":{\"@id\":\"https:\/\/redeicm.org.br\/auxiliadora\/#website\"},\"primaryImageOfPage\":{\"@id\":\"https:\/\/redeicm.org.br\/auxiliadora\/normas-de-convivencia\/#primaryimage\"},\"image\":{\"@id\":\"https:\/\/redeicm.org.br\/auxiliadora\/normas-de-convivencia\/#primaryimage\"},\"thumbnailUrl\":\"https:\/\/redeicm.org.br\/auxiliadora\/wp-content\/uploads\/sites\/3\/2024\/08\/banner-ensino-medio.jpg\",\"datePublished\":\"2024-08-11T12:30:31+00:00\",\"dateModified\":\"2024-08-11T12:32:44+00:00\",\"breadcrumb\":{\"@id\":\"https:\/\/redeicm.org.br\/auxiliadora\/normas-de-convivencia\/#breadcrumb\"},\"inLanguage\":\"pt-BR\",\"potentialAction\":[{\"@type\":\"ReadAction\",\"target\":[\"https:\/\/redeicm.org.br\/auxiliadora\/normas-de-convivencia\/\"]}]},{\"@type\":\"ImageObject\",\"inLanguage\":\"pt-BR\",\"@id\":\"https:\/\/redeicm.org.br\/auxiliadora\/normas-de-convivencia\/#primaryimage\",\"url\":\"https:\/\/redeicm.org.br\/auxiliadora\/wp-content\/uploads\/sites\/3\/2024\/08\/banner-ensino-medio.jpg\",\"contentUrl\":\"https:\/\/redeicm.org.br\/auxiliadora\/wp-content\/uploads\/sites\/3\/2024\/08\/banner-ensino-medio.jpg\",\"width\":1440,\"height\":401},{\"@type\":\"BreadcrumbList\",\"@id\":\"https:\/\/redeicm.org.br\/auxiliadora\/normas-de-convivencia\/#breadcrumb\",\"itemListElement\":[{\"@type\":\"ListItem\",\"position\":1,\"name\":\"In\u00edcio\",\"item\":\"https:\/\/redeicm.org.br\/auxiliadora\/\"},{\"@type\":\"ListItem\",\"position\":2,\"name\":\"Normas de Conviv\u00eancia\"}]},{\"@type\":\"WebSite\",\"@id\":\"https:\/\/redeicm.org.br\/auxiliadora\/#website\",\"url\":\"https:\/\/redeicm.org.br\/auxiliadora\/\",\"name\":\"Escola Nossa Senhora Auxiliadora\",\"description\":\"\",\"publisher\":{\"@id\":\"https:\/\/redeicm.org.br\/auxiliadora\/#organization\"},\"potentialAction\":[{\"@type\":\"SearchAction\",\"target\":{\"@type\":\"EntryPoint\",\"urlTemplate\":\"https:\/\/redeicm.org.br\/auxiliadora\/?s={search_term_string}\"},\"query-input\":{\"@type\":\"PropertyValueSpecification\",\"valueRequired\":true,\"valueName\":\"search_term_string\"}}],\"inLanguage\":\"pt-BR\"},{\"@type\":\"Organization\",\"@id\":\"https:\/\/redeicm.org.br\/auxiliadora\/#organization\",\"name\":\"Escola Nossa Senhora Auxiliadora\",\"url\":\"https:\/\/redeicm.org.br\/auxiliadora\/\",\"logo\":{\"@type\":\"ImageObject\",\"inLanguage\":\"pt-BR\",\"@id\":\"https:\/\/redeicm.org.br\/auxiliadora\/#\/schema\/logo\/image\/\",\"url\":\"https:\/\/redeicm.org.br\/auxiliadora\/wp-content\/uploads\/sites\/3\/2024\/08\/ICM_Educacao_Auxiliadora_Preferencial_Cores-1024x401-1.png\",\"contentUrl\":\"https:\/\/redeicm.org.br\/auxiliadora\/wp-content\/uploads\/sites\/3\/2024\/08\/ICM_Educacao_Auxiliadora_Preferencial_Cores-1024x401-1.png\",\"width\":1024,\"height\":401,\"caption\":\"Escola Nossa Senhora Auxiliadora\"},\"image\":{\"@id\":\"https:\/\/redeicm.org.br\/auxiliadora\/#\/schema\/logo\/image\/\"}}]}<\/script>\n<!-- \/ Yoast SEO plugin. -->","yoast_head_json":{"title":"Normas de Conviv\u00eancia - Escola Nossa Senhora Auxiliadora","robots":{"index":"index","follow":"follow","max-snippet":"max-snippet:-1","max-image-preview":"max-image-preview:large","max-video-preview":"max-video-preview:-1"},"canonical":"https:\/\/redeicm.org.br\/auxiliadora\/normas-de-convivencia\/","og_locale":"pt_BR","og_type":"article","og_title":"Normas de Conviv\u00eancia - Escola Nossa Senhora Auxiliadora","og_description":"Normas de Conviv\u00eancia Para que todos tenham a mesma refer\u00eancia na sua conduta, a Escola Auxiliadora, baseada na Proposta Educacional da Congrega\u00e7\u00e3o das Irm\u00e3s do Imaculado Cora\u00e7\u00e3o de Maria, estabelece normas, a fim de que a Comunidade Escolar mantenha uma conviv\u00eancia saud\u00e1vel. 1. O uso do uniforme \u00e9 obrigat\u00f3rio todos os dias, independente de lanches [&hellip;]","og_url":"https:\/\/redeicm.org.br\/auxiliadora\/normas-de-convivencia\/","og_site_name":"Escola Nossa Senhora Auxiliadora","article_modified_time":"2024-08-11T12:32:44+00:00","og_image":[{"width":1440,"height":401,"url":"https:\/\/redeicm.org.br\/auxiliadora\/wp-content\/uploads\/sites\/3\/2024\/08\/banner-ensino-medio.jpg","type":"image\/jpeg"}],"twitter_card":"summary_large_image","twitter_misc":{"Est. tempo de leitura":"4 minutos"},"schema":{"@context":"https:\/\/schema.org","@graph":[{"@type":"WebPage","@id":"https:\/\/redeicm.org.br\/auxiliadora\/normas-de-convivencia\/","url":"https:\/\/redeicm.org.br\/auxiliadora\/normas-de-convivencia\/","name":"Normas de Conviv\u00eancia - Escola Nossa Senhora Auxiliadora","isPartOf":{"@id":"https:\/\/redeicm.org.br\/auxiliadora\/#website"},"primaryImageOfPage":{"@id":"https:\/\/redeicm.org.br\/auxiliadora\/normas-de-convivencia\/#primaryimage"},"image":{"@id":"https:\/\/redeicm.org.br\/auxiliadora\/normas-de-convivencia\/#primaryimage"},"thumbnailUrl":"https:\/\/redeicm.org.br\/auxiliadora\/wp-content\/uploads\/sites\/3\/2024\/08\/banner-ensino-medio.jpg","datePublished":"2024-08-11T12:30:31+00:00","dateModified":"2024-08-11T12:32:44+00:00","breadcrumb":{"@id":"https:\/\/redeicm.org.br\/auxiliadora\/normas-de-convivencia\/#breadcrumb"},"inLanguage":"pt-BR","potentialAction":[{"@type":"ReadAction","target":["https:\/\/redeicm.org.br\/auxiliadora\/normas-de-convivencia\/"]}]},{"@type":"ImageObject","inLanguage":"pt-BR","@id":"https:\/\/redeicm.org.br\/auxiliadora\/normas-de-convivencia\/#primaryimage","url":"https:\/\/redeicm.org.br\/auxiliadora\/wp-content\/uploads\/sites\/3\/2024\/08\/banner-ensino-medio.jpg","contentUrl":"https:\/\/redeicm.org.br\/auxiliadora\/wp-content\/uploads\/sites\/3\/2024\/08\/banner-ensino-medio.jpg","width":1440,"height":401},{"@type":"BreadcrumbList","@id":"https:\/\/redeicm.org.br\/auxiliadora\/normas-de-convivencia\/#breadcrumb","itemListElement":[{"@type":"ListItem","position":1,"name":"In\u00edcio","item":"https:\/\/redeicm.org.br\/auxiliadora\/"},{"@type":"ListItem","position":2,"name":"Normas de Conviv\u00eancia"}]},{"@type":"WebSite","@id":"https:\/\/redeicm.org.br\/auxiliadora\/#website","url":"https:\/\/redeicm.org.br\/auxiliadora\/","name":"Escola Nossa Senhora Auxiliadora","description":"","publisher":{"@id":"https:\/\/redeicm.org.br\/auxiliadora\/#organization"},"potentialAction":[{"@type":"SearchAction","target":{"@type":"EntryPoint","urlTemplate":"https:\/\/redeicm.org.br\/auxiliadora\/?s={search_term_string}"},"query-input":{"@type":"PropertyValueSpecification","valueRequired":true,"valueName":"search_term_string"}}],"inLanguage":"pt-BR"},{"@type":"Organization","@id":"https:\/\/redeicm.org.br\/auxiliadora\/#organization","name":"Escola Nossa Senhora Auxiliadora","url":"https:\/\/redeicm.org.br\/auxiliadora\/","logo":{"@type":"ImageObject","inLanguage":"pt-BR","@id":"https:\/\/redeicm.org.br\/auxiliadora\/#\/schema\/logo\/image\/","url":"https:\/\/redeicm.org.br\/auxiliadora\/wp-content\/uploads\/sites\/3\/2024\/08\/ICM_Educacao_Auxiliadora_Preferencial_Cores-1024x401-1.png","contentUrl":"https:\/\/redeicm.org.br\/auxiliadora\/wp-content\/uploads\/sites\/3\/2024\/08\/ICM_Educacao_Auxiliadora_Preferencial_Cores-1024x401-1.png","width":1024,"height":401,"caption":"Escola Nossa Senhora Auxiliadora"},"image":{"@id":"https:\/\/redeicm.org.br\/auxiliadora\/#\/schema\/logo\/image\/"}}]}},"_links":{"self":[{"href":"https:\/\/redeicm.org.br\/auxiliadora\/wp-json\/wp\/v2\/pages\/283","targetHints":{"allow":["GET"]}}],"collection":[{"href":"https:\/\/redeicm.org.br\/auxiliadora\/wp-json\/wp\/v2\/pages"}],"about":[{"href":"https:\/\/redeicm.org.br\/auxiliadora\/wp-json\/wp\/v2\/types\/page"}],"author":[{"embeddable":true,"href":"https:\/\/redeicm.org.br\/auxiliadora\/wp-json\/wp\/v2\/users\/1"}],"replies":[{"embeddable":true,"href":"https:\/\/redeicm.org.br\/auxiliadora\/wp-json\/wp\/v2\/comments?post=283"}],"version-history":[{"count":0,"href":"https:\/\/redeicm.org.br\/auxiliadora\/wp-json\/wp\/v2\/pages\/283\/revisions"}],"wp:featuredmedia":[{"embeddable":true,"href":"https:\/\/redeicm.org.br\/auxiliadora\/wp-json\/wp\/v2\/media\/133"}],"wp:attachment":[{"href":"https:\/\/redeicm.org.br\/auxiliadora\/wp-json\/wp\/v2\/media?parent=283"}],"curies":[{"name":"wp","href":"https:\/\/api.w.org\/{rel}","templated":true}]}}