{"id":408,"date":"2024-08-15T14:38:31","date_gmt":"2024-08-15T17:38:31","guid":{"rendered":"https:\/\/redeicm.org.br\/aparecida\/?page_id=408"},"modified":"2024-08-15T14:42:15","modified_gmt":"2024-08-15T17:42:15","slug":"cursos","status":"publish","type":"page","link":"https:\/\/redeicm.org.br\/aparecida\/cursos\/","title":{"rendered":"Cursos"},"content":{"rendered":"\t\t<div data-elementor-type=\"wp-page\" data-elementor-id=\"408\" class=\"elementor elementor-408\" data-elementor-post-type=\"page\">\n\t\t\t\t<div class=\"elementor-element elementor-element-5e1af91 e-flex e-con-boxed e-con e-parent\" data-id=\"5e1af91\" data-element_type=\"container\" data-e-type=\"container\" data-settings=\"{&quot;background_background&quot;:&quot;classic&quot;}\">\n\t\t\t\t\t<div class=\"e-con-inner\">\n\t\t\t\t<div class=\"elementor-element elementor-element-433e953 elementor-widget elementor-widget-heading\" data-id=\"433e953\" data-element_type=\"widget\" data-e-type=\"widget\" data-widget_type=\"heading.default\">\n\t\t\t\t<div class=\"elementor-widget-container\">\n\t\t\t\t\t<h1 class=\"elementor-heading-title elementor-size-default\">Cursos<\/h1>\t\t\t\t<\/div>\n\t\t\t\t<\/div>\n\t\t\t\t\t<\/div>\n\t\t\t\t<\/div>\n\t\t<div class=\"elementor-element elementor-element-a8fa33c e-con-full e-flex e-con e-parent\" data-id=\"a8fa33c\" data-element_type=\"container\" data-e-type=\"container\">\n\t\t<div class=\"elementor-element elementor-element-f7fd5ea e-flex e-con-boxed e-con e-child\" data-id=\"f7fd5ea\" data-element_type=\"container\" data-e-type=\"container\">\n\t\t\t\t\t<div class=\"e-con-inner\">\n\t\t\t\t<div class=\"elementor-element elementor-element-0dd2e2a elementor-invisible elementor-widget elementor-widget-text-editor\" data-id=\"0dd2e2a\" data-element_type=\"widget\" data-e-type=\"widget\" data-settings=\"{&quot;_animation&quot;:&quot;fadeInUp&quot;}\" data-widget_type=\"text-editor.default\">\n\t\t\t\t<div class=\"elementor-widget-container\">\n\t\t\t\t\t\t\t\t\t<p>A Escola Nossa Senhora Aparecida, oferece\u00a0 uma educa\u00e7\u00e3o que incentiva e desenvolve os valores, a apropria\u00e7\u00e3o das compet\u00eancias e habilidades necess\u00e1rias para a participa\u00e7\u00e3o ativa, cr\u00edtica e \u00e9tica, favorecendo a constru\u00e7\u00e3o do conhecimento a servi\u00e7o do bem comum. Assegura educa\u00e7\u00e3o de qualidade e inclusiva a todos os alunos.<\/p><div class=\"wpb_text_column\"><div class=\"wpb_wrapper\"><p><strong>Nossa proposta<\/strong><\/p><p><strong>Educa\u00e7\u00e3o Infantil<\/strong>\u00a0\u2013 tem como finalidade o desenvolvimento integral da crian\u00e7a de at\u00e9 06 (seis) anos de idade, completando a a\u00e7\u00e3o da fam\u00edlia e da comunidade. Propicia a aquisi\u00e7\u00e3o do conhecimento, respeitando a especificidade da inf\u00e2ncia nos aspectos f\u00edsicos, psicol\u00f3gicos, intelectuais, sociais e cognitivos.<\/p><\/div><\/div><div class=\"wpb_text_column\"><div class=\"wpb_wrapper\"><p><strong>Sistema de avalia\u00e7\u00e3o:<\/strong><\/p><p>Educa\u00e7\u00e3o Infantil: tem dimens\u00e3o formadora, com o acompanhamento do processo cont\u00ednuo de desenvolvimento das crian\u00e7as e da apropria\u00e7\u00e3o do conhecimento como suporte para a a\u00e7\u00e3o educativa.<\/p><p><strong>Ensino Fundamental I:\u00a0<\/strong>tem por objetivo a forma\u00e7\u00e3o b\u00e1sica do cidad\u00e3o mediante o desenvolvimento da capacidade de aprender, proporcionando o pleno dom\u00ednio da leitura, da escrita e do c\u00e1lculo.<\/p><p><strong>Sistema de Avalia\u00e7\u00e3o:<\/strong><\/p><p>Ensino Fundamental: ser\u00e1 cont\u00ednua e cumulativa, com preval\u00eancia nos aspectos qualitativos sobre os quantitativos. Os resultados ser\u00e3o expressos em forma de notas de 0,0 a 10,0 com reten\u00e7\u00e3o ao final do ano para os alunos que n\u00e3o atingirem a m\u00e9dia 6,0 (seis v\u00edrgula zero).<\/p><\/div><\/div>\t\t\t\t\t\t\t\t<\/div>\n\t\t\t\t<\/div>\n\t\t\t\t\t<\/div>\n\t\t\t\t<\/div>\n\t\t\t\t<\/div>\n\t\t\t\t<\/div>\n\t\t","protected":false},"excerpt":{"rendered":"<p>Cursos A Escola Nossa Senhora Aparecida, oferece\u00a0 uma educa\u00e7\u00e3o que incentiva e desenvolve os valores, a apropria\u00e7\u00e3o das compet\u00eancias e habilidades necess\u00e1rias para a participa\u00e7\u00e3o ativa, cr\u00edtica e \u00e9tica, favorecendo a constru\u00e7\u00e3o do conhecimento a servi\u00e7o do bem comum. Assegura educa\u00e7\u00e3o de qualidade e inclusiva a todos os alunos. Nossa proposta Educa\u00e7\u00e3o Infantil\u00a0\u2013 tem como [&hellip;]<\/p>\n","protected":false},"author":1,"featured_media":0,"parent":0,"menu_order":0,"comment_status":"closed","ping_status":"closed","template":"","meta":{"_acf_changed":false,"footnotes":""},"class_list":["post-408","page","type-page","status-publish","hentry"],"acf":[],"yoast_head":"<!-- This site is optimized with the Yoast SEO plugin v26.3 - https:\/\/yoast.com\/wordpress\/plugins\/seo\/ -->\n<title>Cursos - Escola Nossa Senhora Aparecida | Rede ICM de Educa\u00e7\u00e3o<\/title>\n<meta name=\"robots\" content=\"index, follow, max-snippet:-1, max-image-preview:large, max-video-preview:-1\" \/>\n<link rel=\"canonical\" href=\"https:\/\/redeicm.org.br\/aparecida\/cursos\/\" \/>\n<meta property=\"og:locale\" content=\"pt_BR\" \/>\n<meta property=\"og:type\" content=\"article\" \/>\n<meta property=\"og:title\" content=\"Cursos - Escola Nossa Senhora Aparecida | Rede ICM de Educa\u00e7\u00e3o\" \/>\n<meta property=\"og:description\" content=\"Cursos A Escola Nossa Senhora Aparecida, oferece\u00a0 uma educa\u00e7\u00e3o que incentiva e desenvolve os valores, a apropria\u00e7\u00e3o das compet\u00eancias e habilidades necess\u00e1rias para a participa\u00e7\u00e3o ativa, cr\u00edtica e \u00e9tica, favorecendo a constru\u00e7\u00e3o do conhecimento a servi\u00e7o do bem comum. Assegura educa\u00e7\u00e3o de qualidade e inclusiva a todos os alunos. Nossa proposta Educa\u00e7\u00e3o Infantil\u00a0\u2013 tem como [&hellip;]\" \/>\n<meta property=\"og:url\" content=\"https:\/\/redeicm.org.br\/aparecida\/cursos\/\" \/>\n<meta property=\"og:site_name\" content=\"Escola Nossa Senhora Aparecida | Rede ICM de Educa\u00e7\u00e3o\" \/>\n<meta property=\"article:modified_time\" content=\"2024-08-15T17:42:15+00:00\" \/>\n<meta name=\"twitter:card\" content=\"summary_large_image\" \/>\n<meta name=\"twitter:label1\" content=\"Est. tempo de leitura\" \/>\n\t<meta name=\"twitter:data1\" content=\"1 minuto\" \/>\n<script type=\"application\/ld+json\" class=\"yoast-schema-graph\">{\"@context\":\"https:\/\/schema.org\",\"@graph\":[{\"@type\":\"WebPage\",\"@id\":\"https:\/\/redeicm.org.br\/aparecida\/cursos\/\",\"url\":\"https:\/\/redeicm.org.br\/aparecida\/cursos\/\",\"name\":\"Cursos - Escola Nossa Senhora Aparecida | Rede ICM de Educa\u00e7\u00e3o\",\"isPartOf\":{\"@id\":\"https:\/\/redeicm.org.br\/aparecida\/#website\"},\"datePublished\":\"2024-08-15T17:38:31+00:00\",\"dateModified\":\"2024-08-15T17:42:15+00:00\",\"breadcrumb\":{\"@id\":\"https:\/\/redeicm.org.br\/aparecida\/cursos\/#breadcrumb\"},\"inLanguage\":\"pt-BR\",\"potentialAction\":[{\"@type\":\"ReadAction\",\"target\":[\"https:\/\/redeicm.org.br\/aparecida\/cursos\/\"]}]},{\"@type\":\"BreadcrumbList\",\"@id\":\"https:\/\/redeicm.org.br\/aparecida\/cursos\/#breadcrumb\",\"itemListElement\":[{\"@type\":\"ListItem\",\"position\":1,\"name\":\"In\u00edcio\",\"item\":\"https:\/\/redeicm.org.br\/aparecida\/\"},{\"@type\":\"ListItem\",\"position\":2,\"name\":\"Cursos\"}]},{\"@type\":\"WebSite\",\"@id\":\"https:\/\/redeicm.org.br\/aparecida\/#website\",\"url\":\"https:\/\/redeicm.org.br\/aparecida\/\",\"name\":\"Escola Nossa Senhora Aparecida | Rede ICM de Educa\u00e7\u00e3o\",\"description\":\"\",\"publisher\":{\"@id\":\"https:\/\/redeicm.org.br\/aparecida\/#organization\"},\"potentialAction\":[{\"@type\":\"SearchAction\",\"target\":{\"@type\":\"EntryPoint\",\"urlTemplate\":\"https:\/\/redeicm.org.br\/aparecida\/?s={search_term_string}\"},\"query-input\":{\"@type\":\"PropertyValueSpecification\",\"valueRequired\":true,\"valueName\":\"search_term_string\"}}],\"inLanguage\":\"pt-BR\"},{\"@type\":\"Organization\",\"@id\":\"https:\/\/redeicm.org.br\/aparecida\/#organization\",\"name\":\"Escola Nossa Senhora Aparecida | Rede ICM de Educa\u00e7\u00e3o\",\"url\":\"https:\/\/redeicm.org.br\/aparecida\/\",\"logo\":{\"@type\":\"ImageObject\",\"inLanguage\":\"pt-BR\",\"@id\":\"https:\/\/redeicm.org.br\/aparecida\/#\/schema\/logo\/image\/\",\"url\":\"https:\/\/redeicm.org.br\/aparecida\/wp-content\/uploads\/sites\/4\/2024\/08\/logo-aparecida-header4.png\",\"contentUrl\":\"https:\/\/redeicm.org.br\/aparecida\/wp-content\/uploads\/sites\/4\/2024\/08\/logo-aparecida-header4.png\",\"width\":2735,\"height\":772,\"caption\":\"Escola Nossa Senhora Aparecida | Rede ICM de Educa\u00e7\u00e3o\"},\"image\":{\"@id\":\"https:\/\/redeicm.org.br\/aparecida\/#\/schema\/logo\/image\/\"}}]}<\/script>\n<!-- \/ Yoast SEO plugin. -->","yoast_head_json":{"title":"Cursos - Escola Nossa Senhora Aparecida | Rede ICM de Educa\u00e7\u00e3o","robots":{"index":"index","follow":"follow","max-snippet":"max-snippet:-1","max-image-preview":"max-image-preview:large","max-video-preview":"max-video-preview:-1"},"canonical":"https:\/\/redeicm.org.br\/aparecida\/cursos\/","og_locale":"pt_BR","og_type":"article","og_title":"Cursos - Escola Nossa Senhora Aparecida | Rede ICM de Educa\u00e7\u00e3o","og_description":"Cursos A Escola Nossa Senhora Aparecida, oferece\u00a0 uma educa\u00e7\u00e3o que incentiva e desenvolve os valores, a apropria\u00e7\u00e3o das compet\u00eancias e habilidades necess\u00e1rias para a participa\u00e7\u00e3o ativa, cr\u00edtica e \u00e9tica, favorecendo a constru\u00e7\u00e3o do conhecimento a servi\u00e7o do bem comum. Assegura educa\u00e7\u00e3o de qualidade e inclusiva a todos os alunos. Nossa proposta Educa\u00e7\u00e3o Infantil\u00a0\u2013 tem como [&hellip;]","og_url":"https:\/\/redeicm.org.br\/aparecida\/cursos\/","og_site_name":"Escola Nossa Senhora Aparecida | Rede ICM de Educa\u00e7\u00e3o","article_modified_time":"2024-08-15T17:42:15+00:00","twitter_card":"summary_large_image","twitter_misc":{"Est. tempo de leitura":"1 minuto"},"schema":{"@context":"https:\/\/schema.org","@graph":[{"@type":"WebPage","@id":"https:\/\/redeicm.org.br\/aparecida\/cursos\/","url":"https:\/\/redeicm.org.br\/aparecida\/cursos\/","name":"Cursos - Escola Nossa Senhora Aparecida | Rede ICM de Educa\u00e7\u00e3o","isPartOf":{"@id":"https:\/\/redeicm.org.br\/aparecida\/#website"},"datePublished":"2024-08-15T17:38:31+00:00","dateModified":"2024-08-15T17:42:15+00:00","breadcrumb":{"@id":"https:\/\/redeicm.org.br\/aparecida\/cursos\/#breadcrumb"},"inLanguage":"pt-BR","potentialAction":[{"@type":"ReadAction","target":["https:\/\/redeicm.org.br\/aparecida\/cursos\/"]}]},{"@type":"BreadcrumbList","@id":"https:\/\/redeicm.org.br\/aparecida\/cursos\/#breadcrumb","itemListElement":[{"@type":"ListItem","position":1,"name":"In\u00edcio","item":"https:\/\/redeicm.org.br\/aparecida\/"},{"@type":"ListItem","position":2,"name":"Cursos"}]},{"@type":"WebSite","@id":"https:\/\/redeicm.org.br\/aparecida\/#website","url":"https:\/\/redeicm.org.br\/aparecida\/","name":"Escola Nossa Senhora Aparecida | Rede ICM de Educa\u00e7\u00e3o","description":"","publisher":{"@id":"https:\/\/redeicm.org.br\/aparecida\/#organization"},"potentialAction":[{"@type":"SearchAction","target":{"@type":"EntryPoint","urlTemplate":"https:\/\/redeicm.org.br\/aparecida\/?s={search_term_string}"},"query-input":{"@type":"PropertyValueSpecification","valueRequired":true,"valueName":"search_term_string"}}],"inLanguage":"pt-BR"},{"@type":"Organization","@id":"https:\/\/redeicm.org.br\/aparecida\/#organization","name":"Escola Nossa Senhora Aparecida | Rede ICM de Educa\u00e7\u00e3o","url":"https:\/\/redeicm.org.br\/aparecida\/","logo":{"@type":"ImageObject","inLanguage":"pt-BR","@id":"https:\/\/redeicm.org.br\/aparecida\/#\/schema\/logo\/image\/","url":"https:\/\/redeicm.org.br\/aparecida\/wp-content\/uploads\/sites\/4\/2024\/08\/logo-aparecida-header4.png","contentUrl":"https:\/\/redeicm.org.br\/aparecida\/wp-content\/uploads\/sites\/4\/2024\/08\/logo-aparecida-header4.png","width":2735,"height":772,"caption":"Escola Nossa Senhora Aparecida | Rede ICM de Educa\u00e7\u00e3o"},"image":{"@id":"https:\/\/redeicm.org.br\/aparecida\/#\/schema\/logo\/image\/"}}]}},"_links":{"self":[{"href":"https:\/\/redeicm.org.br\/aparecida\/wp-json\/wp\/v2\/pages\/408","targetHints":{"allow":["GET"]}}],"collection":[{"href":"https:\/\/redeicm.org.br\/aparecida\/wp-json\/wp\/v2\/pages"}],"about":[{"href":"https:\/\/redeicm.org.br\/aparecida\/wp-json\/wp\/v2\/types\/page"}],"author":[{"embeddable":true,"href":"https:\/\/redeicm.org.br\/aparecida\/wp-json\/wp\/v2\/users\/1"}],"replies":[{"embeddable":true,"href":"https:\/\/redeicm.org.br\/aparecida\/wp-json\/wp\/v2\/comments?post=408"}],"version-history":[{"count":0,"href":"https:\/\/redeicm.org.br\/aparecida\/wp-json\/wp\/v2\/pages\/408\/revisions"}],"wp:attachment":[{"href":"https:\/\/redeicm.org.br\/aparecida\/wp-json\/wp\/v2\/media?parent=408"}],"curies":[{"name":"wp","href":"https:\/\/api.w.org\/{rel}","templated":true}]}}