{"id":392,"date":"2024-08-15T14:30:19","date_gmt":"2024-08-15T17:30:19","guid":{"rendered":"https:\/\/redeicm.org.br\/aparecida\/?page_id=392"},"modified":"2024-08-15T14:30:51","modified_gmt":"2024-08-15T17:30:51","slug":"certificado-de-entidade-beneficente-de-assistencia-social","status":"publish","type":"page","link":"https:\/\/redeicm.org.br\/aparecida\/certificado-de-entidade-beneficente-de-assistencia-social\/","title":{"rendered":"Certificado de Entidade Beneficente de Assist\u00eancia Social"},"content":{"rendered":"\t\t<div data-elementor-type=\"wp-page\" data-elementor-id=\"392\" class=\"elementor elementor-392\" data-elementor-post-type=\"page\">\n\t\t\t\t<div class=\"elementor-element elementor-element-74a497a e-flex e-con-boxed e-con e-parent\" data-id=\"74a497a\" data-element_type=\"container\" data-e-type=\"container\" data-settings=\"{&quot;background_background&quot;:&quot;classic&quot;}\">\n\t\t\t\t\t<div class=\"e-con-inner\">\n\t\t\t\t<div class=\"elementor-element elementor-element-0576b75 elementor-widget elementor-widget-heading\" data-id=\"0576b75\" data-element_type=\"widget\" data-e-type=\"widget\" data-widget_type=\"heading.default\">\n\t\t\t\t<div class=\"elementor-widget-container\">\n\t\t\t\t\t<h1 class=\"elementor-heading-title elementor-size-default\">CERTIFICADO DE ENTIDADE BENEFICENTE DE ASSIST\u00caNCIA SOCIAL<\/h1>\t\t\t\t<\/div>\n\t\t\t\t<\/div>\n\t\t\t\t\t<\/div>\n\t\t\t\t<\/div>\n\t\t<div class=\"elementor-element elementor-element-3b6150a e-flex e-con-boxed e-con e-parent\" data-id=\"3b6150a\" data-element_type=\"container\" data-e-type=\"container\">\n\t\t\t\t\t<div class=\"e-con-inner\">\n\t\t\t\t<div class=\"elementor-element elementor-element-39e012d elementor-widget elementor-widget-image\" data-id=\"39e012d\" data-element_type=\"widget\" data-e-type=\"widget\" data-widget_type=\"image.default\">\n\t\t\t\t<div class=\"elementor-widget-container\">\n\t\t\t\t\t\t\t\t\t\t\t\t\t\t\t<img fetchpriority=\"high\" decoding=\"async\" width=\"800\" height=\"562\" src=\"https:\/\/redeicm.org.br\/aparecida\/wp-content\/uploads\/sites\/4\/2024\/08\/Entidade-Beneficiente-1024x719-1.png\" class=\"attachment-large size-large wp-image-394\" alt=\"\" srcset=\"https:\/\/redeicm.org.br\/aparecida\/wp-content\/uploads\/sites\/4\/2024\/08\/Entidade-Beneficiente-1024x719-1.png 1024w, https:\/\/redeicm.org.br\/aparecida\/wp-content\/uploads\/sites\/4\/2024\/08\/Entidade-Beneficiente-1024x719-1-300x211.png 300w, https:\/\/redeicm.org.br\/aparecida\/wp-content\/uploads\/sites\/4\/2024\/08\/Entidade-Beneficiente-1024x719-1-768x539.png 768w\" sizes=\"(max-width: 800px) 100vw, 800px\" \/>\t\t\t\t\t\t\t\t\t\t\t\t\t\t\t<\/div>\n\t\t\t\t<\/div>\n\t\t\t\t\t<\/div>\n\t\t\t\t<\/div>\n\t\t\t\t<\/div>\n\t\t","protected":false},"excerpt":{"rendered":"<p>CERTIFICADO DE ENTIDADE BENEFICENTE DE ASSIST\u00caNCIA SOCIAL<\/p>\n","protected":false},"author":1,"featured_media":0,"parent":0,"menu_order":0,"comment_status":"closed","ping_status":"closed","template":"","meta":{"_acf_changed":false,"footnotes":""},"class_list":["post-392","page","type-page","status-publish","hentry"],"acf":[],"yoast_head":"<!-- This site is optimized with the Yoast SEO plugin v26.3 - https:\/\/yoast.com\/wordpress\/plugins\/seo\/ -->\n<title>Certificado de Entidade Beneficente de Assist\u00eancia Social - Escola Nossa Senhora Aparecida | Rede ICM de Educa\u00e7\u00e3o<\/title>\n<meta name=\"robots\" content=\"index, follow, max-snippet:-1, max-image-preview:large, max-video-preview:-1\" \/>\n<link rel=\"canonical\" href=\"https:\/\/redeicm.org.br\/aparecida\/certificado-de-entidade-beneficente-de-assistencia-social\/\" \/>\n<meta property=\"og:locale\" content=\"pt_BR\" \/>\n<meta property=\"og:type\" content=\"article\" \/>\n<meta property=\"og:title\" content=\"Certificado de Entidade Beneficente de Assist\u00eancia Social - Escola Nossa Senhora Aparecida | Rede ICM de Educa\u00e7\u00e3o\" \/>\n<meta property=\"og:description\" content=\"CERTIFICADO DE ENTIDADE BENEFICENTE DE ASSIST\u00caNCIA SOCIAL\" \/>\n<meta property=\"og:url\" content=\"https:\/\/redeicm.org.br\/aparecida\/certificado-de-entidade-beneficente-de-assistencia-social\/\" \/>\n<meta property=\"og:site_name\" content=\"Escola Nossa Senhora Aparecida | Rede ICM de Educa\u00e7\u00e3o\" \/>\n<meta property=\"article:modified_time\" content=\"2024-08-15T17:30:51+00:00\" \/>\n<meta property=\"og:image\" content=\"https:\/\/redeicm.org.br\/aparecida\/wp-content\/uploads\/sites\/4\/2024\/08\/Entidade-Beneficiente-1024x719-1.png\" \/>\n<meta name=\"twitter:card\" content=\"summary_large_image\" \/>\n<script type=\"application\/ld+json\" class=\"yoast-schema-graph\">{\"@context\":\"https:\/\/schema.org\",\"@graph\":[{\"@type\":\"WebPage\",\"@id\":\"https:\/\/redeicm.org.br\/aparecida\/certificado-de-entidade-beneficente-de-assistencia-social\/\",\"url\":\"https:\/\/redeicm.org.br\/aparecida\/certificado-de-entidade-beneficente-de-assistencia-social\/\",\"name\":\"Certificado de Entidade Beneficente de Assist\u00eancia Social - Escola Nossa Senhora Aparecida | Rede ICM de Educa\u00e7\u00e3o\",\"isPartOf\":{\"@id\":\"https:\/\/redeicm.org.br\/aparecida\/#website\"},\"primaryImageOfPage\":{\"@id\":\"https:\/\/redeicm.org.br\/aparecida\/certificado-de-entidade-beneficente-de-assistencia-social\/#primaryimage\"},\"image\":{\"@id\":\"https:\/\/redeicm.org.br\/aparecida\/certificado-de-entidade-beneficente-de-assistencia-social\/#primaryimage\"},\"thumbnailUrl\":\"https:\/\/redeicm.org.br\/aparecida\/wp-content\/uploads\/sites\/4\/2024\/08\/Entidade-Beneficiente-1024x719-1.png\",\"datePublished\":\"2024-08-15T17:30:19+00:00\",\"dateModified\":\"2024-08-15T17:30:51+00:00\",\"breadcrumb\":{\"@id\":\"https:\/\/redeicm.org.br\/aparecida\/certificado-de-entidade-beneficente-de-assistencia-social\/#breadcrumb\"},\"inLanguage\":\"pt-BR\",\"potentialAction\":[{\"@type\":\"ReadAction\",\"target\":[\"https:\/\/redeicm.org.br\/aparecida\/certificado-de-entidade-beneficente-de-assistencia-social\/\"]}]},{\"@type\":\"ImageObject\",\"inLanguage\":\"pt-BR\",\"@id\":\"https:\/\/redeicm.org.br\/aparecida\/certificado-de-entidade-beneficente-de-assistencia-social\/#primaryimage\",\"url\":\"https:\/\/redeicm.org.br\/aparecida\/wp-content\/uploads\/sites\/4\/2024\/08\/Entidade-Beneficiente-1024x719-1.png\",\"contentUrl\":\"https:\/\/redeicm.org.br\/aparecida\/wp-content\/uploads\/sites\/4\/2024\/08\/Entidade-Beneficiente-1024x719-1.png\",\"width\":1024,\"height\":719},{\"@type\":\"BreadcrumbList\",\"@id\":\"https:\/\/redeicm.org.br\/aparecida\/certificado-de-entidade-beneficente-de-assistencia-social\/#breadcrumb\",\"itemListElement\":[{\"@type\":\"ListItem\",\"position\":1,\"name\":\"In\u00edcio\",\"item\":\"https:\/\/redeicm.org.br\/aparecida\/\"},{\"@type\":\"ListItem\",\"position\":2,\"name\":\"Certificado de Entidade Beneficente de Assist\u00eancia Social\"}]},{\"@type\":\"WebSite\",\"@id\":\"https:\/\/redeicm.org.br\/aparecida\/#website\",\"url\":\"https:\/\/redeicm.org.br\/aparecida\/\",\"name\":\"Escola Nossa Senhora Aparecida | Rede ICM de Educa\u00e7\u00e3o\",\"description\":\"\",\"publisher\":{\"@id\":\"https:\/\/redeicm.org.br\/aparecida\/#organization\"},\"potentialAction\":[{\"@type\":\"SearchAction\",\"target\":{\"@type\":\"EntryPoint\",\"urlTemplate\":\"https:\/\/redeicm.org.br\/aparecida\/?s={search_term_string}\"},\"query-input\":{\"@type\":\"PropertyValueSpecification\",\"valueRequired\":true,\"valueName\":\"search_term_string\"}}],\"inLanguage\":\"pt-BR\"},{\"@type\":\"Organization\",\"@id\":\"https:\/\/redeicm.org.br\/aparecida\/#organization\",\"name\":\"Escola Nossa Senhora Aparecida | Rede ICM de Educa\u00e7\u00e3o\",\"url\":\"https:\/\/redeicm.org.br\/aparecida\/\",\"logo\":{\"@type\":\"ImageObject\",\"inLanguage\":\"pt-BR\",\"@id\":\"https:\/\/redeicm.org.br\/aparecida\/#\/schema\/logo\/image\/\",\"url\":\"https:\/\/redeicm.org.br\/aparecida\/wp-content\/uploads\/sites\/4\/2024\/08\/logo-aparecida-header4.png\",\"contentUrl\":\"https:\/\/redeicm.org.br\/aparecida\/wp-content\/uploads\/sites\/4\/2024\/08\/logo-aparecida-header4.png\",\"width\":2735,\"height\":772,\"caption\":\"Escola Nossa Senhora Aparecida | Rede ICM de Educa\u00e7\u00e3o\"},\"image\":{\"@id\":\"https:\/\/redeicm.org.br\/aparecida\/#\/schema\/logo\/image\/\"}}]}<\/script>\n<!-- \/ Yoast SEO plugin. -->","yoast_head_json":{"title":"Certificado de Entidade Beneficente de Assist\u00eancia Social - Escola Nossa Senhora Aparecida | Rede ICM de Educa\u00e7\u00e3o","robots":{"index":"index","follow":"follow","max-snippet":"max-snippet:-1","max-image-preview":"max-image-preview:large","max-video-preview":"max-video-preview:-1"},"canonical":"https:\/\/redeicm.org.br\/aparecida\/certificado-de-entidade-beneficente-de-assistencia-social\/","og_locale":"pt_BR","og_type":"article","og_title":"Certificado de Entidade Beneficente de Assist\u00eancia Social - Escola Nossa Senhora Aparecida | Rede ICM de Educa\u00e7\u00e3o","og_description":"CERTIFICADO DE ENTIDADE BENEFICENTE DE ASSIST\u00caNCIA SOCIAL","og_url":"https:\/\/redeicm.org.br\/aparecida\/certificado-de-entidade-beneficente-de-assistencia-social\/","og_site_name":"Escola Nossa Senhora Aparecida | Rede ICM de Educa\u00e7\u00e3o","article_modified_time":"2024-08-15T17:30:51+00:00","og_image":[{"url":"https:\/\/redeicm.org.br\/aparecida\/wp-content\/uploads\/sites\/4\/2024\/08\/Entidade-Beneficiente-1024x719-1.png","type":"","width":"","height":""}],"twitter_card":"summary_large_image","schema":{"@context":"https:\/\/schema.org","@graph":[{"@type":"WebPage","@id":"https:\/\/redeicm.org.br\/aparecida\/certificado-de-entidade-beneficente-de-assistencia-social\/","url":"https:\/\/redeicm.org.br\/aparecida\/certificado-de-entidade-beneficente-de-assistencia-social\/","name":"Certificado de Entidade Beneficente de Assist\u00eancia Social - Escola Nossa Senhora Aparecida | Rede ICM de Educa\u00e7\u00e3o","isPartOf":{"@id":"https:\/\/redeicm.org.br\/aparecida\/#website"},"primaryImageOfPage":{"@id":"https:\/\/redeicm.org.br\/aparecida\/certificado-de-entidade-beneficente-de-assistencia-social\/#primaryimage"},"image":{"@id":"https:\/\/redeicm.org.br\/aparecida\/certificado-de-entidade-beneficente-de-assistencia-social\/#primaryimage"},"thumbnailUrl":"https:\/\/redeicm.org.br\/aparecida\/wp-content\/uploads\/sites\/4\/2024\/08\/Entidade-Beneficiente-1024x719-1.png","datePublished":"2024-08-15T17:30:19+00:00","dateModified":"2024-08-15T17:30:51+00:00","breadcrumb":{"@id":"https:\/\/redeicm.org.br\/aparecida\/certificado-de-entidade-beneficente-de-assistencia-social\/#breadcrumb"},"inLanguage":"pt-BR","potentialAction":[{"@type":"ReadAction","target":["https:\/\/redeicm.org.br\/aparecida\/certificado-de-entidade-beneficente-de-assistencia-social\/"]}]},{"@type":"ImageObject","inLanguage":"pt-BR","@id":"https:\/\/redeicm.org.br\/aparecida\/certificado-de-entidade-beneficente-de-assistencia-social\/#primaryimage","url":"https:\/\/redeicm.org.br\/aparecida\/wp-content\/uploads\/sites\/4\/2024\/08\/Entidade-Beneficiente-1024x719-1.png","contentUrl":"https:\/\/redeicm.org.br\/aparecida\/wp-content\/uploads\/sites\/4\/2024\/08\/Entidade-Beneficiente-1024x719-1.png","width":1024,"height":719},{"@type":"BreadcrumbList","@id":"https:\/\/redeicm.org.br\/aparecida\/certificado-de-entidade-beneficente-de-assistencia-social\/#breadcrumb","itemListElement":[{"@type":"ListItem","position":1,"name":"In\u00edcio","item":"https:\/\/redeicm.org.br\/aparecida\/"},{"@type":"ListItem","position":2,"name":"Certificado de Entidade Beneficente de Assist\u00eancia Social"}]},{"@type":"WebSite","@id":"https:\/\/redeicm.org.br\/aparecida\/#website","url":"https:\/\/redeicm.org.br\/aparecida\/","name":"Escola Nossa Senhora Aparecida | Rede ICM de Educa\u00e7\u00e3o","description":"","publisher":{"@id":"https:\/\/redeicm.org.br\/aparecida\/#organization"},"potentialAction":[{"@type":"SearchAction","target":{"@type":"EntryPoint","urlTemplate":"https:\/\/redeicm.org.br\/aparecida\/?s={search_term_string}"},"query-input":{"@type":"PropertyValueSpecification","valueRequired":true,"valueName":"search_term_string"}}],"inLanguage":"pt-BR"},{"@type":"Organization","@id":"https:\/\/redeicm.org.br\/aparecida\/#organization","name":"Escola Nossa Senhora Aparecida | Rede ICM de Educa\u00e7\u00e3o","url":"https:\/\/redeicm.org.br\/aparecida\/","logo":{"@type":"ImageObject","inLanguage":"pt-BR","@id":"https:\/\/redeicm.org.br\/aparecida\/#\/schema\/logo\/image\/","url":"https:\/\/redeicm.org.br\/aparecida\/wp-content\/uploads\/sites\/4\/2024\/08\/logo-aparecida-header4.png","contentUrl":"https:\/\/redeicm.org.br\/aparecida\/wp-content\/uploads\/sites\/4\/2024\/08\/logo-aparecida-header4.png","width":2735,"height":772,"caption":"Escola Nossa Senhora Aparecida | Rede ICM de Educa\u00e7\u00e3o"},"image":{"@id":"https:\/\/redeicm.org.br\/aparecida\/#\/schema\/logo\/image\/"}}]}},"_links":{"self":[{"href":"https:\/\/redeicm.org.br\/aparecida\/wp-json\/wp\/v2\/pages\/392","targetHints":{"allow":["GET"]}}],"collection":[{"href":"https:\/\/redeicm.org.br\/aparecida\/wp-json\/wp\/v2\/pages"}],"about":[{"href":"https:\/\/redeicm.org.br\/aparecida\/wp-json\/wp\/v2\/types\/page"}],"author":[{"embeddable":true,"href":"https:\/\/redeicm.org.br\/aparecida\/wp-json\/wp\/v2\/users\/1"}],"replies":[{"embeddable":true,"href":"https:\/\/redeicm.org.br\/aparecida\/wp-json\/wp\/v2\/comments?post=392"}],"version-history":[{"count":0,"href":"https:\/\/redeicm.org.br\/aparecida\/wp-json\/wp\/v2\/pages\/392\/revisions"}],"wp:attachment":[{"href":"https:\/\/redeicm.org.br\/aparecida\/wp-json\/wp\/v2\/media?parent=392"}],"curies":[{"name":"wp","href":"https:\/\/api.w.org\/{rel}","templated":true}]}}

Certificado de Entidade Beneficente de Assistência Social

<div data-elementor-type="wp-page" data-elementor-id="392" class="elementor elementor-392" data-elementor-post-type="page">
				<div class="elementor-element elementor-element-74a497a e-flex e-con-boxed e-con e-parent" data-id="74a497a" data-element_type="container" data-e-type="container" data-settings="{&quot;background_background&quot;:&quot;classic&quot;}">
					<div class="e-con-inner">
				<div class="elementor-element elementor-element-0576b75 elementor-widget elementor-widget-heading" data-id="0576b75" data-element_type="widget" data-e-type="widget" data-widget_type="heading.default">
				<div class="elementor-widget-container">
					<h1 class="elementor-heading-title elementor-size-default">CERTIFICADO DE ENTIDADE BENEFICENTE DE ASSISTÊNCIA SOCIAL</h1>				</div>
				</div>
					</div>
				</div>
		<div class="elementor-element elementor-element-3b6150a e-flex e-con-boxed e-con e-parent" data-id="3b6150a" data-element_type="container" data-e-type="container">
					<div class="e-con-inner">
				<div class="elementor-element elementor-element-39e012d elementor-widget elementor-widget-image" data-id="39e012d" data-element_type="widget" data-e-type="widget" data-widget_type="image.default">
				<div class="elementor-widget-container">
															<img fetchpriority="high" decoding="async" width="800" height="562" src="https://redeicm.org.br/aparecida/wp-content/uploads/sites/4/2024/08/Entidade-Beneficiente-1024x719-1.png" class="attachment-large size-large wp-image-394" alt="" srcset="https://redeicm.org.br/aparecida/wp-content/uploads/sites/4/2024/08/Entidade-Beneficiente-1024x719-1.png 1024w, https://redeicm.org.br/aparecida/wp-content/uploads/sites/4/2024/08/Entidade-Beneficiente-1024x719-1-300x211.png 300w, https://redeicm.org.br/aparecida/wp-content/uploads/sites/4/2024/08/Entidade-Beneficiente-1024x719-1-768x539.png 768w" sizes="(max-width: 800px) 100vw, 800px" />															</div>
				</div>
					</div>
				</div>
				</div>

<p>CERTIFICADO DE ENTIDADE BENEFICENTE DE ASSISTÊNCIA SOCIAL</p>

<!-- This site is optimized with the Yoast SEO plugin v26.3 - https://yoast.com/wordpress/plugins/seo/ -->
<title>Certificado de Entidade Beneficente de Assistência Social - Escola Nossa Senhora Aparecida | Rede ICM de Educação</title>
<meta name="robots" content="index, follow, max-snippet:-1, max-image-preview:large, max-video-preview:-1" />
<link rel="canonical" href="https://redeicm.org.br/aparecida/certificado-de-entidade-beneficente-de-assistencia-social/" />
<meta property="og:locale" content="pt_BR" />
<meta property="og:type" content="article" />
<meta property="og:title" content="Certificado de Entidade Beneficente de Assistência Social - Escola Nossa Senhora Aparecida | Rede ICM de Educação" />
<meta property="og:description" content="CERTIFICADO DE ENTIDADE BENEFICENTE DE ASSISTÊNCIA SOCIAL" />
<meta property="og:url" content="https://redeicm.org.br/aparecida/certificado-de-entidade-beneficente-de-assistencia-social/" />
<meta property="og:site_name" content="Escola Nossa Senhora Aparecida | Rede ICM de Educação" />
<meta property="article:modified_time" content="2024-08-15T17:30:51+00:00" />
<meta property="og:image" content="https://redeicm.org.br/aparecida/wp-content/uploads/sites/4/2024/08/Entidade-Beneficiente-1024x719-1.png" />
<meta name="twitter:card" content="summary_large_image" />
<script type="application/ld+json" class="yoast-schema-graph">{"@context":"https://schema.org","@graph":[{"@type":"WebPage","@id":"https://redeicm.org.br/aparecida/certificado-de-entidade-beneficente-de-assistencia-social/","url":"https://redeicm.org.br/aparecida/certificado-de-entidade-beneficente-de-assistencia-social/","name":"Certificado de Entidade Beneficente de Assistência Social - Escola Nossa Senhora Aparecida | Rede ICM de Educação","isPartOf":{"@id":"https://redeicm.org.br/aparecida/#website"},"primaryImageOfPage":{"@id":"https://redeicm.org.br/aparecida/certificado-de-entidade-beneficente-de-assistencia-social/#primaryimage"},"image":{"@id":"https://redeicm.org.br/aparecida/certificado-de-entidade-beneficente-de-assistencia-social/#primaryimage"},"thumbnailUrl":"https://redeicm.org.br/aparecida/wp-content/uploads/sites/4/2024/08/Entidade-Beneficiente-1024x719-1.png","datePublished":"2024-08-15T17:30:19+00:00","dateModified":"2024-08-15T17:30:51+00:00","breadcrumb":{"@id":"https://redeicm.org.br/aparecida/certificado-de-entidade-beneficente-de-assistencia-social/#breadcrumb"},"inLanguage":"pt-BR","potentialAction":[{"@type":"ReadAction","target":["https://redeicm.org.br/aparecida/certificado-de-entidade-beneficente-de-assistencia-social/"]}]},{"@type":"ImageObject","inLanguage":"pt-BR","@id":"https://redeicm.org.br/aparecida/certificado-de-entidade-beneficente-de-assistencia-social/#primaryimage","url":"https://redeicm.org.br/aparecida/wp-content/uploads/sites/4/2024/08/Entidade-Beneficiente-1024x719-1.png","contentUrl":"https://redeicm.org.br/aparecida/wp-content/uploads/sites/4/2024/08/Entidade-Beneficiente-1024x719-1.png","width":1024,"height":719},{"@type":"BreadcrumbList","@id":"https://redeicm.org.br/aparecida/certificado-de-entidade-beneficente-de-assistencia-social/#breadcrumb","itemListElement":[{"@type":"ListItem","position":1,"name":"Início","item":"https://redeicm.org.br/aparecida/"},{"@type":"ListItem","position":2,"name":"Certificado de Entidade Beneficente de Assistência Social"}]},{"@type":"WebSite","@id":"https://redeicm.org.br/aparecida/#website","url":"https://redeicm.org.br/aparecida/","name":"Escola Nossa Senhora Aparecida | Rede ICM de Educação","description":"","publisher":{"@id":"https://redeicm.org.br/aparecida/#organization"},"potentialAction":[{"@type":"SearchAction","target":{"@type":"EntryPoint","urlTemplate":"https://redeicm.org.br/aparecida/?s={search_term_string}"},"query-input":{"@type":"PropertyValueSpecification","valueRequired":true,"valueName":"search_term_string"}}],"inLanguage":"pt-BR"},{"@type":"Organization","@id":"https://redeicm.org.br/aparecida/#organization","name":"Escola Nossa Senhora Aparecida | Rede ICM de Educação","url":"https://redeicm.org.br/aparecida/","logo":{"@type":"ImageObject","inLanguage":"pt-BR","@id":"https://redeicm.org.br/aparecida/#/schema/logo/image/","url":"https://redeicm.org.br/aparecida/wp-content/uploads/sites/4/2024/08/logo-aparecida-header4.png","contentUrl":"https://redeicm.org.br/aparecida/wp-content/uploads/sites/4/2024/08/logo-aparecida-header4.png","width":2735,"height":772,"caption":"Escola Nossa Senhora Aparecida | Rede ICM de Educação"},"image":{"@id":"https://redeicm.org.br/aparecida/#/schema/logo/image/"}}]}</script>
<!-- / Yoast SEO plugin. -->

Certificado de Entidade Beneficente de Assistência Social - Escola Nossa Senhora Aparecida | Rede ICM de Educação

CERTIFICADO DE ENTIDADE BENEFICENTE DE ASSISTÊNCIA SOCIAL

Escola Nossa Senhora Aparecida | Rede ICM de Educação

Início
