{"id":384,"date":"2024-08-15T14:27:30","date_gmt":"2024-08-15T17:27:30","guid":{"rendered":"https:\/\/redeicm.org.br\/aparecida\/?page_id=384"},"modified":"2024-08-15T14:28:31","modified_gmt":"2024-08-15T17:28:31","slug":"normas-de-convivencia","status":"publish","type":"page","link":"https:\/\/redeicm.org.br\/aparecida\/normas-de-convivencia\/","title":{"rendered":"Normas de Conviv\u00eancia"},"content":{"rendered":"\t\t<div data-elementor-type=\"wp-page\" data-elementor-id=\"384\" class=\"elementor elementor-384\" data-elementor-post-type=\"page\">\n\t\t\t\t<div class=\"elementor-element elementor-element-469bcfc e-flex e-con-boxed e-con e-parent\" data-id=\"469bcfc\" data-element_type=\"container\" data-e-type=\"container\" data-settings=\"{&quot;background_background&quot;:&quot;classic&quot;}\">\n\t\t\t\t\t<div class=\"e-con-inner\">\n\t\t\t\t<div class=\"elementor-element elementor-element-c7c28e8 elementor-widget elementor-widget-heading\" data-id=\"c7c28e8\" data-element_type=\"widget\" data-e-type=\"widget\" data-widget_type=\"heading.default\">\n\t\t\t\t<div class=\"elementor-widget-container\">\n\t\t\t\t\t<h1 class=\"elementor-heading-title elementor-size-default\">Normas de Conviv\u00eancia\n<\/h1>\t\t\t\t<\/div>\n\t\t\t\t<\/div>\n\t\t\t\t\t<\/div>\n\t\t\t\t<\/div>\n\t\t<div class=\"elementor-element elementor-element-de651a8 e-con-full e-flex e-con e-parent\" data-id=\"de651a8\" data-element_type=\"container\" data-e-type=\"container\">\n\t\t<div class=\"elementor-element elementor-element-63a7e9c e-flex e-con-boxed e-con e-child\" data-id=\"63a7e9c\" data-element_type=\"container\" data-e-type=\"container\">\n\t\t\t\t\t<div class=\"e-con-inner\">\n\t\t\t\t<div class=\"elementor-element elementor-element-0b78576 elementor-invisible elementor-widget elementor-widget-text-editor\" data-id=\"0b78576\" data-element_type=\"widget\" data-e-type=\"widget\" data-settings=\"{&quot;_animation&quot;:&quot;fadeInUp&quot;}\" data-widget_type=\"text-editor.default\">\n\t\t\t\t<div class=\"elementor-widget-container\">\n\t\t\t\t\t\t\t\t\t<p>\u2013 Evitar conversas entre pais e professores na entrada e na sa\u00edda das aulas;<\/p><p>\u2013 Agendar previamente atendimento entre pais e professores no hor\u00e1rio pr\u00e9-estabelecido;<\/p><p>\u2013 Sa\u00edda dos alunos no per\u00edodo da aula deve ser comunicado na secretaria com anteced\u00eancia por pessoa autorizada para retirada do aluno;<\/p><p>\u2013 Dia do brinquedo: momento de socializa\u00e7\u00e3o e intera\u00e7\u00e3o com outras crian\u00e7as \u2013 enviar brinquedo de casa somente neste dia estipulado e de prefer\u00eancia que seja simples, procurando n\u00e3o esquec\u00ea-lo;<\/p><p>\u2013 Uniforme: uso imprescind\u00edvel;<\/p><p>\u2013 No dia de educa\u00e7\u00e3o f\u00edsica vir sempre com meia e t\u00eanis (pode trazer chinelos para trocar ap\u00f3s a aula);<\/p><p>\u2013 Respeitar os hor\u00e1rios de entrada e sa\u00edda, pois muitas crian\u00e7as ficam inseguras e ansiosas quando ocorre atraso;<\/p><p>\u2013 Biblioteca: o livro \u00e9 enviado para casa uma vez por semana e deve ser devolvido no dia estipulado;<\/p><p>\u2013 Hor\u00e1rio de chegada da professora \u00e0 sala de aula na entrada: Manh\u00e3 \u00e0s 8h e Tarde \u00e0s 13h<\/p>\t\t\t\t\t\t\t\t<\/div>\n\t\t\t\t<\/div>\n\t\t\t\t\t<\/div>\n\t\t\t\t<\/div>\n\t\t\t\t<\/div>\n\t\t\t\t<\/div>\n\t\t","protected":false},"excerpt":{"rendered":"<p>Normas de Conviv\u00eancia \u2013 Evitar conversas entre pais e professores na entrada e na sa\u00edda das aulas; \u2013 Agendar previamente atendimento entre pais e professores no hor\u00e1rio pr\u00e9-estabelecido; \u2013 Sa\u00edda dos alunos no per\u00edodo da aula deve ser comunicado na secretaria com anteced\u00eancia por pessoa autorizada para retirada do aluno; \u2013 Dia do brinquedo: momento [&hellip;]<\/p>\n","protected":false},"author":1,"featured_media":0,"parent":0,"menu_order":0,"comment_status":"closed","ping_status":"closed","template":"","meta":{"_acf_changed":false,"footnotes":""},"class_list":["post-384","page","type-page","status-publish","hentry"],"acf":[],"yoast_head":"<!-- This site is optimized with the Yoast SEO plugin v26.3 - https:\/\/yoast.com\/wordpress\/plugins\/seo\/ -->\n<title>Normas de Conviv\u00eancia - Escola Nossa Senhora Aparecida | Rede ICM de Educa\u00e7\u00e3o<\/title>\n<meta name=\"robots\" content=\"index, follow, max-snippet:-1, max-image-preview:large, max-video-preview:-1\" \/>\n<link rel=\"canonical\" href=\"https:\/\/redeicm.org.br\/aparecida\/normas-de-convivencia\/\" \/>\n<meta property=\"og:locale\" content=\"pt_BR\" \/>\n<meta property=\"og:type\" content=\"article\" \/>\n<meta property=\"og:title\" content=\"Normas de Conviv\u00eancia - Escola Nossa Senhora Aparecida | Rede ICM de Educa\u00e7\u00e3o\" \/>\n<meta property=\"og:description\" content=\"Normas de Conviv\u00eancia \u2013 Evitar conversas entre pais e professores na entrada e na sa\u00edda das aulas; \u2013 Agendar previamente atendimento entre pais e professores no hor\u00e1rio pr\u00e9-estabelecido; \u2013 Sa\u00edda dos alunos no per\u00edodo da aula deve ser comunicado na secretaria com anteced\u00eancia por pessoa autorizada para retirada do aluno; \u2013 Dia do brinquedo: momento [&hellip;]\" \/>\n<meta property=\"og:url\" content=\"https:\/\/redeicm.org.br\/aparecida\/normas-de-convivencia\/\" \/>\n<meta property=\"og:site_name\" content=\"Escola Nossa Senhora Aparecida | Rede ICM de Educa\u00e7\u00e3o\" \/>\n<meta property=\"article:modified_time\" content=\"2024-08-15T17:28:31+00:00\" \/>\n<meta name=\"twitter:card\" content=\"summary_large_image\" \/>\n<meta name=\"twitter:label1\" content=\"Est. tempo de leitura\" \/>\n\t<meta name=\"twitter:data1\" content=\"1 minuto\" \/>\n<script type=\"application\/ld+json\" class=\"yoast-schema-graph\">{\"@context\":\"https:\/\/schema.org\",\"@graph\":[{\"@type\":\"WebPage\",\"@id\":\"https:\/\/redeicm.org.br\/aparecida\/normas-de-convivencia\/\",\"url\":\"https:\/\/redeicm.org.br\/aparecida\/normas-de-convivencia\/\",\"name\":\"Normas de Conviv\u00eancia - Escola Nossa Senhora Aparecida | Rede ICM de Educa\u00e7\u00e3o\",\"isPartOf\":{\"@id\":\"https:\/\/redeicm.org.br\/aparecida\/#website\"},\"datePublished\":\"2024-08-15T17:27:30+00:00\",\"dateModified\":\"2024-08-15T17:28:31+00:00\",\"breadcrumb\":{\"@id\":\"https:\/\/redeicm.org.br\/aparecida\/normas-de-convivencia\/#breadcrumb\"},\"inLanguage\":\"pt-BR\",\"potentialAction\":[{\"@type\":\"ReadAction\",\"target\":[\"https:\/\/redeicm.org.br\/aparecida\/normas-de-convivencia\/\"]}]},{\"@type\":\"BreadcrumbList\",\"@id\":\"https:\/\/redeicm.org.br\/aparecida\/normas-de-convivencia\/#breadcrumb\",\"itemListElement\":[{\"@type\":\"ListItem\",\"position\":1,\"name\":\"In\u00edcio\",\"item\":\"https:\/\/redeicm.org.br\/aparecida\/\"},{\"@type\":\"ListItem\",\"position\":2,\"name\":\"Normas de Conviv\u00eancia\"}]},{\"@type\":\"WebSite\",\"@id\":\"https:\/\/redeicm.org.br\/aparecida\/#website\",\"url\":\"https:\/\/redeicm.org.br\/aparecida\/\",\"name\":\"Escola Nossa Senhora Aparecida | Rede ICM de Educa\u00e7\u00e3o\",\"description\":\"\",\"publisher\":{\"@id\":\"https:\/\/redeicm.org.br\/aparecida\/#organization\"},\"potentialAction\":[{\"@type\":\"SearchAction\",\"target\":{\"@type\":\"EntryPoint\",\"urlTemplate\":\"https:\/\/redeicm.org.br\/aparecida\/?s={search_term_string}\"},\"query-input\":{\"@type\":\"PropertyValueSpecification\",\"valueRequired\":true,\"valueName\":\"search_term_string\"}}],\"inLanguage\":\"pt-BR\"},{\"@type\":\"Organization\",\"@id\":\"https:\/\/redeicm.org.br\/aparecida\/#organization\",\"name\":\"Escola Nossa Senhora Aparecida | Rede ICM de Educa\u00e7\u00e3o\",\"url\":\"https:\/\/redeicm.org.br\/aparecida\/\",\"logo\":{\"@type\":\"ImageObject\",\"inLanguage\":\"pt-BR\",\"@id\":\"https:\/\/redeicm.org.br\/aparecida\/#\/schema\/logo\/image\/\",\"url\":\"https:\/\/redeicm.org.br\/aparecida\/wp-content\/uploads\/sites\/4\/2024\/08\/logo-aparecida-header4.png\",\"contentUrl\":\"https:\/\/redeicm.org.br\/aparecida\/wp-content\/uploads\/sites\/4\/2024\/08\/logo-aparecida-header4.png\",\"width\":2735,\"height\":772,\"caption\":\"Escola Nossa Senhora Aparecida | Rede ICM de Educa\u00e7\u00e3o\"},\"image\":{\"@id\":\"https:\/\/redeicm.org.br\/aparecida\/#\/schema\/logo\/image\/\"}}]}<\/script>\n<!-- \/ Yoast SEO plugin. -->","yoast_head_json":{"title":"Normas de Conviv\u00eancia - Escola Nossa Senhora Aparecida | Rede ICM de Educa\u00e7\u00e3o","robots":{"index":"index","follow":"follow","max-snippet":"max-snippet:-1","max-image-preview":"max-image-preview:large","max-video-preview":"max-video-preview:-1"},"canonical":"https:\/\/redeicm.org.br\/aparecida\/normas-de-convivencia\/","og_locale":"pt_BR","og_type":"article","og_title":"Normas de Conviv\u00eancia - Escola Nossa Senhora Aparecida | Rede ICM de Educa\u00e7\u00e3o","og_description":"Normas de Conviv\u00eancia \u2013 Evitar conversas entre pais e professores na entrada e na sa\u00edda das aulas; \u2013 Agendar previamente atendimento entre pais e professores no hor\u00e1rio pr\u00e9-estabelecido; \u2013 Sa\u00edda dos alunos no per\u00edodo da aula deve ser comunicado na secretaria com anteced\u00eancia por pessoa autorizada para retirada do aluno; \u2013 Dia do brinquedo: momento [&hellip;]","og_url":"https:\/\/redeicm.org.br\/aparecida\/normas-de-convivencia\/","og_site_name":"Escola Nossa Senhora Aparecida | Rede ICM de Educa\u00e7\u00e3o","article_modified_time":"2024-08-15T17:28:31+00:00","twitter_card":"summary_large_image","twitter_misc":{"Est. tempo de leitura":"1 minuto"},"schema":{"@context":"https:\/\/schema.org","@graph":[{"@type":"WebPage","@id":"https:\/\/redeicm.org.br\/aparecida\/normas-de-convivencia\/","url":"https:\/\/redeicm.org.br\/aparecida\/normas-de-convivencia\/","name":"Normas de Conviv\u00eancia - Escola Nossa Senhora Aparecida | Rede ICM de Educa\u00e7\u00e3o","isPartOf":{"@id":"https:\/\/redeicm.org.br\/aparecida\/#website"},"datePublished":"2024-08-15T17:27:30+00:00","dateModified":"2024-08-15T17:28:31+00:00","breadcrumb":{"@id":"https:\/\/redeicm.org.br\/aparecida\/normas-de-convivencia\/#breadcrumb"},"inLanguage":"pt-BR","potentialAction":[{"@type":"ReadAction","target":["https:\/\/redeicm.org.br\/aparecida\/normas-de-convivencia\/"]}]},{"@type":"BreadcrumbList","@id":"https:\/\/redeicm.org.br\/aparecida\/normas-de-convivencia\/#breadcrumb","itemListElement":[{"@type":"ListItem","position":1,"name":"In\u00edcio","item":"https:\/\/redeicm.org.br\/aparecida\/"},{"@type":"ListItem","position":2,"name":"Normas de Conviv\u00eancia"}]},{"@type":"WebSite","@id":"https:\/\/redeicm.org.br\/aparecida\/#website","url":"https:\/\/redeicm.org.br\/aparecida\/","name":"Escola Nossa Senhora Aparecida | Rede ICM de Educa\u00e7\u00e3o","description":"","publisher":{"@id":"https:\/\/redeicm.org.br\/aparecida\/#organization"},"potentialAction":[{"@type":"SearchAction","target":{"@type":"EntryPoint","urlTemplate":"https:\/\/redeicm.org.br\/aparecida\/?s={search_term_string}"},"query-input":{"@type":"PropertyValueSpecification","valueRequired":true,"valueName":"search_term_string"}}],"inLanguage":"pt-BR"},{"@type":"Organization","@id":"https:\/\/redeicm.org.br\/aparecida\/#organization","name":"Escola Nossa Senhora Aparecida | Rede ICM de Educa\u00e7\u00e3o","url":"https:\/\/redeicm.org.br\/aparecida\/","logo":{"@type":"ImageObject","inLanguage":"pt-BR","@id":"https:\/\/redeicm.org.br\/aparecida\/#\/schema\/logo\/image\/","url":"https:\/\/redeicm.org.br\/aparecida\/wp-content\/uploads\/sites\/4\/2024\/08\/logo-aparecida-header4.png","contentUrl":"https:\/\/redeicm.org.br\/aparecida\/wp-content\/uploads\/sites\/4\/2024\/08\/logo-aparecida-header4.png","width":2735,"height":772,"caption":"Escola Nossa Senhora Aparecida | Rede ICM de Educa\u00e7\u00e3o"},"image":{"@id":"https:\/\/redeicm.org.br\/aparecida\/#\/schema\/logo\/image\/"}}]}},"_links":{"self":[{"href":"https:\/\/redeicm.org.br\/aparecida\/wp-json\/wp\/v2\/pages\/384","targetHints":{"allow":["GET"]}}],"collection":[{"href":"https:\/\/redeicm.org.br\/aparecida\/wp-json\/wp\/v2\/pages"}],"about":[{"href":"https:\/\/redeicm.org.br\/aparecida\/wp-json\/wp\/v2\/types\/page"}],"author":[{"embeddable":true,"href":"https:\/\/redeicm.org.br\/aparecida\/wp-json\/wp\/v2\/users\/1"}],"replies":[{"embeddable":true,"href":"https:\/\/redeicm.org.br\/aparecida\/wp-json\/wp\/v2\/comments?post=384"}],"version-history":[{"count":0,"href":"https:\/\/redeicm.org.br\/aparecida\/wp-json\/wp\/v2\/pages\/384\/revisions"}],"wp:attachment":[{"href":"https:\/\/redeicm.org.br\/aparecida\/wp-json\/wp\/v2\/media?parent=384"}],"curies":[{"name":"wp","href":"https:\/\/api.w.org\/{rel}","templated":true}]}}

Normas de Convivência

<div data-elementor-type="wp-page" data-elementor-id="384" class="elementor elementor-384" data-elementor-post-type="page">
				<div class="elementor-element elementor-element-469bcfc e-flex e-con-boxed e-con e-parent" data-id="469bcfc" data-element_type="container" data-e-type="container" data-settings="{&quot;background_background&quot;:&quot;classic&quot;}">
					<div class="e-con-inner">
				<div class="elementor-element elementor-element-c7c28e8 elementor-widget elementor-widget-heading" data-id="c7c28e8" data-element_type="widget" data-e-type="widget" data-widget_type="heading.default">
				<div class="elementor-widget-container">
					<h1 class="elementor-heading-title elementor-size-default">Normas de Convivência
</h1>				</div>
				</div>
					</div>
				</div>
		<div class="elementor-element elementor-element-de651a8 e-con-full e-flex e-con e-parent" data-id="de651a8" data-element_type="container" data-e-type="container">
		<div class="elementor-element elementor-element-63a7e9c e-flex e-con-boxed e-con e-child" data-id="63a7e9c" data-element_type="container" data-e-type="container">
					<div class="e-con-inner">
				<div class="elementor-element elementor-element-0b78576 elementor-invisible elementor-widget elementor-widget-text-editor" data-id="0b78576" data-element_type="widget" data-e-type="widget" data-settings="{&quot;_animation&quot;:&quot;fadeInUp&quot;}" data-widget_type="text-editor.default">
				<div class="elementor-widget-container">
									<p>– Evitar conversas entre pais e professores na entrada e na saída das aulas;</p><p>– Agendar previamente atendimento entre pais e professores no horário pré-estabelecido;</p><p>– Saída dos alunos no período da aula deve ser comunicado na secretaria com antecedência por pessoa autorizada para retirada do aluno;</p><p>– Dia do brinquedo: momento de socialização e interação com outras crianças – enviar brinquedo de casa somente neste dia estipulado e de preferência que seja simples, procurando não esquecê-lo;</p><p>– Uniforme: uso imprescindível;</p><p>– No dia de educação física vir sempre com meia e tênis (pode trazer chinelos para trocar após a aula);</p><p>– Respeitar os horários de entrada e saída, pois muitas crianças ficam inseguras e ansiosas quando ocorre atraso;</p><p>– Biblioteca: o livro é enviado para casa uma vez por semana e deve ser devolvido no dia estipulado;</p><p>– Horário de chegada da professora à sala de aula na entrada: Manhã às 8h e Tarde às 13h</p>								</div>
				</div>
					</div>
				</div>
				</div>
				</div>

<p>Normas de Convivência – Evitar conversas entre pais e professores na entrada e na saída das aulas; – Agendar previamente atendimento entre pais e professores no horário pré-estabelecido; – Saída dos alunos no período da aula deve ser comunicado na secretaria com antecedência por pessoa autorizada para retirada do aluno; – Dia do brinquedo: momento [&hellip;]</p>

<!-- This site is optimized with the Yoast SEO plugin v26.3 - https://yoast.com/wordpress/plugins/seo/ -->
<title>Normas de Convivência - Escola Nossa Senhora Aparecida | Rede ICM de Educação</title>
<meta name="robots" content="index, follow, max-snippet:-1, max-image-preview:large, max-video-preview:-1" />
<link rel="canonical" href="https://redeicm.org.br/aparecida/normas-de-convivencia/" />
<meta property="og:locale" content="pt_BR" />
<meta property="og:type" content="article" />
<meta property="og:title" content="Normas de Convivência - Escola Nossa Senhora Aparecida | Rede ICM de Educação" />
<meta property="og:description" content="Normas de Convivência – Evitar conversas entre pais e professores na entrada e na saída das aulas; – Agendar previamente atendimento entre pais e professores no horário pré-estabelecido; – Saída dos alunos no período da aula deve ser comunicado na secretaria com antecedência por pessoa autorizada para retirada do aluno; – Dia do brinquedo: momento [&hellip;]" />
<meta property="og:url" content="https://redeicm.org.br/aparecida/normas-de-convivencia/" />
<meta property="og:site_name" content="Escola Nossa Senhora Aparecida | Rede ICM de Educação" />
<meta property="article:modified_time" content="2024-08-15T17:28:31+00:00" />
<meta name="twitter:card" content="summary_large_image" />
<meta name="twitter:label1" content="Est. tempo de leitura" />
	<meta name="twitter:data1" content="1 minuto" />
<script type="application/ld+json" class="yoast-schema-graph">{"@context":"https://schema.org","@graph":[{"@type":"WebPage","@id":"https://redeicm.org.br/aparecida/normas-de-convivencia/","url":"https://redeicm.org.br/aparecida/normas-de-convivencia/","name":"Normas de Convivência - Escola Nossa Senhora Aparecida | Rede ICM de Educação","isPartOf":{"@id":"https://redeicm.org.br/aparecida/#website"},"datePublished":"2024-08-15T17:27:30+00:00","dateModified":"2024-08-15T17:28:31+00:00","breadcrumb":{"@id":"https://redeicm.org.br/aparecida/normas-de-convivencia/#breadcrumb"},"inLanguage":"pt-BR","potentialAction":[{"@type":"ReadAction","target":["https://redeicm.org.br/aparecida/normas-de-convivencia/"]}]},{"@type":"BreadcrumbList","@id":"https://redeicm.org.br/aparecida/normas-de-convivencia/#breadcrumb","itemListElement":[{"@type":"ListItem","position":1,"name":"Início","item":"https://redeicm.org.br/aparecida/"},{"@type":"ListItem","position":2,"name":"Normas de Convivência"}]},{"@type":"WebSite","@id":"https://redeicm.org.br/aparecida/#website","url":"https://redeicm.org.br/aparecida/","name":"Escola Nossa Senhora Aparecida | Rede ICM de Educação","description":"","publisher":{"@id":"https://redeicm.org.br/aparecida/#organization"},"potentialAction":[{"@type":"SearchAction","target":{"@type":"EntryPoint","urlTemplate":"https://redeicm.org.br/aparecida/?s={search_term_string}"},"query-input":{"@type":"PropertyValueSpecification","valueRequired":true,"valueName":"search_term_string"}}],"inLanguage":"pt-BR"},{"@type":"Organization","@id":"https://redeicm.org.br/aparecida/#organization","name":"Escola Nossa Senhora Aparecida | Rede ICM de Educação","url":"https://redeicm.org.br/aparecida/","logo":{"@type":"ImageObject","inLanguage":"pt-BR","@id":"https://redeicm.org.br/aparecida/#/schema/logo/image/","url":"https://redeicm.org.br/aparecida/wp-content/uploads/sites/4/2024/08/logo-aparecida-header4.png","contentUrl":"https://redeicm.org.br/aparecida/wp-content/uploads/sites/4/2024/08/logo-aparecida-header4.png","width":2735,"height":772,"caption":"Escola Nossa Senhora Aparecida | Rede ICM de Educação"},"image":{"@id":"https://redeicm.org.br/aparecida/#/schema/logo/image/"}}]}</script>
<!-- / Yoast SEO plugin. -->

Normas de Convivência - Escola Nossa Senhora Aparecida | Rede ICM de Educação

Normas de Convivência – Evitar conversas entre pais e professores na entrada e na saída das aulas; – Agendar previamente atendimento entre pais e professores no horário pré-estabelecido; – Saída dos alunos no período da aula deve ser comunicado na secretaria com antecedência por pessoa autorizada para retirada do aluno; – Dia do brinquedo: momento [&hellip;]

Escola Nossa Senhora Aparecida | Rede ICM de Educação

Início
