{"id":371,"date":"2024-08-15T14:20:43","date_gmt":"2024-08-15T17:20:43","guid":{"rendered":"https:\/\/redeicm.org.br\/aparecida\/?page_id=371"},"modified":"2024-08-15T14:21:49","modified_gmt":"2024-08-15T17:21:49","slug":"proposta-educacional","status":"publish","type":"page","link":"https:\/\/redeicm.org.br\/aparecida\/proposta-educacional\/","title":{"rendered":"Proposta Educacional"},"content":{"rendered":"\t\t<div data-elementor-type=\"wp-page\" data-elementor-id=\"371\" class=\"elementor elementor-371\" data-elementor-post-type=\"page\">\n\t\t\t\t<div class=\"elementor-element elementor-element-feb3b1e e-flex e-con-boxed e-con e-parent\" data-id=\"feb3b1e\" data-element_type=\"container\" data-e-type=\"container\" data-settings=\"{&quot;background_background&quot;:&quot;classic&quot;}\">\n\t\t\t\t\t<div class=\"e-con-inner\">\n\t\t\t\t<div class=\"elementor-element elementor-element-569340a elementor-widget elementor-widget-heading\" data-id=\"569340a\" data-element_type=\"widget\" data-e-type=\"widget\" data-widget_type=\"heading.default\">\n\t\t\t\t<div class=\"elementor-widget-container\">\n\t\t\t\t\t<h1 class=\"elementor-heading-title elementor-size-default\">Proposta Educacional<\/h1>\t\t\t\t<\/div>\n\t\t\t\t<\/div>\n\t\t\t\t\t<\/div>\n\t\t\t\t<\/div>\n\t\t<div class=\"elementor-element elementor-element-ee3392d e-con-full e-flex e-con e-parent\" data-id=\"ee3392d\" data-element_type=\"container\" data-e-type=\"container\">\n\t\t<div class=\"elementor-element elementor-element-b60e051 e-flex e-con-boxed e-con e-child\" data-id=\"b60e051\" data-element_type=\"container\" data-e-type=\"container\">\n\t\t\t\t\t<div class=\"e-con-inner\">\n\t\t\t\t<div class=\"elementor-element elementor-element-4dd29e2 elementor-invisible elementor-widget elementor-widget-text-editor\" data-id=\"4dd29e2\" data-element_type=\"widget\" data-e-type=\"widget\" data-settings=\"{&quot;_animation&quot;:&quot;fadeInUp&quot;}\" data-widget_type=\"text-editor.default\">\n\t\t\t\t<div class=\"elementor-widget-container\">\n\t\t\t\t\t\t\t\t\t<p>A Escola Nossa Senhora Aparecida, oferece\u00a0 uma educa\u00e7\u00e3o que incentiva e desenvolve os valores, a apropria\u00e7\u00e3o das compet\u00eancias e habilidades necess\u00e1rias para a participa\u00e7\u00e3o ativa, cr\u00edtica e \u00e9tica, favorecendo a constru\u00e7\u00e3o do conhecimento a servi\u00e7o do bem comum.<\/p><p>Assegura educa\u00e7\u00e3o de qualidade e inclusiva a todos os alunos.<\/p><p><strong>Educa\u00e7\u00e3o Infantil<\/strong>\u00a0\u2013 tem como finalidade o desenvolvimento integral da crian\u00e7a de at\u00e9 06 (seis) anos de idade, completando a a\u00e7\u00e3o da fam\u00edlia e da comunidade. Propicia a aquisi\u00e7\u00e3o do conhecimento, respeitando a especificidade da inf\u00e2ncia nos aspectos f\u00edsicos, psicol\u00f3gicos, intelectuais, sociais e cognitivos.<\/p><p><strong>Ensino Fundamental I:\u00a0<\/strong>tem por objetivo a forma\u00e7\u00e3o b\u00e1sica do cidad\u00e3o mediante o desenvolvimento da capacidade de aprender, proporcionando o pleno dom\u00ednio da leitura, da escrita e do c\u00e1lculo.<\/p>\t\t\t\t\t\t\t\t<\/div>\n\t\t\t\t<\/div>\n\t\t\t\t\t<\/div>\n\t\t\t\t<\/div>\n\t\t\t\t<\/div>\n\t\t\t\t<\/div>\n\t\t","protected":false},"excerpt":{"rendered":"<p>Proposta Educacional A Escola Nossa Senhora Aparecida, oferece\u00a0 uma educa\u00e7\u00e3o que incentiva e desenvolve os valores, a apropria\u00e7\u00e3o das compet\u00eancias e habilidades necess\u00e1rias para a participa\u00e7\u00e3o ativa, cr\u00edtica e \u00e9tica, favorecendo a constru\u00e7\u00e3o do conhecimento a servi\u00e7o do bem comum. Assegura educa\u00e7\u00e3o de qualidade e inclusiva a todos os alunos. Educa\u00e7\u00e3o Infantil\u00a0\u2013 tem como finalidade [&hellip;]<\/p>\n","protected":false},"author":1,"featured_media":0,"parent":0,"menu_order":0,"comment_status":"closed","ping_status":"closed","template":"","meta":{"_acf_changed":false,"footnotes":""},"class_list":["post-371","page","type-page","status-publish","hentry"],"acf":[],"yoast_head":"<!-- This site is optimized with the Yoast SEO plugin v26.3 - https:\/\/yoast.com\/wordpress\/plugins\/seo\/ -->\n<title>Proposta Educacional - Escola Nossa Senhora Aparecida | Rede ICM de Educa\u00e7\u00e3o<\/title>\n<meta name=\"robots\" content=\"index, follow, max-snippet:-1, max-image-preview:large, max-video-preview:-1\" \/>\n<link rel=\"canonical\" href=\"https:\/\/redeicm.org.br\/aparecida\/proposta-educacional\/\" \/>\n<meta property=\"og:locale\" content=\"pt_BR\" \/>\n<meta property=\"og:type\" content=\"article\" \/>\n<meta property=\"og:title\" content=\"Proposta Educacional - Escola Nossa Senhora Aparecida | Rede ICM de Educa\u00e7\u00e3o\" \/>\n<meta property=\"og:description\" content=\"Proposta Educacional A Escola Nossa Senhora Aparecida, oferece\u00a0 uma educa\u00e7\u00e3o que incentiva e desenvolve os valores, a apropria\u00e7\u00e3o das compet\u00eancias e habilidades necess\u00e1rias para a participa\u00e7\u00e3o ativa, cr\u00edtica e \u00e9tica, favorecendo a constru\u00e7\u00e3o do conhecimento a servi\u00e7o do bem comum. Assegura educa\u00e7\u00e3o de qualidade e inclusiva a todos os alunos. Educa\u00e7\u00e3o Infantil\u00a0\u2013 tem como finalidade [&hellip;]\" \/>\n<meta property=\"og:url\" content=\"https:\/\/redeicm.org.br\/aparecida\/proposta-educacional\/\" \/>\n<meta property=\"og:site_name\" content=\"Escola Nossa Senhora Aparecida | Rede ICM de Educa\u00e7\u00e3o\" \/>\n<meta property=\"article:modified_time\" content=\"2024-08-15T17:21:49+00:00\" \/>\n<meta name=\"twitter:card\" content=\"summary_large_image\" \/>\n<meta name=\"twitter:label1\" content=\"Est. tempo de leitura\" \/>\n\t<meta name=\"twitter:data1\" content=\"1 minuto\" \/>\n<script type=\"application\/ld+json\" class=\"yoast-schema-graph\">{\"@context\":\"https:\/\/schema.org\",\"@graph\":[{\"@type\":\"WebPage\",\"@id\":\"https:\/\/redeicm.org.br\/aparecida\/proposta-educacional\/\",\"url\":\"https:\/\/redeicm.org.br\/aparecida\/proposta-educacional\/\",\"name\":\"Proposta Educacional - Escola Nossa Senhora Aparecida | Rede ICM de Educa\u00e7\u00e3o\",\"isPartOf\":{\"@id\":\"https:\/\/redeicm.org.br\/aparecida\/#website\"},\"datePublished\":\"2024-08-15T17:20:43+00:00\",\"dateModified\":\"2024-08-15T17:21:49+00:00\",\"breadcrumb\":{\"@id\":\"https:\/\/redeicm.org.br\/aparecida\/proposta-educacional\/#breadcrumb\"},\"inLanguage\":\"pt-BR\",\"potentialAction\":[{\"@type\":\"ReadAction\",\"target\":[\"https:\/\/redeicm.org.br\/aparecida\/proposta-educacional\/\"]}]},{\"@type\":\"BreadcrumbList\",\"@id\":\"https:\/\/redeicm.org.br\/aparecida\/proposta-educacional\/#breadcrumb\",\"itemListElement\":[{\"@type\":\"ListItem\",\"position\":1,\"name\":\"In\u00edcio\",\"item\":\"https:\/\/redeicm.org.br\/aparecida\/\"},{\"@type\":\"ListItem\",\"position\":2,\"name\":\"Proposta Educacional\"}]},{\"@type\":\"WebSite\",\"@id\":\"https:\/\/redeicm.org.br\/aparecida\/#website\",\"url\":\"https:\/\/redeicm.org.br\/aparecida\/\",\"name\":\"Escola Nossa Senhora Aparecida | Rede ICM de Educa\u00e7\u00e3o\",\"description\":\"\",\"publisher\":{\"@id\":\"https:\/\/redeicm.org.br\/aparecida\/#organization\"},\"potentialAction\":[{\"@type\":\"SearchAction\",\"target\":{\"@type\":\"EntryPoint\",\"urlTemplate\":\"https:\/\/redeicm.org.br\/aparecida\/?s={search_term_string}\"},\"query-input\":{\"@type\":\"PropertyValueSpecification\",\"valueRequired\":true,\"valueName\":\"search_term_string\"}}],\"inLanguage\":\"pt-BR\"},{\"@type\":\"Organization\",\"@id\":\"https:\/\/redeicm.org.br\/aparecida\/#organization\",\"name\":\"Escola Nossa Senhora Aparecida | Rede ICM de Educa\u00e7\u00e3o\",\"url\":\"https:\/\/redeicm.org.br\/aparecida\/\",\"logo\":{\"@type\":\"ImageObject\",\"inLanguage\":\"pt-BR\",\"@id\":\"https:\/\/redeicm.org.br\/aparecida\/#\/schema\/logo\/image\/\",\"url\":\"https:\/\/redeicm.org.br\/aparecida\/wp-content\/uploads\/sites\/4\/2024\/08\/logo-aparecida-header4.png\",\"contentUrl\":\"https:\/\/redeicm.org.br\/aparecida\/wp-content\/uploads\/sites\/4\/2024\/08\/logo-aparecida-header4.png\",\"width\":2735,\"height\":772,\"caption\":\"Escola Nossa Senhora Aparecida | Rede ICM de Educa\u00e7\u00e3o\"},\"image\":{\"@id\":\"https:\/\/redeicm.org.br\/aparecida\/#\/schema\/logo\/image\/\"}}]}<\/script>\n<!-- \/ Yoast SEO plugin. -->","yoast_head_json":{"title":"Proposta Educacional - Escola Nossa Senhora Aparecida | Rede ICM de Educa\u00e7\u00e3o","robots":{"index":"index","follow":"follow","max-snippet":"max-snippet:-1","max-image-preview":"max-image-preview:large","max-video-preview":"max-video-preview:-1"},"canonical":"https:\/\/redeicm.org.br\/aparecida\/proposta-educacional\/","og_locale":"pt_BR","og_type":"article","og_title":"Proposta Educacional - Escola Nossa Senhora Aparecida | Rede ICM de Educa\u00e7\u00e3o","og_description":"Proposta Educacional A Escola Nossa Senhora Aparecida, oferece\u00a0 uma educa\u00e7\u00e3o que incentiva e desenvolve os valores, a apropria\u00e7\u00e3o das compet\u00eancias e habilidades necess\u00e1rias para a participa\u00e7\u00e3o ativa, cr\u00edtica e \u00e9tica, favorecendo a constru\u00e7\u00e3o do conhecimento a servi\u00e7o do bem comum. Assegura educa\u00e7\u00e3o de qualidade e inclusiva a todos os alunos. Educa\u00e7\u00e3o Infantil\u00a0\u2013 tem como finalidade [&hellip;]","og_url":"https:\/\/redeicm.org.br\/aparecida\/proposta-educacional\/","og_site_name":"Escola Nossa Senhora Aparecida | Rede ICM de Educa\u00e7\u00e3o","article_modified_time":"2024-08-15T17:21:49+00:00","twitter_card":"summary_large_image","twitter_misc":{"Est. tempo de leitura":"1 minuto"},"schema":{"@context":"https:\/\/schema.org","@graph":[{"@type":"WebPage","@id":"https:\/\/redeicm.org.br\/aparecida\/proposta-educacional\/","url":"https:\/\/redeicm.org.br\/aparecida\/proposta-educacional\/","name":"Proposta Educacional - Escola Nossa Senhora Aparecida | Rede ICM de Educa\u00e7\u00e3o","isPartOf":{"@id":"https:\/\/redeicm.org.br\/aparecida\/#website"},"datePublished":"2024-08-15T17:20:43+00:00","dateModified":"2024-08-15T17:21:49+00:00","breadcrumb":{"@id":"https:\/\/redeicm.org.br\/aparecida\/proposta-educacional\/#breadcrumb"},"inLanguage":"pt-BR","potentialAction":[{"@type":"ReadAction","target":["https:\/\/redeicm.org.br\/aparecida\/proposta-educacional\/"]}]},{"@type":"BreadcrumbList","@id":"https:\/\/redeicm.org.br\/aparecida\/proposta-educacional\/#breadcrumb","itemListElement":[{"@type":"ListItem","position":1,"name":"In\u00edcio","item":"https:\/\/redeicm.org.br\/aparecida\/"},{"@type":"ListItem","position":2,"name":"Proposta Educacional"}]},{"@type":"WebSite","@id":"https:\/\/redeicm.org.br\/aparecida\/#website","url":"https:\/\/redeicm.org.br\/aparecida\/","name":"Escola Nossa Senhora Aparecida | Rede ICM de Educa\u00e7\u00e3o","description":"","publisher":{"@id":"https:\/\/redeicm.org.br\/aparecida\/#organization"},"potentialAction":[{"@type":"SearchAction","target":{"@type":"EntryPoint","urlTemplate":"https:\/\/redeicm.org.br\/aparecida\/?s={search_term_string}"},"query-input":{"@type":"PropertyValueSpecification","valueRequired":true,"valueName":"search_term_string"}}],"inLanguage":"pt-BR"},{"@type":"Organization","@id":"https:\/\/redeicm.org.br\/aparecida\/#organization","name":"Escola Nossa Senhora Aparecida | Rede ICM de Educa\u00e7\u00e3o","url":"https:\/\/redeicm.org.br\/aparecida\/","logo":{"@type":"ImageObject","inLanguage":"pt-BR","@id":"https:\/\/redeicm.org.br\/aparecida\/#\/schema\/logo\/image\/","url":"https:\/\/redeicm.org.br\/aparecida\/wp-content\/uploads\/sites\/4\/2024\/08\/logo-aparecida-header4.png","contentUrl":"https:\/\/redeicm.org.br\/aparecida\/wp-content\/uploads\/sites\/4\/2024\/08\/logo-aparecida-header4.png","width":2735,"height":772,"caption":"Escola Nossa Senhora Aparecida | Rede ICM de Educa\u00e7\u00e3o"},"image":{"@id":"https:\/\/redeicm.org.br\/aparecida\/#\/schema\/logo\/image\/"}}]}},"_links":{"self":[{"href":"https:\/\/redeicm.org.br\/aparecida\/wp-json\/wp\/v2\/pages\/371","targetHints":{"allow":["GET"]}}],"collection":[{"href":"https:\/\/redeicm.org.br\/aparecida\/wp-json\/wp\/v2\/pages"}],"about":[{"href":"https:\/\/redeicm.org.br\/aparecida\/wp-json\/wp\/v2\/types\/page"}],"author":[{"embeddable":true,"href":"https:\/\/redeicm.org.br\/aparecida\/wp-json\/wp\/v2\/users\/1"}],"replies":[{"embeddable":true,"href":"https:\/\/redeicm.org.br\/aparecida\/wp-json\/wp\/v2\/comments?post=371"}],"version-history":[{"count":0,"href":"https:\/\/redeicm.org.br\/aparecida\/wp-json\/wp\/v2\/pages\/371\/revisions"}],"wp:attachment":[{"href":"https:\/\/redeicm.org.br\/aparecida\/wp-json\/wp\/v2\/media?parent=371"}],"curies":[{"name":"wp","href":"https:\/\/api.w.org\/{rel}","templated":true}]}}

<div data-elementor-type="wp-page" data-elementor-id="371" class="elementor elementor-371" data-elementor-post-type="page">
				<div class="elementor-element elementor-element-feb3b1e e-flex e-con-boxed e-con e-parent" data-id="feb3b1e" data-element_type="container" data-e-type="container" data-settings="{&quot;background_background&quot;:&quot;classic&quot;}">
					<div class="e-con-inner">
				<div class="elementor-element elementor-element-569340a elementor-widget elementor-widget-heading" data-id="569340a" data-element_type="widget" data-e-type="widget" data-widget_type="heading.default">
				<div class="elementor-widget-container">
					<h1 class="elementor-heading-title elementor-size-default">Proposta Educacional</h1>				</div>
				</div>
					</div>
				</div>
		<div class="elementor-element elementor-element-ee3392d e-con-full e-flex e-con e-parent" data-id="ee3392d" data-element_type="container" data-e-type="container">
		<div class="elementor-element elementor-element-b60e051 e-flex e-con-boxed e-con e-child" data-id="b60e051" data-element_type="container" data-e-type="container">
					<div class="e-con-inner">
				<div class="elementor-element elementor-element-4dd29e2 elementor-invisible elementor-widget elementor-widget-text-editor" data-id="4dd29e2" data-element_type="widget" data-e-type="widget" data-settings="{&quot;_animation&quot;:&quot;fadeInUp&quot;}" data-widget_type="text-editor.default">
				<div class="elementor-widget-container">
									<p>A Escola Nossa Senhora Aparecida, oferece  uma educação que incentiva e desenvolve os valores, a apropriação das competências e habilidades necessárias para a participação ativa, crítica e ética, favorecendo a construção do conhecimento a serviço do bem comum.</p><p>Assegura educação de qualidade e inclusiva a todos os alunos.</p><p><strong>Educação Infantil</strong> – tem como finalidade o desenvolvimento integral da criança de até 06 (seis) anos de idade, completando a ação da família e da comunidade. Propicia a aquisição do conhecimento, respeitando a especificidade da infância nos aspectos físicos, psicológicos, intelectuais, sociais e cognitivos.</p><p><strong>Ensino Fundamental I: </strong>tem por objetivo a formação básica do cidadão mediante o desenvolvimento da capacidade de aprender, proporcionando o pleno domínio da leitura, da escrita e do cálculo.</p>								</div>
				</div>
					</div>
				</div>
				</div>
				</div>

<p>Proposta Educacional A Escola Nossa Senhora Aparecida, oferece  uma educação que incentiva e desenvolve os valores, a apropriação das competências e habilidades necessárias para a participação ativa, crítica e ética, favorecendo a construção do conhecimento a serviço do bem comum. Assegura educação de qualidade e inclusiva a todos os alunos. Educação Infantil – tem como finalidade [&hellip;]</p>

<!-- This site is optimized with the Yoast SEO plugin v26.3 - https://yoast.com/wordpress/plugins/seo/ -->
<title>Proposta Educacional - Escola Nossa Senhora Aparecida | Rede ICM de Educação</title>
<meta name="robots" content="index, follow, max-snippet:-1, max-image-preview:large, max-video-preview:-1" />
<link rel="canonical" href="https://redeicm.org.br/aparecida/proposta-educacional/" />
<meta property="og:locale" content="pt_BR" />
<meta property="og:type" content="article" />
<meta property="og:title" content="Proposta Educacional - Escola Nossa Senhora Aparecida | Rede ICM de Educação" />
<meta property="og:description" content="Proposta Educacional A Escola Nossa Senhora Aparecida, oferece  uma educação que incentiva e desenvolve os valores, a apropriação das competências e habilidades necessárias para a participação ativa, crítica e ética, favorecendo a construção do conhecimento a serviço do bem comum. Assegura educação de qualidade e inclusiva a todos os alunos. Educação Infantil – tem como finalidade [&hellip;]" />
<meta property="og:url" content="https://redeicm.org.br/aparecida/proposta-educacional/" />
<meta property="og:site_name" content="Escola Nossa Senhora Aparecida | Rede ICM de Educação" />
<meta property="article:modified_time" content="2024-08-15T17:21:49+00:00" />
<meta name="twitter:card" content="summary_large_image" />
<meta name="twitter:label1" content="Est. tempo de leitura" />
	<meta name="twitter:data1" content="1 minuto" />
<script type="application/ld+json" class="yoast-schema-graph">{"@context":"https://schema.org","@graph":[{"@type":"WebPage","@id":"https://redeicm.org.br/aparecida/proposta-educacional/","url":"https://redeicm.org.br/aparecida/proposta-educacional/","name":"Proposta Educacional - Escola Nossa Senhora Aparecida | Rede ICM de Educação","isPartOf":{"@id":"https://redeicm.org.br/aparecida/#website"},"datePublished":"2024-08-15T17:20:43+00:00","dateModified":"2024-08-15T17:21:49+00:00","breadcrumb":{"@id":"https://redeicm.org.br/aparecida/proposta-educacional/#breadcrumb"},"inLanguage":"pt-BR","potentialAction":[{"@type":"ReadAction","target":["https://redeicm.org.br/aparecida/proposta-educacional/"]}]},{"@type":"BreadcrumbList","@id":"https://redeicm.org.br/aparecida/proposta-educacional/#breadcrumb","itemListElement":[{"@type":"ListItem","position":1,"name":"Início","item":"https://redeicm.org.br/aparecida/"},{"@type":"ListItem","position":2,"name":"Proposta Educacional"}]},{"@type":"WebSite","@id":"https://redeicm.org.br/aparecida/#website","url":"https://redeicm.org.br/aparecida/","name":"Escola Nossa Senhora Aparecida | Rede ICM de Educação","description":"","publisher":{"@id":"https://redeicm.org.br/aparecida/#organization"},"potentialAction":[{"@type":"SearchAction","target":{"@type":"EntryPoint","urlTemplate":"https://redeicm.org.br/aparecida/?s={search_term_string}"},"query-input":{"@type":"PropertyValueSpecification","valueRequired":true,"valueName":"search_term_string"}}],"inLanguage":"pt-BR"},{"@type":"Organization","@id":"https://redeicm.org.br/aparecida/#organization","name":"Escola Nossa Senhora Aparecida | Rede ICM de Educação","url":"https://redeicm.org.br/aparecida/","logo":{"@type":"ImageObject","inLanguage":"pt-BR","@id":"https://redeicm.org.br/aparecida/#/schema/logo/image/","url":"https://redeicm.org.br/aparecida/wp-content/uploads/sites/4/2024/08/logo-aparecida-header4.png","contentUrl":"https://redeicm.org.br/aparecida/wp-content/uploads/sites/4/2024/08/logo-aparecida-header4.png","width":2735,"height":772,"caption":"Escola Nossa Senhora Aparecida | Rede ICM de Educação"},"image":{"@id":"https://redeicm.org.br/aparecida/#/schema/logo/image/"}}]}</script>
<!-- / Yoast SEO plugin. -->

Proposta Educacional - Escola Nossa Senhora Aparecida | Rede ICM de Educação

Proposta Educacional A Escola Nossa Senhora Aparecida, oferece  uma educação que incentiva e desenvolve os valores, a apropriação das competências e habilidades necessárias para a participação ativa, crítica e ética, favorecendo a construção do conhecimento a serviço do bem comum. Assegura educação de qualidade e inclusiva a todos os alunos. Educação Infantil – tem como finalidade [&hellip;]

Escola Nossa Senhora Aparecida | Rede ICM de Educação

Início
